{"id":603,"date":"2016-10-11T10:31:15","date_gmt":"2016-10-11T13:31:15","guid":{"rendered":"https:\/\/wp.ufpel.edu.br\/camaradeextensaoca\/?page_id=603"},"modified":"2017-05-26T11:11:08","modified_gmt":"2017-05-26T14:11:08","slug":"o-photographein-vai-a-escola","status":"publish","type":"page","link":"https:\/\/wp.ufpel.edu.br\/camaradeextensaoca\/cursos\/artes-visuais\/o-photographein-vai-a-escola\/","title":{"rendered":"O Photographein vai \u00e0 escola"},"content":{"rendered":"<p>Nome do projeto: O Photographein vai \u00e0 escola<\/p>\n<p>C\u00f3digo: 51902152<\/p>\n<p>Resumo do projeto: Proporcionar aos estudantes do ensino m\u00e9dio a constru\u00e7\u00e3o de conhecimentos no campo de Artes Visuais, tendo como tema propulsor uma pr\u00e1tica de produ\u00e7\u00e3o de imagens comum a todos eles a fotografia -, utilizando-a como recurso amplificador do olhar sens\u00edvel e cr\u00edtico sobre o cotidiano. Espec\u00edficos: Instigar a reflex\u00e3o cr\u00edtica dos estudantes, estimulando a imagina\u00e7\u00e3o e a criatividade; \u00a0Discutir quest\u00f5es relativas \u00e0 pr\u00e1tica fotogr\u00e1fica sua hist\u00f3ria, utiliza\u00e7\u00e3o social, processos fotogr\u00e1ficos, etc.; Aprofundar conhecimentos sobre a Fotografia da Lata; \u00a0Possibilitar a confec\u00e7\u00e3o de c\u00e2meras artesanais a partir de latas de sardinha, estimulando a utiliza\u00e7\u00e3o de materiais alternativos\/recicl\u00e1veis; \u00a0Discutir a fotografia como recurso e meio para uma educa\u00e7\u00e3o mais cr\u00edtica, j\u00e1 que ela possibilita a aproxima\u00e7\u00e3o do Outro ao nosso pr\u00f3prio olhar, e a produ\u00e7\u00e3o de provoca\u00e7\u00f5es e reflex\u00f5es; Estimular a educa\u00e7\u00e3o do olhar e a educa\u00e7\u00e3o patrimonial, contribuindo para aproximar os olhares da cidade representada, numa intera\u00e7\u00e3o que se d\u00e1 atrav\u00e9s da comunica\u00e7\u00e3o em suas m\u00faltiplas possibilidades; \u00a0Oportunizar ao grupo momentos de frui\u00e7\u00e3o de arte; Instigar a reflex\u00e3o acerca da produ\u00e7\u00e3o de imagens na contemporaneidade; \u00a0Discutir sobre os resultados est\u00e9ticos de suas produ\u00e7\u00f5es, questionando o belo na sociedade contempor\u00e2nea e suas (re)significa\u00e7\u00f5es no campo das Artes Visuais; \u00a0Ter como resultado um exposi\u00e7\u00e3o fotogr\u00e1fica das imagens obtidas pelos estudantes; \u00a0Aproximar os licenciandos pesquisadores da realidade escolar, relacionando significativamente ensino, pesquisa e extens\u00e3o.<\/p>\n<p>&nbsp;<\/p>\n<p>Professor respons\u00e1vel: Claudia Mariza Mattos Brandao<\/p>\n","protected":false},"excerpt":{"rendered":"<p>Nome do projeto: O Photographein vai \u00e0 escola C\u00f3digo: 51902152 Resumo do projeto: Proporcionar aos estudantes do ensino m\u00e9dio a constru\u00e7\u00e3o de conhecimentos no campo de Artes Visuais, tendo como tema propulsor uma pr\u00e1tica de produ\u00e7\u00e3o de imagens comum a todos eles a fotografia -, utilizando-a como recurso amplificador do olhar sens\u00edvel e cr\u00edtico sobre&#8230; <\/p>\n<div class=\"link-more\"><a href=\"https:\/\/wp.ufpel.edu.br\/camaradeextensaoca\/cursos\/artes-visuais\/o-photographein-vai-a-escola\/\">Leia mais<\/a><\/div>\n","protected":false},"author":647,"featured_media":0,"parent":113,"menu_order":0,"comment_status":"closed","ping_status":"closed","template":"","meta":{"jetpack_post_was_ever_published":false,"footnotes":""},"class_list":["post-603","page","type-page","status-publish","hentry"],"jetpack_sharing_enabled":true,"jetpack_shortlink":"https:\/\/wp.me\/P8nTsJ-9J","_links":{"self":[{"href":"https:\/\/wp.ufpel.edu.br\/camaradeextensaoca\/wp-json\/wp\/v2\/pages\/603","targetHints":{"allow":["GET"]}}],"collection":[{"href":"https:\/\/wp.ufpel.edu.br\/camaradeextensaoca\/wp-json\/wp\/v2\/pages"}],"about":[{"href":"https:\/\/wp.ufpel.edu.br\/camaradeextensaoca\/wp-json\/wp\/v2\/types\/page"}],"author":[{"embeddable":true,"href":"https:\/\/wp.ufpel.edu.br\/camaradeextensaoca\/wp-json\/wp\/v2\/users\/647"}],"replies":[{"embeddable":true,"href":"https:\/\/wp.ufpel.edu.br\/camaradeextensaoca\/wp-json\/wp\/v2\/comments?post=603"}],"version-history":[{"count":2,"href":"https:\/\/wp.ufpel.edu.br\/camaradeextensaoca\/wp-json\/wp\/v2\/pages\/603\/revisions"}],"predecessor-version":[{"id":1065,"href":"https:\/\/wp.ufpel.edu.br\/camaradeextensaoca\/wp-json\/wp\/v2\/pages\/603\/revisions\/1065"}],"up":[{"embeddable":true,"href":"https:\/\/wp.ufpel.edu.br\/camaradeextensaoca\/wp-json\/wp\/v2\/pages\/113"}],"wp:attachment":[{"href":"https:\/\/wp.ufpel.edu.br\/camaradeextensaoca\/wp-json\/wp\/v2\/media?parent=603"}],"curies":[{"name":"wp","href":"https:\/\/api.w.org\/{rel}","templated":true}]}}