{"id":588,"date":"2016-10-07T15:19:36","date_gmt":"2016-10-07T18:19:36","guid":{"rendered":"https:\/\/wp.ufpel.edu.br\/camaradeextensaoca\/?page_id=588"},"modified":"2016-10-13T11:17:29","modified_gmt":"2016-10-13T14:17:29","slug":"v-seminario-de-pesquisa-do-mestrado-em-artes-visuais-circuitos-e-tangencias-na-arte-contemporanea","status":"publish","type":"page","link":"https:\/\/wp.ufpel.edu.br\/camaradeextensaoca\/curso-artes-visuais-licenciatura\/v-seminario-de-pesquisa-do-mestrado-em-artes-visuais-circuitos-e-tangencias-na-arte-contemporanea\/","title":{"rendered":"V SEMIN\u00c1RIO DE PESQUISA DO MESTRADO EM ARTES VISUAIS: circuitos e tangencias na arte contempor\u00e2nea"},"content":{"rendered":"<p>Nome do projeto: V SEMIN\u00c1RIO DE PESQUISA DO MESTRADO EM ARTES VISUAIS: circuitos e tangencias na arte contempor\u00e2nea<\/p>\n<p>C\u00f3digo: 51551096<\/p>\n<p>Resumo do projeto: Objetivo Geral: Divulgar experi\u00eancias e pesquisas desenvolvidas ou em desenvolvimento nas linhas de po\u00e9ticas e ensino da arte Objetivos espec\u00edficos: fomentar o debate e o interc\u00e2mbio entre comunidades de pesquisadores da p\u00f3s-gradua\u00e7\u00e3o, gradua\u00e7\u00e3o e da comunidade em geral. Promover o encontro com artistas, docentes e pesquisadores cujos processos e a\u00e7\u00f5es perpassam o ensino, a pesquisa e a extens\u00e3o de forma integrada. Realizar a aula magna da quinta turma do PPGAV aberta para a comunidade em geral Registrar e Publicar resultados do evento em anais, peri\u00f3dicos e relat\u00f3rios t\u00e9cnicos<\/p>\n<p>Professor respons\u00e1vel: Nadia da Cruz Senna<\/p>\n<p>&nbsp;<\/p>\n","protected":false},"excerpt":{"rendered":"<p>Nome do projeto: V SEMIN\u00c1RIO DE PESQUISA DO MESTRADO EM ARTES VISUAIS: circuitos e tangencias na arte contempor\u00e2nea C\u00f3digo: 51551096 Resumo do projeto: Objetivo Geral: Divulgar experi\u00eancias e pesquisas desenvolvidas ou em desenvolvimento nas linhas de po\u00e9ticas e ensino da arte Objetivos espec\u00edficos: fomentar o debate e o interc\u00e2mbio entre comunidades de pesquisadores da p\u00f3s-gradua\u00e7\u00e3o,&#8230; <\/p>\n<div class=\"link-more\"><a href=\"https:\/\/wp.ufpel.edu.br\/camaradeextensaoca\/curso-artes-visuais-licenciatura\/v-seminario-de-pesquisa-do-mestrado-em-artes-visuais-circuitos-e-tangencias-na-arte-contemporanea\/\">Leia mais<\/a><\/div>\n","protected":false},"author":647,"featured_media":0,"parent":214,"menu_order":0,"comment_status":"closed","ping_status":"closed","template":"","meta":{"jetpack_post_was_ever_published":false,"footnotes":""},"class_list":["post-588","page","type-page","status-publish","hentry"],"jetpack_sharing_enabled":true,"jetpack_shortlink":"https:\/\/wp.me\/P8nTsJ-9u","_links":{"self":[{"href":"https:\/\/wp.ufpel.edu.br\/camaradeextensaoca\/wp-json\/wp\/v2\/pages\/588","targetHints":{"allow":["GET"]}}],"collection":[{"href":"https:\/\/wp.ufpel.edu.br\/camaradeextensaoca\/wp-json\/wp\/v2\/pages"}],"about":[{"href":"https:\/\/wp.ufpel.edu.br\/camaradeextensaoca\/wp-json\/wp\/v2\/types\/page"}],"author":[{"embeddable":true,"href":"https:\/\/wp.ufpel.edu.br\/camaradeextensaoca\/wp-json\/wp\/v2\/users\/647"}],"replies":[{"embeddable":true,"href":"https:\/\/wp.ufpel.edu.br\/camaradeextensaoca\/wp-json\/wp\/v2\/comments?post=588"}],"version-history":[{"count":2,"href":"https:\/\/wp.ufpel.edu.br\/camaradeextensaoca\/wp-json\/wp\/v2\/pages\/588\/revisions"}],"predecessor-version":[{"id":779,"href":"https:\/\/wp.ufpel.edu.br\/camaradeextensaoca\/wp-json\/wp\/v2\/pages\/588\/revisions\/779"}],"up":[{"embeddable":true,"href":"https:\/\/wp.ufpel.edu.br\/camaradeextensaoca\/wp-json\/wp\/v2\/pages\/214"}],"wp:attachment":[{"href":"https:\/\/wp.ufpel.edu.br\/camaradeextensaoca\/wp-json\/wp\/v2\/media?parent=588"}],"curies":[{"name":"wp","href":"https:\/\/api.w.org\/{rel}","templated":true}]}}