{"id":553,"date":"2016-09-15T11:47:49","date_gmt":"2016-09-15T14:47:49","guid":{"rendered":"https:\/\/wp.ufpel.edu.br\/camaradeextensaoca\/?page_id=553"},"modified":"2016-09-15T11:49:09","modified_gmt":"2016-09-15T14:49:09","slug":"pratique-yoga","status":"publish","type":"page","link":"https:\/\/wp.ufpel.edu.br\/camaradeextensaoca\/cursos\/musica\/pratique-yoga\/","title":{"rendered":"PRATIQUE YOGA"},"content":{"rendered":"<p>Nome do projeto: PRATIQUE YOGA<\/p>\n<p>C\u00f3digo: 51557026<\/p>\n<p>Resumo do projeto: Proporcionar a comunidade em geral aulas gratuitas de Yoga. Desenvolver um elo corporal ativo partindo do yoga como mola propulsora de aprendizado \u00e0 comunidade. Utilizar pr\u00e1ticas de yoga para o desenvolvimento corporal. Transformar o corpo e a mente experienciando e investigando a si pr\u00f3prio e ao outro. Fornecer t\u00e9cnicas meditativas para auxiliar em processos de concentra\u00e7\u00e3o e aliviar o stress.<\/p>\n<p>Professor respons\u00e1vel: Ney Roberto Vattimo Bruck<\/p>\n<p>Email: neybruck@gmail.com<\/p>\n","protected":false},"excerpt":{"rendered":"<p>Nome do projeto: PRATIQUE YOGA C\u00f3digo: 51557026 Resumo do projeto: Proporcionar a comunidade em geral aulas gratuitas de Yoga. Desenvolver um elo corporal ativo partindo do yoga como mola propulsora de aprendizado \u00e0 comunidade. Utilizar pr\u00e1ticas de yoga para o desenvolvimento corporal. Transformar o corpo e a mente experienciando e investigando a si pr\u00f3prio e&#8230; <\/p>\n<div class=\"link-more\"><a href=\"https:\/\/wp.ufpel.edu.br\/camaradeextensaoca\/cursos\/musica\/pratique-yoga\/\">Leia mais<\/a><\/div>\n","protected":false},"author":647,"featured_media":0,"parent":18,"menu_order":0,"comment_status":"closed","ping_status":"closed","template":"","meta":{"jetpack_post_was_ever_published":false,"footnotes":""},"class_list":["post-553","page","type-page","status-publish","hentry"],"jetpack_sharing_enabled":true,"jetpack_shortlink":"https:\/\/wp.me\/P8nTsJ-8V","_links":{"self":[{"href":"https:\/\/wp.ufpel.edu.br\/camaradeextensaoca\/wp-json\/wp\/v2\/pages\/553","targetHints":{"allow":["GET"]}}],"collection":[{"href":"https:\/\/wp.ufpel.edu.br\/camaradeextensaoca\/wp-json\/wp\/v2\/pages"}],"about":[{"href":"https:\/\/wp.ufpel.edu.br\/camaradeextensaoca\/wp-json\/wp\/v2\/types\/page"}],"author":[{"embeddable":true,"href":"https:\/\/wp.ufpel.edu.br\/camaradeextensaoca\/wp-json\/wp\/v2\/users\/647"}],"replies":[{"embeddable":true,"href":"https:\/\/wp.ufpel.edu.br\/camaradeextensaoca\/wp-json\/wp\/v2\/comments?post=553"}],"version-history":[{"count":1,"href":"https:\/\/wp.ufpel.edu.br\/camaradeextensaoca\/wp-json\/wp\/v2\/pages\/553\/revisions"}],"predecessor-version":[{"id":556,"href":"https:\/\/wp.ufpel.edu.br\/camaradeextensaoca\/wp-json\/wp\/v2\/pages\/553\/revisions\/556"}],"up":[{"embeddable":true,"href":"https:\/\/wp.ufpel.edu.br\/camaradeextensaoca\/wp-json\/wp\/v2\/pages\/18"}],"wp:attachment":[{"href":"https:\/\/wp.ufpel.edu.br\/camaradeextensaoca\/wp-json\/wp\/v2\/media?parent=553"}],"curies":[{"name":"wp","href":"https:\/\/api.w.org\/{rel}","templated":true}]}}

<p>Nome do projeto: PRATIQUE YOGA</p>
<p>Código: 51557026</p>
<p>Resumo do projeto: Proporcionar a comunidade em geral aulas gratuitas de Yoga. Desenvolver um elo corporal ativo partindo do yoga como mola propulsora de aprendizado à comunidade. Utilizar práticas de yoga para o desenvolvimento corporal. Transformar o corpo e a mente experienciando e investigando a si próprio e ao outro. Fornecer técnicas meditativas para auxiliar em processos de concentração e aliviar o stress.</p>
<p>Professor responsável: Ney Roberto Vattimo Bruck</p>
<p>Email: neybruck@gmail.com</p>

<p>Nome do projeto: PRATIQUE YOGA Código: 51557026 Resumo do projeto: Proporcionar a comunidade em geral aulas gratuitas de Yoga. Desenvolver um elo corporal ativo partindo do yoga como mola propulsora de aprendizado à comunidade. Utilizar práticas de yoga para o desenvolvimento corporal. Transformar o corpo e a mente experienciando e investigando a si próprio e&#8230; </p>
<div class="link-more"><a href="https://wp.ufpel.edu.br/camaradeextensaoca/cursos/musica/pratique-yoga/">Leia mais</a></div>
