{"id":525,"date":"2016-09-15T11:08:21","date_gmt":"2016-09-15T14:08:21","guid":{"rendered":"https:\/\/wp.ufpel.edu.br\/camaradeextensaoca\/?page_id=525"},"modified":"2016-10-13T11:24:47","modified_gmt":"2016-10-13T14:24:47","slug":"a-carne-da-imagem","status":"publish","type":"page","link":"https:\/\/wp.ufpel.edu.br\/camaradeextensaoca\/cursos\/cinema\/a-carne-da-imagem\/","title":{"rendered":"A carne da imagem"},"content":{"rendered":"<p>Nome do projeto: A carne da imagem<\/p>\n<p>C\u00f3digo: 51902143<\/p>\n<p>Resumo do projeto: Realizar discuss\u00f5es e instaurar produ\u00e7\u00f5es pr\u00e1ticas que visem um aprofundamento sint\u00e1tico, sem\u00e2ntico e conceitual da produ\u00e7\u00e3o de imagens no campo da fotografia anal\u00f3gica.<\/p>\n<p>Objetivos Espec\u00edficos :Resgatar historicamente o percurso t\u00e9cnico da fotografia anal\u00f3gica ao longo do s\u00e9culo XX; Analisar o processo qu\u00edmico de forma\u00e7\u00e3o da imagem na pel\u00edcula fotogr\u00e1fica; Proporcionar a experi\u00eancia com diferentes processos de revela\u00e7\u00e3o qu\u00edmica da pel\u00edcula fotogr\u00e1fica; Produzir imagens fotogr\u00e1ficas a partir destas experi\u00eancias e suscitar discuss\u00f5es e reflex\u00f5es acerca da constru\u00e7\u00e3o deste tipo de imagem, de sua superf\u00edcie, de suas particularidades e especificidades visuais; Debater sobre as implica\u00e7\u00f5es do uso deste meio espec\u00edfico como meio de produ\u00e7\u00e3o de uma experi\u00eancia visual;<\/p>\n<p>Professor respons\u00e1vel: Claudia Mariza Mattos Brandao<\/p>\n","protected":false},"excerpt":{"rendered":"<p>Nome do projeto: A carne da imagem C\u00f3digo: 51902143 Resumo do projeto: Realizar discuss\u00f5es e instaurar produ\u00e7\u00f5es pr\u00e1ticas que visem um aprofundamento sint\u00e1tico, sem\u00e2ntico e conceitual da produ\u00e7\u00e3o de imagens no campo da fotografia anal\u00f3gica. Objetivos Espec\u00edficos :Resgatar historicamente o percurso t\u00e9cnico da fotografia anal\u00f3gica ao longo do s\u00e9culo XX; Analisar o processo qu\u00edmico de&#8230; <\/p>\n<div class=\"link-more\"><a href=\"https:\/\/wp.ufpel.edu.br\/camaradeextensaoca\/cursos\/cinema\/a-carne-da-imagem\/\">Leia mais<\/a><\/div>\n","protected":false},"author":647,"featured_media":0,"parent":9,"menu_order":0,"comment_status":"closed","ping_status":"closed","template":"","meta":{"jetpack_post_was_ever_published":false,"footnotes":""},"class_list":["post-525","page","type-page","status-publish","hentry"],"jetpack_sharing_enabled":true,"jetpack_shortlink":"https:\/\/wp.me\/P8nTsJ-8t","_links":{"self":[{"href":"https:\/\/wp.ufpel.edu.br\/camaradeextensaoca\/wp-json\/wp\/v2\/pages\/525","targetHints":{"allow":["GET"]}}],"collection":[{"href":"https:\/\/wp.ufpel.edu.br\/camaradeextensaoca\/wp-json\/wp\/v2\/pages"}],"about":[{"href":"https:\/\/wp.ufpel.edu.br\/camaradeextensaoca\/wp-json\/wp\/v2\/types\/page"}],"author":[{"embeddable":true,"href":"https:\/\/wp.ufpel.edu.br\/camaradeextensaoca\/wp-json\/wp\/v2\/users\/647"}],"replies":[{"embeddable":true,"href":"https:\/\/wp.ufpel.edu.br\/camaradeextensaoca\/wp-json\/wp\/v2\/comments?post=525"}],"version-history":[{"count":2,"href":"https:\/\/wp.ufpel.edu.br\/camaradeextensaoca\/wp-json\/wp\/v2\/pages\/525\/revisions"}],"predecessor-version":[{"id":798,"href":"https:\/\/wp.ufpel.edu.br\/camaradeextensaoca\/wp-json\/wp\/v2\/pages\/525\/revisions\/798"}],"up":[{"embeddable":true,"href":"https:\/\/wp.ufpel.edu.br\/camaradeextensaoca\/wp-json\/wp\/v2\/pages\/9"}],"wp:attachment":[{"href":"https:\/\/wp.ufpel.edu.br\/camaradeextensaoca\/wp-json\/wp\/v2\/media?parent=525"}],"curies":[{"name":"wp","href":"https:\/\/api.w.org\/{rel}","templated":true}]}}