{"id":498,"date":"2016-09-14T11:54:42","date_gmt":"2016-09-14T14:54:42","guid":{"rendered":"https:\/\/wp.ufpel.edu.br\/camaradeextensaoca\/?page_id=498"},"modified":"2016-10-13T10:28:02","modified_gmt":"2016-10-13T13:28:02","slug":"acoes-culturais-junto-ao-shopping-pelotas","status":"publish","type":"page","link":"https:\/\/wp.ufpel.edu.br\/camaradeextensaoca\/curso-artes-visuais-licenciatura\/acoes-culturais-junto-ao-shopping-pelotas\/","title":{"rendered":"A\u00e7\u00f5es culturais junto ao Shopping Pelotas"},"content":{"rendered":"<p>Nome do projeto: A\u00e7\u00f5es culturais junto ao Shopping Pelotas<\/p>\n<p>C\u00f3digo: 51551056<\/p>\n<p>Resumo do projeto: auxiliar na elabora\u00e7\u00e3o de cronograma de exposi\u00e7\u00f5es no Espa\u00e7o Cultural Shopping Pelotas; Espec\u00edficos: &#8211; Fazer a indica\u00e7\u00e3o de curadores e artistas para as exposi\u00e7\u00f5es; &#8211; Acompanhar e orientar o projeto expogr\u00e1fico; &#8211; Revisar e auxiliar na elabora\u00e7\u00e3o de material de divulga\u00e7\u00e3o e avalia\u00e7\u00e3o das exposi\u00e7\u00f5es;<\/p>\n<p>Professor respons\u00e1vel: Lauer Alves Nunes dos Santos<\/p>\n<p>&nbsp;<\/p>\n","protected":false},"excerpt":{"rendered":"<p>Nome do projeto: A\u00e7\u00f5es culturais junto ao Shopping Pelotas C\u00f3digo: 51551056 Resumo do projeto: auxiliar na elabora\u00e7\u00e3o de cronograma de exposi\u00e7\u00f5es no Espa\u00e7o Cultural Shopping Pelotas; Espec\u00edficos: &#8211; Fazer a indica\u00e7\u00e3o de curadores e artistas para as exposi\u00e7\u00f5es; &#8211; Acompanhar e orientar o projeto expogr\u00e1fico; &#8211; Revisar e auxiliar na elabora\u00e7\u00e3o de material de divulga\u00e7\u00e3o&#8230; <\/p>\n<div class=\"link-more\"><a href=\"https:\/\/wp.ufpel.edu.br\/camaradeextensaoca\/curso-artes-visuais-licenciatura\/acoes-culturais-junto-ao-shopping-pelotas\/\">Leia mais<\/a><\/div>\n","protected":false},"author":647,"featured_media":0,"parent":214,"menu_order":0,"comment_status":"closed","ping_status":"closed","template":"","meta":{"jetpack_post_was_ever_published":false,"footnotes":""},"class_list":["post-498","page","type-page","status-publish","hentry"],"jetpack_sharing_enabled":true,"jetpack_shortlink":"https:\/\/wp.me\/P8nTsJ-82","_links":{"self":[{"href":"https:\/\/wp.ufpel.edu.br\/camaradeextensaoca\/wp-json\/wp\/v2\/pages\/498","targetHints":{"allow":["GET"]}}],"collection":[{"href":"https:\/\/wp.ufpel.edu.br\/camaradeextensaoca\/wp-json\/wp\/v2\/pages"}],"about":[{"href":"https:\/\/wp.ufpel.edu.br\/camaradeextensaoca\/wp-json\/wp\/v2\/types\/page"}],"author":[{"embeddable":true,"href":"https:\/\/wp.ufpel.edu.br\/camaradeextensaoca\/wp-json\/wp\/v2\/users\/647"}],"replies":[{"embeddable":true,"href":"https:\/\/wp.ufpel.edu.br\/camaradeextensaoca\/wp-json\/wp\/v2\/comments?post=498"}],"version-history":[{"count":2,"href":"https:\/\/wp.ufpel.edu.br\/camaradeextensaoca\/wp-json\/wp\/v2\/pages\/498\/revisions"}],"predecessor-version":[{"id":745,"href":"https:\/\/wp.ufpel.edu.br\/camaradeextensaoca\/wp-json\/wp\/v2\/pages\/498\/revisions\/745"}],"up":[{"embeddable":true,"href":"https:\/\/wp.ufpel.edu.br\/camaradeextensaoca\/wp-json\/wp\/v2\/pages\/214"}],"wp:attachment":[{"href":"https:\/\/wp.ufpel.edu.br\/camaradeextensaoca\/wp-json\/wp\/v2\/media?parent=498"}],"curies":[{"name":"wp","href":"https:\/\/api.w.org\/{rel}","templated":true}]}}