{"id":367,"date":"2016-08-08T09:27:54","date_gmt":"2016-08-08T12:27:54","guid":{"rendered":"https:\/\/wp.ufpel.edu.br\/camaradeextensaoca\/?page_id=367"},"modified":"2016-09-14T10:58:39","modified_gmt":"2016-09-14T13:58:39","slug":"faq-perguntas-frequentes","status":"publish","type":"page","link":"https:\/\/wp.ufpel.edu.br\/camaradeextensaoca\/faq-perguntas-frequentes\/","title":{"rendered":"FAQ  &#8211; Perguntas Frequentes"},"content":{"rendered":"<p><strong>GERAL<\/strong><\/p>\n<p><strong>Como fa\u00e7o para me inscrever nos cursos de extens\u00e3o?<\/strong><\/p>\n<p>As informa\u00e7\u00f5es para inscri\u00e7\u00e3o ser\u00e3o divulgadas no pr\u00f3pria site ou edital do curso ofertado.<\/p>\n<p><strong>Posso me inscrever em qualquer per\u00edodo?<\/strong><\/p>\n<p>Os cursos de extens\u00e3o s\u00e3o ofertados no primeiro semestre de cada ano letivo, salvo exce\u00e7\u00f5es que abrem esporadicamente e ser\u00e1 informada por aqui.<\/p>\n<p><strong>Qual \u00e9 a dura\u00e7\u00e3o dos cursos?<\/strong><\/p>\n<p>Os cursos ofertados no primeiro semestre de cada ano letivo, geralmente, tem o\u00a0per\u00edodo de um ano. Os cursos e eventos que s\u00e3o abertos esporadicamente tem uma curta dura\u00e7\u00e3o, podendo variar de algumas semanas ou meses.<\/p>\n<p><strong>Como fa\u00e7o pra retirar meu certificado?<\/strong><\/p>\n<p>O certificado poder\u00e1 ser retirado na c\u00e2mera de extens\u00e3o. Ele somente poder\u00e1 ser retirado ap\u00f3s a solicita\u00e7\u00e3o do coordenador do curso realizado e ao envio do certificado impresso pela Pr\u00f3-reitoria de extens\u00e3o e cultura. A\u00ed ent\u00e3o, ap\u00f3s esse processo, ele estar\u00e1 repousando tranquilamente nos arquivos da sala 106.<\/p>\n<p>&nbsp;<\/p>\n<p><strong>CERTIFICADOS<\/strong><\/p>\n<p><strong>Participei de um projeto de extens\u00e3o, quanto tempo depois posso pegar o certificado?<\/strong><\/p>\n<p>Sinceramente, o tempo \u00e9 indeterminado&#8230;<\/p>\n<p><strong>Durante quanto tempo os certificados ficam dispon\u00edveis?<\/strong><\/p>\n<p>Os certificados ficar\u00e3o dispon\u00edveis por 10 anos.<\/p>\n<p><strong>Meu certificado veio com o nome errado, como devo proceder?<\/strong><\/p>\n<p>Tu dever\u00e1s pedir a retifica\u00e7\u00e3o do certificado para o professor ou direto na c\u00e2mara de extens\u00e3o, mas fique tranquilo, vai demorar&#8230;<\/p>\n<p><strong>Participei de um projeto de extens\u00e3o, mas n\u00e3o recebi certificado?<\/strong><\/p>\n<p>Se o certificado n\u00e3o estiver na c\u00e2mara de extens\u00e3o, tu dever\u00e1s entrar em contato com o professor.<\/p>\n<p><strong>Por quanto tempo vale o certificado?<\/strong><\/p>\n<p><strong>Vou me formar e os certificados dos cursos que participei n\u00e3o chegaram, o que fazer?<\/strong><\/p>\n<p>Primeiro deves verificar se os professores fizeram a solicita\u00e7\u00e3o e, ent\u00e3o, aguardar<\/p>\n<p>&nbsp;<\/p>\n<p>&nbsp;<\/p>\n<p><strong>ATESTADOS<\/strong><\/p>\n<p><strong>O que \u00e9 um atestado?<\/strong><\/p>\n<p>O atestado \u00e9 utilizado para comprova\u00e7\u00e3o.<\/p>\n<p><strong>Quem pode fornecer\u00a0um atestado?<\/strong><\/p>\n<p>O atestado pode ser feito pelo professor ou pela c\u00e2mara de extens\u00e3o.<\/p>\n<p><strong>Por quanto tempo o atestado \u00e9 v\u00e1lido?<\/strong><\/p>\n<p>&#8230;<\/p>\n<p><strong>Onde posso utilizar o atestado?<\/strong><\/p>\n<p>&nbsp;<\/p>\n<p><strong>EVENTOS<\/strong><\/p>\n<p><strong>Como fico sabendo dos eventos?<\/strong><\/p>\n<p>\u00c9 divulgado pelas redes sociais, inclusive, neste mesmo espa\u00e7o. H\u00e1 tamb\u00e9m a divulga\u00e7\u00e3o nos murais do centro de artes.<\/p>\n<p><strong>Quando normalmente ocorre?<\/strong><\/p>\n<p>Ocorre devido.<\/p>\n<p><strong>Quem pode participar?<\/strong><\/p>\n<p>&nbsp;<\/p>\n","protected":false},"excerpt":{"rendered":"<p>GERAL Como fa\u00e7o para me inscrever nos cursos de extens\u00e3o? As informa\u00e7\u00f5es para inscri\u00e7\u00e3o ser\u00e3o divulgadas no pr\u00f3pria site ou edital do curso ofertado. Posso me inscrever em qualquer per\u00edodo? Os cursos de extens\u00e3o s\u00e3o ofertados no primeiro semestre de cada ano letivo, salvo exce\u00e7\u00f5es que abrem esporadicamente e ser\u00e1 informada por aqui. Qual \u00e9&#8230; <\/p>\n<div class=\"link-more\"><a href=\"https:\/\/wp.ufpel.edu.br\/camaradeextensaoca\/faq-perguntas-frequentes\/\">Leia mais<\/a><\/div>\n","protected":false},"author":647,"featured_media":0,"parent":0,"menu_order":0,"comment_status":"closed","ping_status":"closed","template":"","meta":{"jetpack_post_was_ever_published":false,"footnotes":""},"class_list":["post-367","page","type-page","status-publish","hentry"],"jetpack_sharing_enabled":true,"jetpack_shortlink":"https:\/\/wp.me\/P8nTsJ-5V","_links":{"self":[{"href":"https:\/\/wp.ufpel.edu.br\/camaradeextensaoca\/wp-json\/wp\/v2\/pages\/367","targetHints":{"allow":["GET"]}}],"collection":[{"href":"https:\/\/wp.ufpel.edu.br\/camaradeextensaoca\/wp-json\/wp\/v2\/pages"}],"about":[{"href":"https:\/\/wp.ufpel.edu.br\/camaradeextensaoca\/wp-json\/wp\/v2\/types\/page"}],"author":[{"embeddable":true,"href":"https:\/\/wp.ufpel.edu.br\/camaradeextensaoca\/wp-json\/wp\/v2\/users\/647"}],"replies":[{"embeddable":true,"href":"https:\/\/wp.ufpel.edu.br\/camaradeextensaoca\/wp-json\/wp\/v2\/comments?post=367"}],"version-history":[{"count":4,"href":"https:\/\/wp.ufpel.edu.br\/camaradeextensaoca\/wp-json\/wp\/v2\/pages\/367\/revisions"}],"predecessor-version":[{"id":463,"href":"https:\/\/wp.ufpel.edu.br\/camaradeextensaoca\/wp-json\/wp\/v2\/pages\/367\/revisions\/463"}],"wp:attachment":[{"href":"https:\/\/wp.ufpel.edu.br\/camaradeextensaoca\/wp-json\/wp\/v2\/media?parent=367"}],"curies":[{"name":"wp","href":"https:\/\/api.w.org\/{rel}","templated":true}]}}