{"id":323,"date":"2016-07-05T11:51:04","date_gmt":"2016-07-05T14:51:04","guid":{"rendered":"https:\/\/wp.ufpel.edu.br\/camaradeextensaoca\/?page_id=323"},"modified":"2016-09-22T11:50:51","modified_gmt":"2016-09-22T14:50:51","slug":"nome-do-projeto-programa-de-extensao-em-percussao-da-ufpel","status":"publish","type":"page","link":"https:\/\/wp.ufpel.edu.br\/camaradeextensaoca\/musica-licenciatura\/nome-do-projeto-programa-de-extensao-em-percussao-da-ufpel\/","title":{"rendered":"Programa de Extens\u00e3o em Percuss\u00e3o da UFPel"},"content":{"rendered":"<p>Nome do projeto: Programa de Extens\u00e3o em Percuss\u00e3o da UFPel<\/p>\n<p>C\u00f3digo: 51655034<\/p>\n<p>Resumo do projeto: Articular o estudo de percuss\u00e3o feito em sala de aula pelos alunos dos cursos de M\u00fasica &#8211; Licenciatura e Bacharelado da UFPel com a cidade de Pelotas e Regi\u00e3o por meio de a\u00e7\u00f5es de extens\u00e3o que possibilitem alcan\u00e7ar professores e alunos de escolas da rede p\u00fablica de ensino, alunos de outros cursos da UFPel e comunidade interessada no estudo da m\u00fasica de Percuss\u00e3o. OBJETIVOS ESPEC\u00cdFICOS &#8211; Oportunizar o estudo e a pr\u00e1tica de percuss\u00e3o para ex-alunos do curso de m\u00fasica, alunos de outros cursos da UFPel e comunidade interessada. &#8211; Realizar recitais e oficinas de percuss\u00e3o para crian\u00e7as e adolescentes em escolas e espa\u00e7os p\u00fablicos. &#8211; Realizar oficinas de percuss\u00e3o para professores de escolas p\u00fablicas de Pelotas e regi\u00e3o. &#8211; Proporcionar uma oficina de educa\u00e7\u00e3o musical, atrav\u00e9s dos instrumentos acordeom e do tambor; &#8211; Realizar um grande encontro de bateristas profissionais e amadores, de v\u00e1rios estilos musicais e idades variadas, realizando um espet\u00e1culo impactante. &#8211; Realizar um Concerto de Percuss\u00e3o no final do segundo semestre dos anos de 2014, 2015,2016.<\/p>\n<p>Professor respons\u00e1vel: Jose Everton da Silva Rozzini<\/p>\n<p>Email: zeeverton@gmail.com<\/p>\n","protected":false},"excerpt":{"rendered":"<p>Nome do projeto: Programa de Extens\u00e3o em Percuss\u00e3o da UFPel C\u00f3digo: 51655034 Resumo do projeto: Articular o estudo de percuss\u00e3o feito em sala de aula pelos alunos dos cursos de M\u00fasica &#8211; Licenciatura e Bacharelado da UFPel com a cidade de Pelotas e Regi\u00e3o por meio de a\u00e7\u00f5es de extens\u00e3o que possibilitem alcan\u00e7ar professores e&#8230; <\/p>\n<div class=\"link-more\"><a href=\"https:\/\/wp.ufpel.edu.br\/camaradeextensaoca\/musica-licenciatura\/nome-do-projeto-programa-de-extensao-em-percussao-da-ufpel\/\">Leia mais<\/a><\/div>\n","protected":false},"author":647,"featured_media":0,"parent":320,"menu_order":0,"comment_status":"closed","ping_status":"closed","template":"","meta":{"jetpack_post_was_ever_published":false,"footnotes":""},"class_list":["post-323","page","type-page","status-publish","hentry"],"jetpack_sharing_enabled":true,"jetpack_shortlink":"https:\/\/wp.me\/P8nTsJ-5d","_links":{"self":[{"href":"https:\/\/wp.ufpel.edu.br\/camaradeextensaoca\/wp-json\/wp\/v2\/pages\/323","targetHints":{"allow":["GET"]}}],"collection":[{"href":"https:\/\/wp.ufpel.edu.br\/camaradeextensaoca\/wp-json\/wp\/v2\/pages"}],"about":[{"href":"https:\/\/wp.ufpel.edu.br\/camaradeextensaoca\/wp-json\/wp\/v2\/types\/page"}],"author":[{"embeddable":true,"href":"https:\/\/wp.ufpel.edu.br\/camaradeextensaoca\/wp-json\/wp\/v2\/users\/647"}],"replies":[{"embeddable":true,"href":"https:\/\/wp.ufpel.edu.br\/camaradeextensaoca\/wp-json\/wp\/v2\/comments?post=323"}],"version-history":[{"count":2,"href":"https:\/\/wp.ufpel.edu.br\/camaradeextensaoca\/wp-json\/wp\/v2\/pages\/323\/revisions"}],"predecessor-version":[{"id":574,"href":"https:\/\/wp.ufpel.edu.br\/camaradeextensaoca\/wp-json\/wp\/v2\/pages\/323\/revisions\/574"}],"up":[{"embeddable":true,"href":"https:\/\/wp.ufpel.edu.br\/camaradeextensaoca\/wp-json\/wp\/v2\/pages\/320"}],"wp:attachment":[{"href":"https:\/\/wp.ufpel.edu.br\/camaradeextensaoca\/wp-json\/wp\/v2\/media?parent=323"}],"curies":[{"name":"wp","href":"https:\/\/api.w.org\/{rel}","templated":true}]}}

Programa de Extensão em Percussão da UFPel

<p>Nome do projeto: Programa de Extensão em Percussão da UFPel</p>
<p>Código: 51655034</p>
<p>Resumo do projeto: Articular o estudo de percussão feito em sala de aula pelos alunos dos cursos de Música &#8211; Licenciatura e Bacharelado da UFPel com a cidade de Pelotas e Região por meio de ações de extensão que possibilitem alcançar professores e alunos de escolas da rede pública de ensino, alunos de outros cursos da UFPel e comunidade interessada no estudo da música de Percussão. OBJETIVOS ESPECÍFICOS &#8211; Oportunizar o estudo e a prática de percussão para ex-alunos do curso de música, alunos de outros cursos da UFPel e comunidade interessada. &#8211; Realizar recitais e oficinas de percussão para crianças e adolescentes em escolas e espaços públicos. &#8211; Realizar oficinas de percussão para professores de escolas públicas de Pelotas e região. &#8211; Proporcionar uma oficina de educação musical, através dos instrumentos acordeom e do tambor; &#8211; Realizar um grande encontro de bateristas profissionais e amadores, de vários estilos musicais e idades variadas, realizando um espetáculo impactante. &#8211; Realizar um Concerto de Percussão no final do segundo semestre dos anos de 2014, 2015,2016.</p>
<p>Professor responsável: Jose Everton da Silva Rozzini</p>
<p>Email: zeeverton@gmail.com</p>

<p>Nome do projeto: Programa de Extensão em Percussão da UFPel Código: 51655034 Resumo do projeto: Articular o estudo de percussão feito em sala de aula pelos alunos dos cursos de Música &#8211; Licenciatura e Bacharelado da UFPel com a cidade de Pelotas e Região por meio de ações de extensão que possibilitem alcançar professores e&#8230; </p>
<div class="link-more"><a href="https://wp.ufpel.edu.br/camaradeextensaoca/musica-licenciatura/nome-do-projeto-programa-de-extensao-em-percussao-da-ufpel/">Leia mais</a></div>
