{"id":320,"date":"2016-07-05T11:50:34","date_gmt":"2016-07-05T14:50:34","guid":{"rendered":"https:\/\/wp.ufpel.edu.br\/camaradeextensaoca\/?page_id=320"},"modified":"2016-10-11T10:43:54","modified_gmt":"2016-10-11T13:43:54","slug":"musica-licenciatura","status":"publish","type":"page","link":"https:\/\/wp.ufpel.edu.br\/camaradeextensaoca\/musica-licenciatura\/","title":{"rendered":"Musica licenciatura"},"content":{"rendered":"<p><a href=\"https:\/\/wp.ufpel.edu.br\/camaradeextensaoca\/musica-licenciatura\/garimpo-difusao-do-acervo-fonografico-da-discoteca-l-c-vinholes\/\">Garimpo &#8211; Difus\u00e3o do Acervo Fonogr\u00e1fico da Discoteca L. C. Vinholes<\/a><\/p>\n<p><a href=\"https:\/\/wp.ufpel.edu.br\/camaradeextensaoca\/musica-licenciatura\/programa-de-difusao-musical-discoteca-l-c-vinholes\/\">Programa de Difus\u00e3o Musical &#8211; Discoteca L. C. Vinholes<\/a><\/p>\n<p><a href=\"https:\/\/wp.ufpel.edu.br\/camaradeextensaoca\/musica-licenciatura\/nome-do-projeto-programa-de-extensao-em-percussao-da-ufpel\/\">Programa de Extens\u00e3o em Percuss\u00e3o da UFPel<\/a><\/p>\n<p><a href=\"https:\/\/wp.ufpel.edu.br\/camaradeextensaoca\/musica-licenciatura\/oficina-de-violao-do-centro-de-artes\/\">Oficina de Viol\u00e3o do Centro de Artes<\/a><\/p>\n<p><a href=\"https:\/\/wp.ufpel.edu.br\/camaradeextensaoca\/musica-licenciatura\/oficina-de-repertorio-musical-para-professores\/\">Oficina de Repert\u00f3rio Musical para Professores<\/a><\/p>\n<p><a href=\"https:\/\/wp.ufpel.edu.br\/camaradeextensaoca\/musica-licenciatura\/recital-e-wokshop-de-violao-com-bruno-madeira\/\">Recital e Wokshop de Viol\u00e3o com Bruno Madeira<\/a><\/p>\n<p><a href=\"https:\/\/wp.ufpel.edu.br\/camaradeextensaoca\/musica-licenciatura\/musicalizacao-de-bebes\/\">Musicaliza\u00e7\u00e3o de Beb\u00eas<\/a><\/p>\n<p><a href=\"https:\/\/wp.ufpel.edu.br\/camaradeextensaoca\/malg-30-anos\/\">MALG 30 anos<\/a><\/p>\n<p><a href=\"https:\/\/wp.ufpel.edu.br\/camaradeextensaoca\/noite-popular\/\">Noite Popular<\/a><\/p>\n<p><a href=\"https:\/\/wp.ufpel.edu.br\/camaradeextensaoca\/nucleo-de-folclore-da-ufpel\/\">N\u00facleo de Folclore da UFPEL<\/a><\/p>\n<p><a href=\"https:\/\/wp.ufpel.edu.br\/camaradeextensaoca\/musica-licenciatura\/musica-no-centro-de-artes\/\">M\u00fasica no centro de artes<\/a><\/p>\n<p><a href=\"https:\/\/wp.ufpel.edu.br\/camaradeextensaoca\/musica-licenciatura\/visita-musical\/\">Visita Musical<\/a><\/p>\n<p>&nbsp;<\/p>\n","protected":false},"excerpt":{"rendered":"<p>Garimpo &#8211; Difus\u00e3o do Acervo Fonogr\u00e1fico da Discoteca L. C. Vinholes Programa de Difus\u00e3o Musical &#8211; Discoteca L. C. Vinholes Programa de Extens\u00e3o em Percuss\u00e3o da UFPel Oficina de Viol\u00e3o do Centro de Artes Oficina de Repert\u00f3rio Musical para Professores Recital e Wokshop de Viol\u00e3o com Bruno Madeira Musicaliza\u00e7\u00e3o de Beb\u00eas MALG 30 anos Noite&#8230; <\/p>\n<div class=\"link-more\"><a href=\"https:\/\/wp.ufpel.edu.br\/camaradeextensaoca\/musica-licenciatura\/\">Leia mais<\/a><\/div>\n","protected":false},"author":647,"featured_media":0,"parent":0,"menu_order":0,"comment_status":"closed","ping_status":"closed","template":"","meta":{"jetpack_post_was_ever_published":false,"footnotes":""},"class_list":["post-320","page","type-page","status-publish","hentry"],"jetpack_sharing_enabled":true,"jetpack_shortlink":"https:\/\/wp.me\/P8nTsJ-5a","_links":{"self":[{"href":"https:\/\/wp.ufpel.edu.br\/camaradeextensaoca\/wp-json\/wp\/v2\/pages\/320","targetHints":{"allow":["GET"]}}],"collection":[{"href":"https:\/\/wp.ufpel.edu.br\/camaradeextensaoca\/wp-json\/wp\/v2\/pages"}],"about":[{"href":"https:\/\/wp.ufpel.edu.br\/camaradeextensaoca\/wp-json\/wp\/v2\/types\/page"}],"author":[{"embeddable":true,"href":"https:\/\/wp.ufpel.edu.br\/camaradeextensaoca\/wp-json\/wp\/v2\/users\/647"}],"replies":[{"embeddable":true,"href":"https:\/\/wp.ufpel.edu.br\/camaradeextensaoca\/wp-json\/wp\/v2\/comments?post=320"}],"version-history":[{"count":10,"href":"https:\/\/wp.ufpel.edu.br\/camaradeextensaoca\/wp-json\/wp\/v2\/pages\/320\/revisions"}],"predecessor-version":[{"id":633,"href":"https:\/\/wp.ufpel.edu.br\/camaradeextensaoca\/wp-json\/wp\/v2\/pages\/320\/revisions\/633"}],"wp:attachment":[{"href":"https:\/\/wp.ufpel.edu.br\/camaradeextensaoca\/wp-json\/wp\/v2\/media?parent=320"}],"curies":[{"name":"wp","href":"https:\/\/api.w.org\/{rel}","templated":true}]}}