{"id":314,"date":"2016-07-05T11:45:44","date_gmt":"2016-07-05T14:45:44","guid":{"rendered":"https:\/\/wp.ufpel.edu.br\/camaradeextensaoca\/?page_id=314"},"modified":"2016-10-13T11:33:54","modified_gmt":"2016-10-13T14:33:54","slug":"curso-intensivo-de-violao","status":"publish","type":"page","link":"https:\/\/wp.ufpel.edu.br\/camaradeextensaoca\/cursos\/musica\/curso-intensivo-de-violao\/","title":{"rendered":"Curso Intensivo de Viol\u00e3o"},"content":{"rendered":"<p>Nome do projeto: \u201cCurso Intensivo de Viol\u00e3o\u201d<\/p>\n<p>C\u00f3digo: 51552016<\/p>\n<p>Resumo do projeto: Realizar um curso intensivo de viol\u00e3o. ESPEC\u00cdFICOS Contribuir \u00e0 pelotense, especialmente a de baixa renda, com aulas gratuitas de m\u00fasica; Proporcionar inicia\u00e7\u00e3o musical ao viol\u00e3o; Estimular a pr\u00e1tica musical coletiva; Incentivar o aprendizado de viol\u00e3o e a aprecia\u00e7\u00e3o musical.<\/p>\n<p>Professor respons\u00e1vel:Jo\u00e3o Alexandre Straub Gomes<\/p>\n","protected":false},"excerpt":{"rendered":"<p>Nome do projeto: \u201cCurso Intensivo de Viol\u00e3o\u201d C\u00f3digo: 51552016 Resumo do projeto: Realizar um curso intensivo de viol\u00e3o. ESPEC\u00cdFICOS Contribuir \u00e0 pelotense, especialmente a de baixa renda, com aulas gratuitas de m\u00fasica; Proporcionar inicia\u00e7\u00e3o musical ao viol\u00e3o; Estimular a pr\u00e1tica musical coletiva; Incentivar o aprendizado de viol\u00e3o e a aprecia\u00e7\u00e3o musical. Professor respons\u00e1vel:Jo\u00e3o Alexandre Straub&#8230; <\/p>\n<div class=\"link-more\"><a href=\"https:\/\/wp.ufpel.edu.br\/camaradeextensaoca\/cursos\/musica\/curso-intensivo-de-violao\/\">Leia mais<\/a><\/div>\n","protected":false},"author":647,"featured_media":0,"parent":18,"menu_order":0,"comment_status":"closed","ping_status":"closed","template":"","meta":{"jetpack_post_was_ever_published":false,"footnotes":""},"class_list":["post-314","page","type-page","status-publish","hentry"],"jetpack_sharing_enabled":true,"jetpack_shortlink":"https:\/\/wp.me\/P8nTsJ-54","_links":{"self":[{"href":"https:\/\/wp.ufpel.edu.br\/camaradeextensaoca\/wp-json\/wp\/v2\/pages\/314","targetHints":{"allow":["GET"]}}],"collection":[{"href":"https:\/\/wp.ufpel.edu.br\/camaradeextensaoca\/wp-json\/wp\/v2\/pages"}],"about":[{"href":"https:\/\/wp.ufpel.edu.br\/camaradeextensaoca\/wp-json\/wp\/v2\/types\/page"}],"author":[{"embeddable":true,"href":"https:\/\/wp.ufpel.edu.br\/camaradeextensaoca\/wp-json\/wp\/v2\/users\/647"}],"replies":[{"embeddable":true,"href":"https:\/\/wp.ufpel.edu.br\/camaradeextensaoca\/wp-json\/wp\/v2\/comments?post=314"}],"version-history":[{"count":2,"href":"https:\/\/wp.ufpel.edu.br\/camaradeextensaoca\/wp-json\/wp\/v2\/pages\/314\/revisions"}],"predecessor-version":[{"id":824,"href":"https:\/\/wp.ufpel.edu.br\/camaradeextensaoca\/wp-json\/wp\/v2\/pages\/314\/revisions\/824"}],"up":[{"embeddable":true,"href":"https:\/\/wp.ufpel.edu.br\/camaradeextensaoca\/wp-json\/wp\/v2\/pages\/18"}],"wp:attachment":[{"href":"https:\/\/wp.ufpel.edu.br\/camaradeextensaoca\/wp-json\/wp\/v2\/media?parent=314"}],"curies":[{"name":"wp","href":"https:\/\/api.w.org\/{rel}","templated":true}]}}

Curso Intensivo de Violão

<p>Nome do projeto: “Curso Intensivo de Violão”</p>
<p>Código: 51552016</p>
<p>Resumo do projeto: Realizar um curso intensivo de violão. ESPECÍFICOS Contribuir à pelotense, especialmente a de baixa renda, com aulas gratuitas de música; Proporcionar iniciação musical ao violão; Estimular a prática musical coletiva; Incentivar o aprendizado de violão e a apreciação musical.</p>
<p>Professor responsável:João Alexandre Straub Gomes</p>

<p>Nome do projeto: “Curso Intensivo de Violão” Código: 51552016 Resumo do projeto: Realizar um curso intensivo de violão. ESPECÍFICOS Contribuir à pelotense, especialmente a de baixa renda, com aulas gratuitas de música; Proporcionar iniciação musical ao violão; Estimular a prática musical coletiva; Incentivar o aprendizado de violão e a apreciação musical. Professor responsável:João Alexandre Straub&#8230; </p>
<div class="link-more"><a href="https://wp.ufpel.edu.br/camaradeextensaoca/cursos/musica/curso-intensivo-de-violao/">Leia mais</a></div>
