{"id":311,"date":"2016-07-05T11:45:11","date_gmt":"2016-07-05T14:45:11","guid":{"rendered":"https:\/\/wp.ufpel.edu.br\/camaradeextensaoca\/?page_id=311"},"modified":"2016-07-05T11:45:11","modified_gmt":"2016-07-05T14:45:11","slug":"o-saxofone-na-musica-popular-brasileira","status":"publish","type":"page","link":"https:\/\/wp.ufpel.edu.br\/camaradeextensaoca\/cursos\/musica\/o-saxofone-na-musica-popular-brasileira\/","title":{"rendered":"O Saxofone na M\u00fasica Popular Brasileira"},"content":{"rendered":"<p>Nome do projeto: \u201c O Saxofone na M\u00fasica Popular Brasileira<\/p>\n<p>C\u00f3digo: 51552026<\/p>\n<p>Resumo do projeto: Compreender o contexto hist\u00f3rico da introdu\u00e7\u00e3o do saxofone no Brasil e a import\u00e2ncia do instrumento nos processos de consolida\u00e7\u00e3o de diversos g\u00eaneros de m\u00fasica popular. Desenvolver a leitura e compreens\u00e3o musical de diferentes g\u00eaneros musicais identificar os princ\u00edpios instrumentistas e a import\u00e2ncia destes para a populariza\u00e7\u00e3o do instrumento no pa\u00eds.<\/p>\n<p>Professor respons\u00e1vel: Rafael Henrique Soares Veloso<\/p>\n<p>Email: rafavelloso@gmail.com<\/p>\n","protected":false},"excerpt":{"rendered":"<p>Nome do projeto: \u201c O Saxofone na M\u00fasica Popular Brasileira C\u00f3digo: 51552026 Resumo do projeto: Compreender o contexto hist\u00f3rico da introdu\u00e7\u00e3o do saxofone no Brasil e a import\u00e2ncia do instrumento nos processos de consolida\u00e7\u00e3o de diversos g\u00eaneros de m\u00fasica popular. Desenvolver a leitura e compreens\u00e3o musical de diferentes g\u00eaneros musicais identificar os princ\u00edpios instrumentistas e&#8230; <\/p>\n<div class=\"link-more\"><a href=\"https:\/\/wp.ufpel.edu.br\/camaradeextensaoca\/cursos\/musica\/o-saxofone-na-musica-popular-brasileira\/\">Leia mais<\/a><\/div>\n","protected":false},"author":647,"featured_media":0,"parent":18,"menu_order":0,"comment_status":"closed","ping_status":"closed","template":"","meta":{"jetpack_post_was_ever_published":false,"footnotes":""},"class_list":["post-311","page","type-page","status-publish","hentry"],"jetpack_sharing_enabled":true,"jetpack_shortlink":"https:\/\/wp.me\/P8nTsJ-51","_links":{"self":[{"href":"https:\/\/wp.ufpel.edu.br\/camaradeextensaoca\/wp-json\/wp\/v2\/pages\/311","targetHints":{"allow":["GET"]}}],"collection":[{"href":"https:\/\/wp.ufpel.edu.br\/camaradeextensaoca\/wp-json\/wp\/v2\/pages"}],"about":[{"href":"https:\/\/wp.ufpel.edu.br\/camaradeextensaoca\/wp-json\/wp\/v2\/types\/page"}],"author":[{"embeddable":true,"href":"https:\/\/wp.ufpel.edu.br\/camaradeextensaoca\/wp-json\/wp\/v2\/users\/647"}],"replies":[{"embeddable":true,"href":"https:\/\/wp.ufpel.edu.br\/camaradeextensaoca\/wp-json\/wp\/v2\/comments?post=311"}],"version-history":[{"count":1,"href":"https:\/\/wp.ufpel.edu.br\/camaradeextensaoca\/wp-json\/wp\/v2\/pages\/311\/revisions"}],"predecessor-version":[{"id":313,"href":"https:\/\/wp.ufpel.edu.br\/camaradeextensaoca\/wp-json\/wp\/v2\/pages\/311\/revisions\/313"}],"up":[{"embeddable":true,"href":"https:\/\/wp.ufpel.edu.br\/camaradeextensaoca\/wp-json\/wp\/v2\/pages\/18"}],"wp:attachment":[{"href":"https:\/\/wp.ufpel.edu.br\/camaradeextensaoca\/wp-json\/wp\/v2\/media?parent=311"}],"curies":[{"name":"wp","href":"https:\/\/api.w.org\/{rel}","templated":true}]}}

O Saxofone na Música Popular Brasileira

<p>Nome do projeto: “ O Saxofone na Música Popular Brasileira</p>
<p>Código: 51552026</p>
<p>Resumo do projeto: Compreender o contexto histórico da introdução do saxofone no Brasil e a importância do instrumento nos processos de consolidação de diversos gêneros de música popular. Desenvolver a leitura e compreensão musical de diferentes gêneros musicais identificar os princípios instrumentistas e a importância destes para a popularização do instrumento no país.</p>
<p>Professor responsável: Rafael Henrique Soares Veloso</p>
<p>Email: rafavelloso@gmail.com</p>

<p>Nome do projeto: “ O Saxofone na Música Popular Brasileira Código: 51552026 Resumo do projeto: Compreender o contexto histórico da introdução do saxofone no Brasil e a importância do instrumento nos processos de consolidação de diversos gêneros de música popular. Desenvolver a leitura e compreensão musical de diferentes gêneros musicais identificar os princípios instrumentistas e&#8230; </p>
<div class="link-more"><a href="https://wp.ufpel.edu.br/camaradeextensaoca/cursos/musica/o-saxofone-na-musica-popular-brasileira/">Leia mais</a></div>
