{"id":292,"date":"2016-07-05T11:40:50","date_gmt":"2016-07-05T14:40:50","guid":{"rendered":"https:\/\/wp.ufpel.edu.br\/camaradeextensaoca\/?page_id=292"},"modified":"2016-10-13T11:27:54","modified_gmt":"2016-10-13T14:27:54","slug":"coreolab-laboratorio-de-estudos-coreograficos","status":"publish","type":"page","link":"https:\/\/wp.ufpel.edu.br\/camaradeextensaoca\/cursos\/danca\/coreolab-laboratorio-de-estudos-coreograficos\/","title":{"rendered":"COREOLAB \u2013 Laborat\u00f3rio de Estudos Coreogr\u00e1ficos"},"content":{"rendered":"<p>Nome do projeto: \u201cCOREOLAB \u2013 Laborat\u00f3rio de Estudos Coreogr\u00e1ficos\u201d<\/p>\n<p>C\u00f3digo: 50939180<\/p>\n<p>Resumo do projeto: \u00a0Apresentar resultados das propostas coreogr\u00e1ficas dos alunos do Curso de Dan\u00e7a junto \u00e0 comunidade, especialmente nas escolas p\u00fablicas do munic\u00edpio de Pelotas. Orientar alunos da gradua\u00e7\u00e3o na pesquisa, montagem e apresenta\u00e7\u00e3o de seus trabalhos coreogr\u00e1ficos, cria\u00e7\u00f5es essas inscritas nos mais distintos g\u00eaneros de dan\u00e7a e seus in\u00fameros entrecruzamento Espec\u00edficos: -Orientar alunos da gradua\u00e7\u00e3o na pesquisa, montagem e apresenta\u00e7\u00e3o de seus trabalhos coreogr\u00e1ficos, cria\u00e7\u00f5es essas inscritas nos mais distintos g\u00eaneros de dan\u00e7a e seus in\u00fameros entrecruzamento -Auxiliar os alunos a refletir, questionar e aprimorar seus processos art\u00edsticos; &#8211; Propor diferentes estrat\u00e9gias e m\u00e9todos de composi\u00e7\u00e3o para os projetos coreogr\u00e1ficos dos alunos; &#8211; Divulgar o Curso de Dan\u00e7a da UFPel mediante apresenta\u00e7\u00f5es em diferentes lugares da cidade, dentro e fora do ambiente acad\u00eamico; &#8211; Contribuir com a forma\u00e7\u00e3o de p\u00fablico para dan\u00e7a.<\/p>\n<p>Professor respons\u00e1vel: Josiane Gisela Franken Correa<\/p>\n","protected":false},"excerpt":{"rendered":"<p>Nome do projeto: \u201cCOREOLAB \u2013 Laborat\u00f3rio de Estudos Coreogr\u00e1ficos\u201d C\u00f3digo: 50939180 Resumo do projeto: \u00a0Apresentar resultados das propostas coreogr\u00e1ficas dos alunos do Curso de Dan\u00e7a junto \u00e0 comunidade, especialmente nas escolas p\u00fablicas do munic\u00edpio de Pelotas. Orientar alunos da gradua\u00e7\u00e3o na pesquisa, montagem e apresenta\u00e7\u00e3o de seus trabalhos coreogr\u00e1ficos, cria\u00e7\u00f5es essas inscritas nos mais distintos&#8230; <\/p>\n<div class=\"link-more\"><a href=\"https:\/\/wp.ufpel.edu.br\/camaradeextensaoca\/cursos\/danca\/coreolab-laboratorio-de-estudos-coreograficos\/\">Leia mais<\/a><\/div>\n","protected":false},"author":647,"featured_media":0,"parent":12,"menu_order":0,"comment_status":"closed","ping_status":"closed","template":"","meta":{"jetpack_post_was_ever_published":false,"footnotes":""},"class_list":["post-292","page","type-page","status-publish","hentry"],"jetpack_sharing_enabled":true,"jetpack_shortlink":"https:\/\/wp.me\/P8nTsJ-4I","_links":{"self":[{"href":"https:\/\/wp.ufpel.edu.br\/camaradeextensaoca\/wp-json\/wp\/v2\/pages\/292","targetHints":{"allow":["GET"]}}],"collection":[{"href":"https:\/\/wp.ufpel.edu.br\/camaradeextensaoca\/wp-json\/wp\/v2\/pages"}],"about":[{"href":"https:\/\/wp.ufpel.edu.br\/camaradeextensaoca\/wp-json\/wp\/v2\/types\/page"}],"author":[{"embeddable":true,"href":"https:\/\/wp.ufpel.edu.br\/camaradeextensaoca\/wp-json\/wp\/v2\/users\/647"}],"replies":[{"embeddable":true,"href":"https:\/\/wp.ufpel.edu.br\/camaradeextensaoca\/wp-json\/wp\/v2\/comments?post=292"}],"version-history":[{"count":2,"href":"https:\/\/wp.ufpel.edu.br\/camaradeextensaoca\/wp-json\/wp\/v2\/pages\/292\/revisions"}],"predecessor-version":[{"id":810,"href":"https:\/\/wp.ufpel.edu.br\/camaradeextensaoca\/wp-json\/wp\/v2\/pages\/292\/revisions\/810"}],"up":[{"embeddable":true,"href":"https:\/\/wp.ufpel.edu.br\/camaradeextensaoca\/wp-json\/wp\/v2\/pages\/12"}],"wp:attachment":[{"href":"https:\/\/wp.ufpel.edu.br\/camaradeextensaoca\/wp-json\/wp\/v2\/media?parent=292"}],"curies":[{"name":"wp","href":"https:\/\/api.w.org\/{rel}","templated":true}]}}