{"id":277,"date":"2016-07-05T10:43:28","date_gmt":"2016-07-05T13:43:28","guid":{"rendered":"https:\/\/wp.ufpel.edu.br\/camaradeextensaoca\/?page_id=277"},"modified":"2016-10-13T10:33:06","modified_gmt":"2016-10-13T13:33:06","slug":"construindo-um-forno-de-papel","status":"publish","type":"page","link":"https:\/\/wp.ufpel.edu.br\/camaradeextensaoca\/cursos\/artes-visuais\/construindo-um-forno-de-papel\/","title":{"rendered":"Construindo um forno de papel"},"content":{"rendered":"<p>Nome do projeto: \u201cConstruindo um forno de papel\u201d<\/p>\n<p>C\u00f3digo: 51551026<\/p>\n<p>Resumo do projeto: Proporcionar o acesso a ferramentas e materiais que possibilitem o aprendizado de t\u00e9cnicas e a experi\u00eancia de construir com as pr\u00f3prias m\u00e3os um forno de papel para queima de pe\u00e7as em argila. Promover o encontro de pessoas interessadas em trocar conhecimentos e saberes sobre as diferentes t\u00e9cnicas de confec\u00e7\u00e3o e queima de objetos cer\u00e2micos.<\/p>\n<p>Professor respons\u00e1vel: Ana Paula Azevedo Barbosa<\/p>\n<p>&nbsp;<\/p>\n","protected":false},"excerpt":{"rendered":"<p>Nome do projeto: \u201cConstruindo um forno de papel\u201d C\u00f3digo: 51551026 Resumo do projeto: Proporcionar o acesso a ferramentas e materiais que possibilitem o aprendizado de t\u00e9cnicas e a experi\u00eancia de construir com as pr\u00f3prias m\u00e3os um forno de papel para queima de pe\u00e7as em argila. Promover o encontro de pessoas interessadas em trocar conhecimentos e&#8230; <\/p>\n<div class=\"link-more\"><a href=\"https:\/\/wp.ufpel.edu.br\/camaradeextensaoca\/cursos\/artes-visuais\/construindo-um-forno-de-papel\/\">Leia mais<\/a><\/div>\n","protected":false},"author":647,"featured_media":0,"parent":113,"menu_order":0,"comment_status":"closed","ping_status":"closed","template":"","meta":{"jetpack_post_was_ever_published":false,"footnotes":""},"class_list":["post-277","page","type-page","status-publish","hentry"],"jetpack_sharing_enabled":true,"jetpack_shortlink":"https:\/\/wp.me\/P8nTsJ-4t","_links":{"self":[{"href":"https:\/\/wp.ufpel.edu.br\/camaradeextensaoca\/wp-json\/wp\/v2\/pages\/277","targetHints":{"allow":["GET"]}}],"collection":[{"href":"https:\/\/wp.ufpel.edu.br\/camaradeextensaoca\/wp-json\/wp\/v2\/pages"}],"about":[{"href":"https:\/\/wp.ufpel.edu.br\/camaradeextensaoca\/wp-json\/wp\/v2\/types\/page"}],"author":[{"embeddable":true,"href":"https:\/\/wp.ufpel.edu.br\/camaradeextensaoca\/wp-json\/wp\/v2\/users\/647"}],"replies":[{"embeddable":true,"href":"https:\/\/wp.ufpel.edu.br\/camaradeextensaoca\/wp-json\/wp\/v2\/comments?post=277"}],"version-history":[{"count":2,"href":"https:\/\/wp.ufpel.edu.br\/camaradeextensaoca\/wp-json\/wp\/v2\/pages\/277\/revisions"}],"predecessor-version":[{"id":750,"href":"https:\/\/wp.ufpel.edu.br\/camaradeextensaoca\/wp-json\/wp\/v2\/pages\/277\/revisions\/750"}],"up":[{"embeddable":true,"href":"https:\/\/wp.ufpel.edu.br\/camaradeextensaoca\/wp-json\/wp\/v2\/pages\/113"}],"wp:attachment":[{"href":"https:\/\/wp.ufpel.edu.br\/camaradeextensaoca\/wp-json\/wp\/v2\/media?parent=277"}],"curies":[{"name":"wp","href":"https:\/\/api.w.org\/{rel}","templated":true}]}}