{"id":274,"date":"2016-07-05T10:39:07","date_gmt":"2016-07-05T13:39:07","guid":{"rendered":"https:\/\/wp.ufpel.edu.br\/camaradeextensaoca\/?page_id=274"},"modified":"2016-10-13T10:34:22","modified_gmt":"2016-10-13T13:34:22","slug":"deslocamentos-e-cartografias-na-arte-contemporanea","status":"publish","type":"page","link":"https:\/\/wp.ufpel.edu.br\/camaradeextensaoca\/cursos\/artes-visuais\/deslocamentos-e-cartografias-na-arte-contemporanea\/","title":{"rendered":"Deslocamentos e cartografias na arte contempor\u00e2nea"},"content":{"rendered":"<p>Nome do projeto: \u201cDeslocamentos e cartografias na arte contempor\u00e2nea\u201d<\/p>\n<p>C\u00f3digo: 51901061<\/p>\n<p>Resumo do projeto: Realizar oficinas, encontros com artistas, exposi\u00e7\u00f5es, excurs\u00f5es e grupos de estudo acerca da produ\u00e7\u00e3o art\u00edstica contempor\u00e2nea que envolve deslocamentos e que resultem em cartografias sens\u00edveis. Objetivos espec\u00edficos: Realizar oficinas de arte que envolvam o estudo de cartografias de artistas; Promover deslocamentos pela cidade e em outros locais, como como uma pr\u00e1tica est\u00e9tica; Produzir cartografias sens\u00edveis com diferentes linguagens art\u00edsticas; Organizar palestras, conferencias e mostras de v\u00eddeo que abordem a tem\u00e1tica do projeto; Proporcionar o encontro com artistas que tenham como pr\u00e1tica o deslocamento f\u00edsico e virtual; Efetuar visitas a exposi\u00e7\u00f5es. Partilhar os saberes que envolvem a pr\u00e1tica do deslocamento e o processo cartogr\u00e1fico em diferentes inst\u00e2ncias, na universidade, em escolas de ensino fundamental e m\u00e9dio, entre outros.<\/p>\n<p>Professor respons\u00e1vel: Eduarda Azevedo Gon\u00e7alves<\/p>\n<p>&nbsp;<\/p>\n","protected":false},"excerpt":{"rendered":"<p>Nome do projeto: \u201cDeslocamentos e cartografias na arte contempor\u00e2nea\u201d C\u00f3digo: 51901061 Resumo do projeto: Realizar oficinas, encontros com artistas, exposi\u00e7\u00f5es, excurs\u00f5es e grupos de estudo acerca da produ\u00e7\u00e3o art\u00edstica contempor\u00e2nea que envolve deslocamentos e que resultem em cartografias sens\u00edveis. Objetivos espec\u00edficos: Realizar oficinas de arte que envolvam o estudo de cartografias de artistas; Promover deslocamentos&#8230; <\/p>\n<div class=\"link-more\"><a href=\"https:\/\/wp.ufpel.edu.br\/camaradeextensaoca\/cursos\/artes-visuais\/deslocamentos-e-cartografias-na-arte-contemporanea\/\">Leia mais<\/a><\/div>\n","protected":false},"author":647,"featured_media":0,"parent":113,"menu_order":0,"comment_status":"closed","ping_status":"closed","template":"","meta":{"jetpack_post_was_ever_published":false,"footnotes":""},"class_list":["post-274","page","type-page","status-publish","hentry"],"jetpack_sharing_enabled":true,"jetpack_shortlink":"https:\/\/wp.me\/P8nTsJ-4q","_links":{"self":[{"href":"https:\/\/wp.ufpel.edu.br\/camaradeextensaoca\/wp-json\/wp\/v2\/pages\/274","targetHints":{"allow":["GET"]}}],"collection":[{"href":"https:\/\/wp.ufpel.edu.br\/camaradeextensaoca\/wp-json\/wp\/v2\/pages"}],"about":[{"href":"https:\/\/wp.ufpel.edu.br\/camaradeextensaoca\/wp-json\/wp\/v2\/types\/page"}],"author":[{"embeddable":true,"href":"https:\/\/wp.ufpel.edu.br\/camaradeextensaoca\/wp-json\/wp\/v2\/users\/647"}],"replies":[{"embeddable":true,"href":"https:\/\/wp.ufpel.edu.br\/camaradeextensaoca\/wp-json\/wp\/v2\/comments?post=274"}],"version-history":[{"count":2,"href":"https:\/\/wp.ufpel.edu.br\/camaradeextensaoca\/wp-json\/wp\/v2\/pages\/274\/revisions"}],"predecessor-version":[{"id":753,"href":"https:\/\/wp.ufpel.edu.br\/camaradeextensaoca\/wp-json\/wp\/v2\/pages\/274\/revisions\/753"}],"up":[{"embeddable":true,"href":"https:\/\/wp.ufpel.edu.br\/camaradeextensaoca\/wp-json\/wp\/v2\/pages\/113"}],"wp:attachment":[{"href":"https:\/\/wp.ufpel.edu.br\/camaradeextensaoca\/wp-json\/wp\/v2\/media?parent=274"}],"curies":[{"name":"wp","href":"https:\/\/api.w.org\/{rel}","templated":true}]}}