{"id":253,"date":"2016-07-04T11:45:53","date_gmt":"2016-07-04T14:45:53","guid":{"rendered":"https:\/\/wp.ufpel.edu.br\/camaradeextensaoca\/?page_id=253"},"modified":"2016-07-04T11:45:53","modified_gmt":"2016-07-04T14:45:53","slug":"laboratorio-de-preparacao-corporal","status":"publish","type":"page","link":"https:\/\/wp.ufpel.edu.br\/camaradeextensaoca\/cursos\/danca\/laboratorio-de-preparacao-corporal\/","title":{"rendered":"Laborat\u00f3rio de Prepara\u00e7\u00e3o Corporal"},"content":{"rendered":"<p>Nome do projeto: \u201c Laborat\u00f3rio de Prepara\u00e7\u00e3o Corporal\u201d<\/p>\n<p>C\u00f3digo: 51906033<\/p>\n<p>Resumo do projeto: Oportunizar o contato e a apropria\u00e7\u00e3o de diversas t\u00e9cnicas e m\u00e9todos de trabalho corporal; Instrumentalizar tecnicamente o corpo do dan\u00e7arino e do ator, bem como estimul\u00e1-los para o exerc\u00edcio de cria\u00e7\u00e3o no seu trabalho c\u00eanico; Trabalhar o desenvolvimento f\u00edsico, a partir dos componentes: flexibilidade, resist\u00eancia muscular, capacidade aer\u00f3bica, coordena\u00e7\u00e3o motora; Ampliar a consci\u00eancia corporal e r\u00edtmica; Desenvolver aspectos corporais como: concentra\u00e7\u00e3o, foco, prontid\u00e3o, agilidade, motiva\u00e7\u00e3o, aten\u00e7\u00e3o, inten\u00e7\u00e3o, decis\u00e3o e precis\u00e3o; Trabalhar no campo entre a dan\u00e7a e o teatro e experimentar diversos conhecimentos que envolvem a consci\u00eancia pelo movimento, atividades r\u00edtmicas, exerc\u00edcios de express\u00e3o corporal, treinamento f\u00edsico, aspectos da anatomia humana. Proporcionar o exerc\u00edcio de estudo e pesquisa a partir dos seguintes temas: t\u00e9cnicas corporais constituintes das aulas de dan\u00e7a e teatro e a prepara\u00e7\u00e3o corporal do ator e do dan\u00e7arino.<\/p>\n<p>Professor respons\u00e1vel: C\u00e1tia Fernandes de Carvalho<\/p>\n","protected":false},"excerpt":{"rendered":"<p>Nome do projeto: \u201c Laborat\u00f3rio de Prepara\u00e7\u00e3o Corporal\u201d C\u00f3digo: 51906033 Resumo do projeto: Oportunizar o contato e a apropria\u00e7\u00e3o de diversas t\u00e9cnicas e m\u00e9todos de trabalho corporal; Instrumentalizar tecnicamente o corpo do dan\u00e7arino e do ator, bem como estimul\u00e1-los para o exerc\u00edcio de cria\u00e7\u00e3o no seu trabalho c\u00eanico; Trabalhar o desenvolvimento f\u00edsico, a partir dos&#8230; <\/p>\n<div class=\"link-more\"><a href=\"https:\/\/wp.ufpel.edu.br\/camaradeextensaoca\/cursos\/danca\/laboratorio-de-preparacao-corporal\/\">Leia mais<\/a><\/div>\n","protected":false},"author":647,"featured_media":0,"parent":12,"menu_order":0,"comment_status":"closed","ping_status":"closed","template":"","meta":{"jetpack_post_was_ever_published":false,"footnotes":""},"class_list":["post-253","page","type-page","status-publish","hentry"],"jetpack_sharing_enabled":true,"jetpack_shortlink":"https:\/\/wp.me\/P8nTsJ-45","_links":{"self":[{"href":"https:\/\/wp.ufpel.edu.br\/camaradeextensaoca\/wp-json\/wp\/v2\/pages\/253","targetHints":{"allow":["GET"]}}],"collection":[{"href":"https:\/\/wp.ufpel.edu.br\/camaradeextensaoca\/wp-json\/wp\/v2\/pages"}],"about":[{"href":"https:\/\/wp.ufpel.edu.br\/camaradeextensaoca\/wp-json\/wp\/v2\/types\/page"}],"author":[{"embeddable":true,"href":"https:\/\/wp.ufpel.edu.br\/camaradeextensaoca\/wp-json\/wp\/v2\/users\/647"}],"replies":[{"embeddable":true,"href":"https:\/\/wp.ufpel.edu.br\/camaradeextensaoca\/wp-json\/wp\/v2\/comments?post=253"}],"version-history":[{"count":1,"href":"https:\/\/wp.ufpel.edu.br\/camaradeextensaoca\/wp-json\/wp\/v2\/pages\/253\/revisions"}],"predecessor-version":[{"id":255,"href":"https:\/\/wp.ufpel.edu.br\/camaradeextensaoca\/wp-json\/wp\/v2\/pages\/253\/revisions\/255"}],"up":[{"embeddable":true,"href":"https:\/\/wp.ufpel.edu.br\/camaradeextensaoca\/wp-json\/wp\/v2\/pages\/12"}],"wp:attachment":[{"href":"https:\/\/wp.ufpel.edu.br\/camaradeextensaoca\/wp-json\/wp\/v2\/media?parent=253"}],"curies":[{"name":"wp","href":"https:\/\/api.w.org\/{rel}","templated":true}]}}