{"id":247,"date":"2016-07-04T11:43:13","date_gmt":"2016-07-04T14:43:13","guid":{"rendered":"https:\/\/wp.ufpel.edu.br\/camaradeextensaoca\/?page_id=247"},"modified":"2016-10-13T11:28:39","modified_gmt":"2016-10-13T14:28:39","slug":"seminario-de-estudos-do-movimento-na-maturidade","status":"publish","type":"page","link":"https:\/\/wp.ufpel.edu.br\/camaradeextensaoca\/cursos\/danca\/seminario-de-estudos-do-movimento-na-maturidade\/","title":{"rendered":"Semin\u00e1rio de Estudos do Movimento na Maturidade"},"content":{"rendered":"<p>Nome do projeto:\u00a0 \u201c Semin\u00e1rio de Estudos do Movimento na Maturidade\u201d<\/p>\n<p>C\u00f3digo: 51657014<\/p>\n<p>Resumo do projeto:\u00a0 Realizar um semin\u00e1rio cient\u00edfico, propondo a reflex\u00e3o e troca de experi\u00eancias sobre a Dan\u00e7a na Maturidade. &#8211; Contribuir no amadurecimento da \u00e1rea da Dan\u00e7a na Maturidade, atrav\u00e9s das reflex\u00f5es feitas durante todo o processo de organiza\u00e7\u00e3o-realiza\u00e7\u00e3o do encontro. &#8211; Proporcionar \u00e0 comunidade ebm como aos pesquisadores, reflex\u00f5es te\u00f3ricas e viv\u00eancias pr\u00e1ticas que possam ampliar o conhecimento na \u00e1rea. &#8211; Proporcionar espa\u00e7os para apresenta\u00e7\u00e3o de p\u00f4steres e comunica\u00e7\u00f5es orais aos inscritos nestas modalidades. &#8211; Realizar uma palestra com convidado especial, a fim de engrandecer o tema central do encontro.<\/p>\n<p>Professor respons\u00e1vel: Daniela Llopart Castro<\/p>\n","protected":false},"excerpt":{"rendered":"<p>Nome do projeto:\u00a0 \u201c Semin\u00e1rio de Estudos do Movimento na Maturidade\u201d C\u00f3digo: 51657014 Resumo do projeto:\u00a0 Realizar um semin\u00e1rio cient\u00edfico, propondo a reflex\u00e3o e troca de experi\u00eancias sobre a Dan\u00e7a na Maturidade. &#8211; Contribuir no amadurecimento da \u00e1rea da Dan\u00e7a na Maturidade, atrav\u00e9s das reflex\u00f5es feitas durante todo o processo de organiza\u00e7\u00e3o-realiza\u00e7\u00e3o do encontro. &#8211;&#8230; <\/p>\n<div class=\"link-more\"><a href=\"https:\/\/wp.ufpel.edu.br\/camaradeextensaoca\/cursos\/danca\/seminario-de-estudos-do-movimento-na-maturidade\/\">Leia mais<\/a><\/div>\n","protected":false},"author":647,"featured_media":0,"parent":12,"menu_order":0,"comment_status":"closed","ping_status":"closed","template":"","meta":{"jetpack_post_was_ever_published":false,"footnotes":""},"class_list":["post-247","page","type-page","status-publish","hentry"],"jetpack_sharing_enabled":true,"jetpack_shortlink":"https:\/\/wp.me\/P8nTsJ-3Z","_links":{"self":[{"href":"https:\/\/wp.ufpel.edu.br\/camaradeextensaoca\/wp-json\/wp\/v2\/pages\/247","targetHints":{"allow":["GET"]}}],"collection":[{"href":"https:\/\/wp.ufpel.edu.br\/camaradeextensaoca\/wp-json\/wp\/v2\/pages"}],"about":[{"href":"https:\/\/wp.ufpel.edu.br\/camaradeextensaoca\/wp-json\/wp\/v2\/types\/page"}],"author":[{"embeddable":true,"href":"https:\/\/wp.ufpel.edu.br\/camaradeextensaoca\/wp-json\/wp\/v2\/users\/647"}],"replies":[{"embeddable":true,"href":"https:\/\/wp.ufpel.edu.br\/camaradeextensaoca\/wp-json\/wp\/v2\/comments?post=247"}],"version-history":[{"count":2,"href":"https:\/\/wp.ufpel.edu.br\/camaradeextensaoca\/wp-json\/wp\/v2\/pages\/247\/revisions"}],"predecessor-version":[{"id":816,"href":"https:\/\/wp.ufpel.edu.br\/camaradeextensaoca\/wp-json\/wp\/v2\/pages\/247\/revisions\/816"}],"up":[{"embeddable":true,"href":"https:\/\/wp.ufpel.edu.br\/camaradeextensaoca\/wp-json\/wp\/v2\/pages\/12"}],"wp:attachment":[{"href":"https:\/\/wp.ufpel.edu.br\/camaradeextensaoca\/wp-json\/wp\/v2\/media?parent=247"}],"curies":[{"name":"wp","href":"https:\/\/api.w.org\/{rel}","templated":true}]}}

Seminário de Estudos do Movimento na Maturidade

<p>Nome do projeto:  “ Seminário de Estudos do Movimento na Maturidade”</p>
<p>Código: 51657014</p>
<p>Resumo do projeto:  Realizar um seminário científico, propondo a reflexão e troca de experiências sobre a Dança na Maturidade. &#8211; Contribuir no amadurecimento da área da Dança na Maturidade, através das reflexões feitas durante todo o processo de organização-realização do encontro. &#8211; Proporcionar à comunidade ebm como aos pesquisadores, reflexões teóricas e vivências práticas que possam ampliar o conhecimento na área. &#8211; Proporcionar espaços para apresentação de pôsteres e comunicações orais aos inscritos nestas modalidades. &#8211; Realizar uma palestra com convidado especial, a fim de engrandecer o tema central do encontro.</p>
<p>Professor responsável: Daniela Llopart Castro</p>

<p>Nome do projeto:  “ Seminário de Estudos do Movimento na Maturidade” Código: 51657014 Resumo do projeto:  Realizar um seminário científico, propondo a reflexão e troca de experiências sobre a Dança na Maturidade. &#8211; Contribuir no amadurecimento da área da Dança na Maturidade, através das reflexões feitas durante todo o processo de organização-realização do encontro. &#8211;&#8230; </p>
<div class="link-more"><a href="https://wp.ufpel.edu.br/camaradeextensaoca/cursos/danca/seminario-de-estudos-do-movimento-na-maturidade/">Leia mais</a></div>
