{"id":155,"date":"2016-06-30T11:30:53","date_gmt":"2016-06-30T14:30:53","guid":{"rendered":"https:\/\/wp.ufpel.edu.br\/camaradeextensaoca\/?page_id=155"},"modified":"2016-10-13T10:33:55","modified_gmt":"2016-10-13T13:33:55","slug":"gravacao-de-placas-de-circuito-impresso","status":"publish","type":"page","link":"https:\/\/wp.ufpel.edu.br\/camaradeextensaoca\/cursos\/artes-visuais\/gravacao-de-placas-de-circuito-impresso\/","title":{"rendered":"Grava\u00e7\u00e3o de Placas de Circuito Impresso"},"content":{"rendered":"<p>Nome do projeto: \u201c Grava\u00e7\u00e3o de Placas de Circuito Impresso\u201d<\/p>\n<p>C\u00f3digo: 51901132<\/p>\n<p>Resumo do projeto: Aprender a teoria e a pr\u00e1tica envolvidas na impress\u00e3o e grava\u00e7\u00e3o de placas de circuito impresso (PCI). Objetivos Espec\u00edficos: 1. Imprimir os circuitos desenhados (projetados) em acetato. 2. Transferir a imagem do circuito (impressa em acetato) para as placas atrav\u00e9s de processos t\u00e9rmicos. 3. Gravar as trilhas nas placas com uso de percloreto de ferro. 4. Furar as PCIs para finaliza\u00e7\u00e3o. 5. Soldar os componentes eletr\u00f4nicos nas PCIs<\/p>\n<p>Professor respons\u00e1vel: Juliana Raffin Pohlmann<\/p>\n<p>&nbsp;<\/p>\n","protected":false},"excerpt":{"rendered":"<p>Nome do projeto: \u201c Grava\u00e7\u00e3o de Placas de Circuito Impresso\u201d C\u00f3digo: 51901132 Resumo do projeto: Aprender a teoria e a pr\u00e1tica envolvidas na impress\u00e3o e grava\u00e7\u00e3o de placas de circuito impresso (PCI). Objetivos Espec\u00edficos: 1. Imprimir os circuitos desenhados (projetados) em acetato. 2. Transferir a imagem do circuito (impressa em acetato) para as placas atrav\u00e9s&#8230; <\/p>\n<div class=\"link-more\"><a href=\"https:\/\/wp.ufpel.edu.br\/camaradeextensaoca\/cursos\/artes-visuais\/gravacao-de-placas-de-circuito-impresso\/\">Leia mais<\/a><\/div>\n","protected":false},"author":647,"featured_media":0,"parent":113,"menu_order":0,"comment_status":"closed","ping_status":"closed","template":"","meta":{"jetpack_post_was_ever_published":false,"footnotes":""},"class_list":["post-155","page","type-page","status-publish","hentry"],"jetpack_sharing_enabled":true,"jetpack_shortlink":"https:\/\/wp.me\/P8nTsJ-2v","_links":{"self":[{"href":"https:\/\/wp.ufpel.edu.br\/camaradeextensaoca\/wp-json\/wp\/v2\/pages\/155","targetHints":{"allow":["GET"]}}],"collection":[{"href":"https:\/\/wp.ufpel.edu.br\/camaradeextensaoca\/wp-json\/wp\/v2\/pages"}],"about":[{"href":"https:\/\/wp.ufpel.edu.br\/camaradeextensaoca\/wp-json\/wp\/v2\/types\/page"}],"author":[{"embeddable":true,"href":"https:\/\/wp.ufpel.edu.br\/camaradeextensaoca\/wp-json\/wp\/v2\/users\/647"}],"replies":[{"embeddable":true,"href":"https:\/\/wp.ufpel.edu.br\/camaradeextensaoca\/wp-json\/wp\/v2\/comments?post=155"}],"version-history":[{"count":2,"href":"https:\/\/wp.ufpel.edu.br\/camaradeextensaoca\/wp-json\/wp\/v2\/pages\/155\/revisions"}],"predecessor-version":[{"id":752,"href":"https:\/\/wp.ufpel.edu.br\/camaradeextensaoca\/wp-json\/wp\/v2\/pages\/155\/revisions\/752"}],"up":[{"embeddable":true,"href":"https:\/\/wp.ufpel.edu.br\/camaradeextensaoca\/wp-json\/wp\/v2\/pages\/113"}],"wp:attachment":[{"href":"https:\/\/wp.ufpel.edu.br\/camaradeextensaoca\/wp-json\/wp\/v2\/media?parent=155"}],"curies":[{"name":"wp","href":"https:\/\/api.w.org\/{rel}","templated":true}]}}