{"id":12,"date":"2016-06-27T09:48:45","date_gmt":"2016-06-27T12:48:45","guid":{"rendered":"https:\/\/wp.ufpel.edu.br\/camaradeextensaoca\/?page_id=12"},"modified":"2016-09-21T12:12:34","modified_gmt":"2016-09-21T15:12:34","slug":"danca","status":"publish","type":"page","link":"https:\/\/wp.ufpel.edu.br\/camaradeextensaoca\/cursos\/danca\/","title":{"rendered":"Dan\u00e7a"},"content":{"rendered":"<p><a href=\"https:\/\/wp.ufpel.edu.br\/camaradeextensaoca\/cursos\/danca\/bailar-nucleo-de-danca-na-maturidade\/\">Bailar: N\u00facleo de Dan\u00e7a na Maturidade<\/a><\/p>\n<p><a href=\"https:\/\/wp.ufpel.edu.br\/camaradeextensaoca\/cursos\/danca\/caminhos-da-danca-na-rua\/\">Caminhos da dan\u00e7a na rua<\/a><\/p>\n<p><a href=\"https:\/\/wp.ufpel.edu.br\/camaradeextensaoca\/cursos\/danca\/coreolab-laboratorio-de-estudos-coreograficos\/\">COREOLAB \u2013 Laborat\u00f3rio de Estudos Coreogr\u00e1ficos<\/a><\/p>\n<p><a href=\"https:\/\/wp.ufpel.edu.br\/camaradeextensaoca\/cursos\/danca\/danca-no-bairro\/\">Dan\u00e7a no Bairro<\/a><\/p>\n<p><a href=\"https:\/\/wp.ufpel.edu.br\/camaradeextensaoca\/cursos\/danca\/sala-de-figurinos\/\">Sala de Figurinos<\/a><\/p>\n<p><a href=\"https:\/\/wp.ufpel.edu.br\/camaradeextensaoca\/cursos\/danca\/seminario-de-estudos-do-movimento-na-maturidade\/\">Semin\u00e1rio de Estudos do Movimento na Maturidade<\/a><\/p>\n<p><a href=\"https:\/\/wp.ufpel.edu.br\/camaradeextensaoca\/cursos\/danca\/festival-internacional-de-folclore-e-artes-populares-de-pelotas\/\">Festival Internacional de Folclore e Artes Populares de Pelotas<\/a><\/p>\n<p><a href=\"https:\/\/wp.ufpel.edu.br\/camaradeextensaoca\/cursos\/danca\/laboratorio-de-preparacao-corporal\/\">Laborat\u00f3rio de Prepara\u00e7\u00e3o Corporal<\/a><\/p>\n<p><a href=\"https:\/\/wp.ufpel.edu.br\/camaradeextensaoca\/cursos\/danca\/danca-no-bairro\/\"> Dan\u00e7a no Bairro<\/a><\/p>\n<p><a href=\"https:\/\/wp.ufpel.edu.br\/camaradeextensaoca\/cursos\/danca\/oficina-de-cultura-popular\/\">Oficina de cultura popular<\/a><\/p>\n<p><a href=\"https:\/\/wp.ufpel.edu.br\/camaradeextensaoca\/cursos\/danca\/oficina-de-dancas-folcloricas-para-a-comunidade\/\">Oficina de Dan\u00e7as Folcl\u00f3ricas para a Comunidade<\/a><\/p>\n<p><a href=\"https:\/\/wp.ufpel.edu.br\/camaradeextensaoca\/cursos\/danca\/coreolab-laboratorio-de-estudos-coreograficos\/\">COREOLAB \u2013 Laborat\u00f3rio de Estudos Coreogr\u00e1ficos<\/a><\/p>\n<p><a href=\"https:\/\/wp.ufpel.edu.br\/camaradeextensaoca\/cursos\/danca\/caminhos-da-danca-na-rua\/\">Caminhos da dan\u00e7a na rua<\/a><\/p>\n<p>&nbsp;<\/p>\n","protected":false},"excerpt":{"rendered":"<p>Bailar: N\u00facleo de Dan\u00e7a na Maturidade Caminhos da dan\u00e7a na rua COREOLAB \u2013 Laborat\u00f3rio de Estudos Coreogr\u00e1ficos Dan\u00e7a no Bairro Sala de Figurinos Semin\u00e1rio de Estudos do Movimento na Maturidade Festival Internacional de Folclore e Artes Populares de Pelotas Laborat\u00f3rio de Prepara\u00e7\u00e3o Corporal Dan\u00e7a no Bairro Oficina de cultura popular Oficina de Dan\u00e7as Folcl\u00f3ricas para&#8230; <\/p>\n<div class=\"link-more\"><a href=\"https:\/\/wp.ufpel.edu.br\/camaradeextensaoca\/cursos\/danca\/\">Leia mais<\/a><\/div>\n","protected":false},"author":647,"featured_media":0,"parent":6,"menu_order":0,"comment_status":"closed","ping_status":"closed","template":"","meta":{"jetpack_post_was_ever_published":false,"footnotes":""},"class_list":["post-12","page","type-page","status-publish","hentry"],"jetpack_sharing_enabled":true,"jetpack_shortlink":"https:\/\/wp.me\/P8nTsJ-c","_links":{"self":[{"href":"https:\/\/wp.ufpel.edu.br\/camaradeextensaoca\/wp-json\/wp\/v2\/pages\/12","targetHints":{"allow":["GET"]}}],"collection":[{"href":"https:\/\/wp.ufpel.edu.br\/camaradeextensaoca\/wp-json\/wp\/v2\/pages"}],"about":[{"href":"https:\/\/wp.ufpel.edu.br\/camaradeextensaoca\/wp-json\/wp\/v2\/types\/page"}],"author":[{"embeddable":true,"href":"https:\/\/wp.ufpel.edu.br\/camaradeextensaoca\/wp-json\/wp\/v2\/users\/647"}],"replies":[{"embeddable":true,"href":"https:\/\/wp.ufpel.edu.br\/camaradeextensaoca\/wp-json\/wp\/v2\/comments?post=12"}],"version-history":[{"count":4,"href":"https:\/\/wp.ufpel.edu.br\/camaradeextensaoca\/wp-json\/wp\/v2\/pages\/12\/revisions"}],"predecessor-version":[{"id":567,"href":"https:\/\/wp.ufpel.edu.br\/camaradeextensaoca\/wp-json\/wp\/v2\/pages\/12\/revisions\/567"}],"up":[{"embeddable":true,"href":"https:\/\/wp.ufpel.edu.br\/camaradeextensaoca\/wp-json\/wp\/v2\/pages\/6"}],"wp:attachment":[{"href":"https:\/\/wp.ufpel.edu.br\/camaradeextensaoca\/wp-json\/wp\/v2\/media?parent=12"}],"curies":[{"name":"wp","href":"https:\/\/api.w.org\/{rel}","templated":true}]}}