{"id":113,"date":"2016-06-29T11:02:09","date_gmt":"2016-06-29T14:02:09","guid":{"rendered":"https:\/\/wp.ufpel.edu.br\/camaradeextensaoca\/?page_id=113"},"modified":"2016-10-13T11:04:38","modified_gmt":"2016-10-13T14:04:38","slug":"artes-visuais","status":"publish","type":"page","link":"https:\/\/wp.ufpel.edu.br\/camaradeextensaoca\/cursos\/artes-visuais\/","title":{"rendered":"Artes Visuais &#8211; Bacharelado"},"content":{"rendered":"<p><a href=\"https:\/\/wp.ufpel.edu.br\/camaradeextensaoca\/cursos\/artes-visuais\/ii-seminario-internacional-ensino-da-arte-culturas-e-praticas-do-cotidiano\/\">II SEMIN\u00c1RIO INTERNACIONAL ENSINO DA ARTE: culturas e pr\u00e1ticas do cotidiano<\/a><\/p>\n<p><a href=\"https:\/\/wp.ufpel.edu.br\/camaradeextensaoca\/cursos\/artes-visuais\/arte-inclusao-e-cidadania-consolidacao-e-novas-acoes\/\">Arte inclus\u00e3o e cidadania\u00a0<\/a><\/p>\n<p><a href=\"https:\/\/wp.ufpel.edu.br\/camaradeextensaoca\/cursos\/artes-visuais\/arte-inclusao-e-cidadania-consolidacao-e-novas-acoes\/\">Arte Inclus\u00e3o e Cidadania: Consolida\u00e7\u00e3o e novas a\u00e7\u00f5es<\/a><\/p>\n<p><a href=\"https:\/\/wp.ufpel.edu.br\/camaradeextensaoca\/cursos\/artes-visuais\/artes-de-revitalizacao-do-museu-de-arte-leopoldo-goturzzo\/\">Artes de Revitaliza\u00e7\u00e3o do Museu de Arte Leopoldo Goturzzo<\/a><\/p>\n<p><a href=\"https:\/\/wp.ufpel.edu.br\/camaradeextensaoca\/arteiros-do-cotidiano\/\">Arteiros do Cotidiano<\/a><\/p>\n<p><a href=\"https:\/\/wp.ufpel.edu.br\/camaradeextensaoca\/cursos\/artes-visuais\/cine-pibid-transversalizando-saberes-nas-artes-visuais\/\">CINE PIBID: Transversalizando Saberes nas Artes Visuais<\/a><\/p>\n<p><a href=\"https:\/\/wp.ufpel.edu.br\/camaradeextensaoca\/cursos\/artes-visuais\/ciclo-de-debates-a-arte-e-seus-lugares\/\">Ciclo de Debates: A arte e seus Lugares<\/a><\/p>\n<p><a href=\"https:\/\/wp.ufpel.edu.br\/camaradeextensaoca\/cursos\/artes-visuais\/construindo-um-forno-de-papel\/\">Construindo um forno de papel<\/a><\/p>\n<p><a href=\"https:\/\/wp.ufpel.edu.br\/camaradeextensaoca\/cursos\/artes-visuais\/corredor-gravura\/\">Corredor Gravura<\/a><\/p>\n<p><a href=\"https:\/\/wp.ufpel.edu.br\/camaradeextensaoca\/cursos\/artes-visuais\/gravacao-de-placas-de-circuito-impresso\/\">Corredor Gravura Grava\u00e7\u00e3o de Placas de Circuito Impresso<\/a><\/p>\n<p><a href=\"https:\/\/wp.ufpel.edu.br\/camaradeextensaoca\/cursos\/artes-visuais\/deslocamentos-e-cartografias-na-arte-contemporanea\/\">Deslocamentos e cartografias na arte contempor\u00e2nea<\/a><\/p>\n<p><a href=\"https:\/\/wp.ufpel.edu.br\/camaradeextensaoca\/cursos\/artes-visuais\/exposicoes-no-museu-de-arte-leopoldo-gotuzzo\/\">Exposi\u00e7\u00f5es no Museu de Arte Leopoldo Gotuzzo<\/a><\/p>\n<p><a href=\"https:\/\/wp.ufpel.edu.br\/camaradeextensaoca\/cursos\/artes-visuais\/feiras-com-arte\/\">Feiras com Arte<\/a><\/p>\n<p><a href=\"https:\/\/wp.ufpel.edu.br\/camaradeextensaoca\/cursos\/artes-visuais\/gravacao-de-placas-de-circuito-impresso\/\">Grava\u00e7\u00e3o de Placas de Circuito Impresso<\/a><\/p>\n<p><a href=\"https:\/\/wp.ufpel.edu.br\/camaradeextensaoca\/cursos\/artes-visuais\/mini-jardins\/\">Mini Jardins<\/a><\/p>\n<p><a href=\"https:\/\/wp.ufpel.edu.br\/camaradeextensaoca\/cursos\/artes-visuais\/mostra-anual-de-desenho-de-humor-da-ufpel\/\">Mostra anual de desenho de humor da UFPel<\/a><\/p>\n<p><a href=\"https:\/\/wp.ufpel.edu.br\/camaradeextensaoca\/cursos\/artes-visuais\/nome-do-projeto-gps-grupo-de-psicossociologia-e-arte\/\">Nome do projeto: GPS &#8211; Grupo de Psicossociologia e Arte<\/a><\/p>\n<p><a href=\"https:\/\/wp.ufpel.edu.br\/camaradeextensaoca\/cursos\/artes-visuais\/novos-produtores-culturais\/\">Novos Produtores Culturais<\/a><\/p>\n<p><a href=\"https:\/\/wp.ufpel.edu.br\/camaradeextensaoca\/cursos\/artes-visuais\/nucleo-de-desenho-e-quadrinhos\/\">N\u00facleo de Desenho e Quadrinhos<\/a><\/p>\n<p><a href=\"https:\/\/wp.ufpel.edu.br\/camaradeextensaoca\/cursos\/artes-visuais\/o-photographein-vai-a-escola\/\">O Photographein vai \u00e0 escola<\/a><\/p>\n<p><a href=\"https:\/\/wp.ufpel.edu.br\/camaradeextensaoca\/cursos\/artes-visuais\/oficinas-experimentais-pet-artes-visuais\/\">Oficinas Experimentais PET Artes Visuais<\/a><\/p>\n<p><a href=\"https:\/\/wp.ufpel.edu.br\/camaradeextensaoca\/cursos\/artes-visuais\/patafisica-mediadores-do-imaginario\/\">PATAF\u00cdSICA: Mediadores do Imagin\u00e1rio<\/a><\/p>\n<p><a href=\"https:\/\/wp.ufpel.edu.br\/camaradeextensaoca\/cursos\/artes-visuais\/premio-pet-artes-para-chuva\/\">Pr\u00eamio PET ARTES: para-chuva<\/a><\/p>\n<p><a href=\"https:\/\/wp.ufpel.edu.br\/camaradeextensaoca\/cursos\/artes-visuais\/pro-bichos-pelotas\/\">Pr\u00f3 Bichos Pelotas<\/a><\/p>\n<p><a href=\"https:\/\/wp.ufpel.edu.br\/camaradeextensaoca\/cursos\/artes-visuais\/projeto-arte-na-escola-o-ensino-da-arte-em-pelotas\/\">Projeto Arte na Escola: O Ensino da Arte em Pelotas<\/a><\/p>\n<p><a href=\"https:\/\/wp.ufpel.edu.br\/camaradeextensaoca\/cursos\/artes-visuais\/radio-escolar-e-educacao-popular-difusao-de-saberes-e-praticas-em-acoes-educativas\/\">Radio escolar e educa\u00e7\u00e3o popular: difus\u00e3o de saberes e pr\u00e1ticas em a\u00e7\u00f5es educativas<\/a><\/p>\n<p><a href=\"https:\/\/wp.ufpel.edu.br\/camaradeextensaoca\/cursos\/artes-visuais\/retratos-fotograficos-no-asilo-de-mendigos\/\">Retratos Fotogr\u00e1ficos no Asilo de Mendigos<\/a><\/p>\n<p><a href=\"https:\/\/wp.ufpel.edu.br\/camaradeextensaoca\/cursos\/artes-visuais\/revista-do-curso-de-design-do-ca-ufpel\/\">Revista do curso de Design do CA &#8211; UFPel<\/a><\/p>\n<p><a href=\"https:\/\/wp.ufpel.edu.br\/camaradeextensaoca\/tecnicas-basicas-de-aquarela\/\">T\u00e9cnicas B\u00e1sicas de Aquarela<\/a><\/p>\n<p>&nbsp;<\/p>\n<p>&nbsp;<\/p>\n","protected":false},"excerpt":{"rendered":"<p>II SEMIN\u00c1RIO INTERNACIONAL ENSINO DA ARTE: culturas e pr\u00e1ticas do cotidiano Arte inclus\u00e3o e cidadania\u00a0 Arte Inclus\u00e3o e Cidadania: Consolida\u00e7\u00e3o e novas a\u00e7\u00f5es Artes de Revitaliza\u00e7\u00e3o do Museu de Arte Leopoldo Goturzzo Arteiros do Cotidiano CINE PIBID: Transversalizando Saberes nas Artes Visuais Ciclo de Debates: A arte e seus Lugares Construindo um forno de papel&#8230; <\/p>\n<div class=\"link-more\"><a href=\"https:\/\/wp.ufpel.edu.br\/camaradeextensaoca\/cursos\/artes-visuais\/\">Leia mais<\/a><\/div>\n","protected":false},"author":647,"featured_media":0,"parent":6,"menu_order":0,"comment_status":"closed","ping_status":"closed","template":"","meta":{"jetpack_post_was_ever_published":false,"footnotes":""},"class_list":["post-113","page","type-page","status-publish","hentry"],"jetpack_sharing_enabled":true,"jetpack_shortlink":"https:\/\/wp.me\/P8nTsJ-1P","_links":{"self":[{"href":"https:\/\/wp.ufpel.edu.br\/camaradeextensaoca\/wp-json\/wp\/v2\/pages\/113","targetHints":{"allow":["GET"]}}],"collection":[{"href":"https:\/\/wp.ufpel.edu.br\/camaradeextensaoca\/wp-json\/wp\/v2\/pages"}],"about":[{"href":"https:\/\/wp.ufpel.edu.br\/camaradeextensaoca\/wp-json\/wp\/v2\/types\/page"}],"author":[{"embeddable":true,"href":"https:\/\/wp.ufpel.edu.br\/camaradeextensaoca\/wp-json\/wp\/v2\/users\/647"}],"replies":[{"embeddable":true,"href":"https:\/\/wp.ufpel.edu.br\/camaradeextensaoca\/wp-json\/wp\/v2\/comments?post=113"}],"version-history":[{"count":20,"href":"https:\/\/wp.ufpel.edu.br\/camaradeextensaoca\/wp-json\/wp\/v2\/pages\/113\/revisions"}],"predecessor-version":[{"id":766,"href":"https:\/\/wp.ufpel.edu.br\/camaradeextensaoca\/wp-json\/wp\/v2\/pages\/113\/revisions\/766"}],"up":[{"embeddable":true,"href":"https:\/\/wp.ufpel.edu.br\/camaradeextensaoca\/wp-json\/wp\/v2\/pages\/6"}],"wp:attachment":[{"href":"https:\/\/wp.ufpel.edu.br\/camaradeextensaoca\/wp-json\/wp\/v2\/media?parent=113"}],"curies":[{"name":"wp","href":"https:\/\/api.w.org\/{rel}","templated":true}]}}