{"id":94,"date":"2024-02-07T10:21:56","date_gmt":"2024-02-07T13:21:56","guid":{"rendered":"https:\/\/wp.ufpel.edu.br\/calendarios\/?page_id=94"},"modified":"2024-02-07T10:21:56","modified_gmt":"2024-02-07T13:21:56","slug":"pro-reitoria-de-assuntos-estudantis-prae","status":"publish","type":"page","link":"https:\/\/wp.ufpel.edu.br\/calendarios\/pro-reitoria-de-assuntos-estudantis-prae\/","title":{"rendered":"Pr\u00f3-Reitoria de Assuntos Estudantis\/PRAE"},"content":{"rendered":"<p><div id=\"cobalto-calendario\" class=\"dados-cobalto cobalto-calendario\"><\/div>\n<script>\n\tconst agendaQueryURL = 'https:\/\/api.ufpel.edu.br\/publico\/calendario\/88\/ano\/2024\/impressao',\n\t\t  mostraLegenda  = '1';\n<\/script>\n<script src=\"https:\/\/wp.ufpel.edu.br\/calendarios\/wp-content\/plugins\/dados-cobalto\/lib\/..\/js\/fullcalendar-5.11.0\/lib\/main.min.js\"><\/script>\n<script src=\"https:\/\/wp.ufpel.edu.br\/calendarios\/wp-content\/plugins\/dados-cobalto\/lib\/..\/js\/fullcalendar-5.11.0\/lib\/locales\/pt-br.js\"><\/script>\n<script src=\"https:\/\/wp.ufpel.edu.br\/calendarios\/wp-content\/plugins\/dados-cobalto\/lib\/..\/js\/tooltip\/popper.min.js\"><\/script>\n<script src=\"https:\/\/wp.ufpel.edu.br\/calendarios\/wp-content\/plugins\/dados-cobalto\/lib\/..\/js\/tooltip\/tooltip.min.js\"><\/script>\n<script src=\"https:\/\/wp.ufpel.edu.br\/calendarios\/wp-content\/plugins\/dados-cobalto\/lib\/..\/js\/agenda-fc.js\"><\/script><br \/>\n<div class=\"dados-cobalto cobalto-calendario\"><div class=\"cobalto-calendario-legenda\"><div class=\"cobalto-calendario-legenda-item\"><span class=\"cobalto-calendario-tipo\" style=\"background:#804040\"><\/span> Pr\u00f3-Reitoria de Assuntos Estudantis\/PRAE<\/div><\/div><div class=\"cobalto-calendario-mes\"><strong>Janeiro \/ 2024<\/strong><\/div><div class=\"cobalto-calendario-linha cobalto-calendario-linha-impar\"><span class=\"cobalto-calendario-tipo\" style=\"background:#804040\" title=\"Pr\u00f3-Reitoria de Assuntos Estudantis\/PRAE\"><\/span><span class=\"cobalto-calendario-dia\"><strong>02 Ter\u00e7a<\/strong><\/span><span class=\"cobalto-calendario-descricao\"><span class=\"cobalto-evento-item-hora\"><\/span>IN\u00cdCIO: Prazo para pedidos de passe-livre em 2024<\/span><\/div><div class=\"cobalto-calendario-mes\"><strong>Mar\u00e7o \/ 2024<\/strong><\/div><div class=\"cobalto-calendario-linha cobalto-calendario-linha-par\"><span class=\"cobalto-calendario-tipo\" style=\"background:#804040\" title=\"Pr\u00f3-Reitoria de Assuntos Estudantis\/PRAE\"><\/span><span class=\"cobalto-calendario-dia\"><strong>01 Sexta<\/strong><\/span><span class=\"cobalto-calendario-descricao\"><span class=\"cobalto-evento-item-hora\"><\/span>IN\u00cdCIO: Prazo para pedido de aux\u00edlio transporte urbano para o per\u00edodo de f\u00e9rias 2024\/1<\/span><\/div><div class=\"cobalto-calendario-linha cobalto-calendario-linha-impar\"><span class=\"cobalto-calendario-tipo\" style=\"background:#804040\" title=\"Pr\u00f3-Reitoria de Assuntos Estudantis\/PRAE\"><\/span><span class=\"cobalto-calendario-dia\"><strong>10 Domingo<\/strong><\/span><span class=\"cobalto-calendario-descricao\"><span class=\"cobalto-evento-item-hora\"><\/span>FIM: Prazo para pedido de aux\u00edlio transporte urbano para o per\u00edodo de f\u00e9rias 2024\/1<\/span><\/div><div class=\"cobalto-calendario-mes\"><strong>Abril \/ 2024<\/strong><\/div><div class=\"cobalto-calendario-linha cobalto-calendario-linha-par\"><span class=\"cobalto-calendario-tipo\" style=\"background:#804040\" title=\"Pr\u00f3-Reitoria de Assuntos Estudantis\/PRAE\"><\/span><span class=\"cobalto-calendario-dia\"><strong>15 Segunda<\/strong><\/span><span class=\"cobalto-calendario-descricao\"><span class=\"cobalto-evento-item-hora\"><\/span>IN\u00cdCIO: Prazo para preenchimento da ATA do transporte urbano 2024\/1<\/span><\/div><div class=\"cobalto-calendario-linha cobalto-calendario-linha-impar\"><span class=\"cobalto-calendario-tipo\" style=\"background:#804040\" title=\"Pr\u00f3-Reitoria de Assuntos Estudantis\/PRAE\"><\/span><span class=\"cobalto-calendario-dia\"><strong>17 Quarta<\/strong><\/span><span class=\"cobalto-calendario-descricao\"><span class=\"cobalto-evento-item-hora\"><\/span>IN\u00cdCIO: Prazo para comprova\u00e7\u00e3o do Programa Aux\u00edlio Deslocamento 1\u00ba sem 2024<\/span><\/div><div class=\"cobalto-calendario-linha cobalto-calendario-linha-impar\"><span class=\"cobalto-calendario-tipo\" style=\"background:#804040\" title=\"Pr\u00f3-Reitoria de Assuntos Estudantis\/PRAE\"><\/span><span class=\"cobalto-calendario-dia\"><strong><\/strong><\/span><span class=\"cobalto-calendario-descricao\"><span class=\"cobalto-evento-item-hora\"><\/span>IN\u00cdCIO: Prazo para comprova\u00e7\u00e3o do Programa Aux\u00edlio Moradia 1\u00ba sem 2024<\/span><\/div><div class=\"cobalto-calendario-linha cobalto-calendario-linha-par\"><span class=\"cobalto-calendario-tipo\" style=\"background:#804040\" title=\"Pr\u00f3-Reitoria de Assuntos Estudantis\/PRAE\"><\/span><span class=\"cobalto-calendario-dia\"><strong>23 Ter\u00e7a<\/strong><\/span><span class=\"cobalto-calendario-descricao\"><span class=\"cobalto-evento-item-hora\"><\/span>FIM: Prazo para preenchimento da ATA do transporte urbano 2024\/1<\/span><\/div><div class=\"cobalto-calendario-linha cobalto-calendario-linha-impar\"><span class=\"cobalto-calendario-tipo\" style=\"background:#804040\" title=\"Pr\u00f3-Reitoria de Assuntos Estudantis\/PRAE\"><\/span><span class=\"cobalto-calendario-dia\"><strong>26 Sexta<\/strong><\/span><span class=\"cobalto-calendario-descricao\"><span class=\"cobalto-evento-item-hora\"><\/span>FIM: Prazo para comprova\u00e7\u00e3o do Programa Aux\u00edlio Moradia 1\u00ba sem 2024<\/span><\/div><div class=\"cobalto-calendario-linha cobalto-calendario-linha-impar\"><span class=\"cobalto-calendario-tipo\" style=\"background:#804040\" title=\"Pr\u00f3-Reitoria de Assuntos Estudantis\/PRAE\"><\/span><span class=\"cobalto-calendario-dia\"><strong><\/strong><\/span><span class=\"cobalto-calendario-descricao\"><span class=\"cobalto-evento-item-hora\"><\/span>FIM: Prazo para comprova\u00e7\u00e3o do Programa Aux\u00edlio Deslocamento 1\u00ba sem 2024<\/span><\/div><div class=\"cobalto-calendario-mes\"><strong>Julho \/ 2024<\/strong><\/div><div class=\"cobalto-calendario-linha cobalto-calendario-linha-par\"><span class=\"cobalto-calendario-tipo\" style=\"background:#804040\" title=\"Pr\u00f3-Reitoria de Assuntos Estudantis\/PRAE\"><\/span><span class=\"cobalto-calendario-dia\"><strong>08 Segunda<\/strong><\/span><span class=\"cobalto-calendario-descricao\"><span class=\"cobalto-evento-item-hora\"><\/span>IN\u00cdCIO: Prazo para pedido de aux\u00edlio transporte urbano para o per\u00edodo de f\u00e9rias 2024\/2<\/span><\/div><div class=\"cobalto-calendario-linha cobalto-calendario-linha-impar\"><span class=\"cobalto-calendario-tipo\" style=\"background:#804040\" title=\"Pr\u00f3-Reitoria de Assuntos Estudantis\/PRAE\"><\/span><span class=\"cobalto-calendario-dia\"><strong>14 Domingo<\/strong><\/span><span class=\"cobalto-calendario-descricao\"><span class=\"cobalto-evento-item-hora\"><\/span>FIM: Prazo para pedido de aux\u00edlio transporte urbano para o per\u00edodo de f\u00e9rias 2024\/2<\/span><\/div><div class=\"cobalto-calendario-mes\"><strong>Agosto \/ 2024<\/strong><\/div><div class=\"cobalto-calendario-linha cobalto-calendario-linha-par\"><span class=\"cobalto-calendario-tipo\" style=\"background:#804040\" title=\"Pr\u00f3-Reitoria de Assuntos Estudantis\/PRAE\"><\/span><span class=\"cobalto-calendario-dia\"><strong>26 Segunda<\/strong><\/span><span class=\"cobalto-calendario-descricao\"><span class=\"cobalto-evento-item-hora\"><\/span>IN\u00cdCIO: Prazo para preenchimento da ATA do transporte urbano 2024\/2<\/span><\/div><div class=\"cobalto-calendario-linha cobalto-calendario-linha-impar\"><span class=\"cobalto-calendario-tipo\" style=\"background:#804040\" title=\"Pr\u00f3-Reitoria de Assuntos Estudantis\/PRAE\"><\/span><span class=\"cobalto-calendario-dia\"><strong>28 Quarta<\/strong><\/span><span class=\"cobalto-calendario-descricao\"><span class=\"cobalto-evento-item-hora\"><\/span>IN\u00cdCIO: Prazo para comprova\u00e7\u00e3o do Programa Aux\u00edlio Deslocamento 2\u00ba sem 2024<\/span><\/div><div class=\"cobalto-calendario-linha cobalto-calendario-linha-impar\"><span class=\"cobalto-calendario-tipo\" style=\"background:#804040\" title=\"Pr\u00f3-Reitoria de Assuntos Estudantis\/PRAE\"><\/span><span class=\"cobalto-calendario-dia\"><strong><\/strong><\/span><span class=\"cobalto-calendario-descricao\"><span class=\"cobalto-evento-item-hora\"><\/span>IN\u00cdCIO: Prazo para comprova\u00e7\u00e3o do Programa Aux\u00edlio Moradia 2\u00ba sem 2024<\/span><\/div><div class=\"cobalto-calendario-mes\"><strong>Setembro \/ 2024<\/strong><\/div><div class=\"cobalto-calendario-linha cobalto-calendario-linha-par\"><span class=\"cobalto-calendario-tipo\" style=\"background:#804040\" title=\"Pr\u00f3-Reitoria de Assuntos Estudantis\/PRAE\"><\/span><span class=\"cobalto-calendario-dia\"><strong>06 Sexta<\/strong><\/span><span class=\"cobalto-calendario-descricao\"><span class=\"cobalto-evento-item-hora\"><\/span>FIM: Prazo para comprova\u00e7\u00e3o do Programa Aux\u00edlio Deslocamento 2\u00ba sem 2024<\/span><\/div><div class=\"cobalto-calendario-linha cobalto-calendario-linha-par\"><span class=\"cobalto-calendario-tipo\" style=\"background:#804040\" title=\"Pr\u00f3-Reitoria de Assuntos Estudantis\/PRAE\"><\/span><span class=\"cobalto-calendario-dia\"><strong><\/strong><\/span><span class=\"cobalto-calendario-descricao\"><span class=\"cobalto-evento-item-hora\"><\/span>FIM: Prazo para comprova\u00e7\u00e3o do Programa Aux\u00edlio Moradia 2\u00ba sem 2024<\/span><\/div><div class=\"cobalto-calendario-linha cobalto-calendario-linha-impar\"><span class=\"cobalto-calendario-tipo\" style=\"background:#804040\" title=\"Pr\u00f3-Reitoria de Assuntos Estudantis\/PRAE\"><\/span><span class=\"cobalto-calendario-dia\"><strong>13 Sexta<\/strong><\/span><span class=\"cobalto-calendario-descricao\"><span class=\"cobalto-evento-item-hora\"><\/span>FIM: Prazo para preenchimento da ATA do transporte urbano 2024\/2<\/span><\/div><div class=\"cobalto-calendario-mes\"><strong>Novembro \/ 2024<\/strong><\/div><div class=\"cobalto-calendario-linha cobalto-calendario-linha-par\"><span class=\"cobalto-calendario-tipo\" style=\"background:#804040\" title=\"Pr\u00f3-Reitoria de Assuntos Estudantis\/PRAE\"><\/span><span class=\"cobalto-calendario-dia\"><strong>30 S\u00e1bado<\/strong><\/span><span class=\"cobalto-calendario-descricao\"><span class=\"cobalto-evento-item-hora\"><\/span>FIM: Prazo para pedidos de passe-livre em 2024<\/span><\/div><div class=\"cobalto-calendario-legenda\"><div class=\"cobalto-calendario-legenda-item\"><span class=\"cobalto-calendario-tipo\" style=\"background:#804040\"><\/span> Pr\u00f3-Reitoria de Assuntos Estudantis\/PRAE<\/div><\/div><\/div> <!-- .dados-cobalto --><\/p>\n","protected":false},"excerpt":{"rendered":"","protected":false},"author":20,"featured_media":0,"parent":0,"menu_order":0,"comment_status":"closed","ping_status":"closed","template":"","meta":{"footnotes":""},"class_list":["post-94","page","type-page","status-publish","hentry"],"_links":{"self":[{"href":"https:\/\/wp.ufpel.edu.br\/calendarios\/wp-json\/wp\/v2\/pages\/94","targetHints":{"allow":["GET"]}}],"collection":[{"href":"https:\/\/wp.ufpel.edu.br\/calendarios\/wp-json\/wp\/v2\/pages"}],"about":[{"href":"https:\/\/wp.ufpel.edu.br\/calendarios\/wp-json\/wp\/v2\/types\/page"}],"author":[{"embeddable":true,"href":"https:\/\/wp.ufpel.edu.br\/calendarios\/wp-json\/wp\/v2\/users\/20"}],"replies":[{"embeddable":true,"href":"https:\/\/wp.ufpel.edu.br\/calendarios\/wp-json\/wp\/v2\/comments?post=94"}],"version-history":[{"count":1,"href":"https:\/\/wp.ufpel.edu.br\/calendarios\/wp-json\/wp\/v2\/pages\/94\/revisions"}],"predecessor-version":[{"id":96,"href":"https:\/\/wp.ufpel.edu.br\/calendarios\/wp-json\/wp\/v2\/pages\/94\/revisions\/96"}],"wp:attachment":[{"href":"https:\/\/wp.ufpel.edu.br\/calendarios\/wp-json\/wp\/v2\/media?parent=94"}],"curies":[{"name":"wp","href":"https:\/\/api.w.org\/{rel}","templated":true}]}}