{"id":45,"date":"2023-02-23T17:30:50","date_gmt":"2023-02-23T20:30:50","guid":{"rendered":"https:\/\/wp.ufpel.edu.br\/calendarios\/?page_id=45"},"modified":"2024-02-07T10:14:13","modified_gmt":"2024-02-07T13:14:13","slug":"pro-reitoria-de-extensao-e-cultura-prec","status":"publish","type":"page","link":"https:\/\/wp.ufpel.edu.br\/calendarios\/pro-reitoria-de-extensao-e-cultura-prec\/","title":{"rendered":"Pr\u00f3-Reitoria de Extens\u00e3o e Cultura\/PREC"},"content":{"rendered":"<p><div id=\"cobalto-calendario\" class=\"dados-cobalto cobalto-calendario\"><\/div>\n<script>\n\tconst agendaQueryURL = 'https:\/\/api.ufpel.edu.br\/publico\/calendario\/68\/ano\/2024\/impressao',\n\t\t  mostraLegenda  = '1';\n<\/script>\n<script src=\"https:\/\/wp.ufpel.edu.br\/calendarios\/wp-content\/plugins\/dados-cobalto\/lib\/..\/js\/fullcalendar-5.11.0\/lib\/main.min.js\"><\/script>\n<script src=\"https:\/\/wp.ufpel.edu.br\/calendarios\/wp-content\/plugins\/dados-cobalto\/lib\/..\/js\/fullcalendar-5.11.0\/lib\/locales\/pt-br.js\"><\/script>\n<script src=\"https:\/\/wp.ufpel.edu.br\/calendarios\/wp-content\/plugins\/dados-cobalto\/lib\/..\/js\/tooltip\/popper.min.js\"><\/script>\n<script src=\"https:\/\/wp.ufpel.edu.br\/calendarios\/wp-content\/plugins\/dados-cobalto\/lib\/..\/js\/tooltip\/tooltip.min.js\"><\/script>\n<script src=\"https:\/\/wp.ufpel.edu.br\/calendarios\/wp-content\/plugins\/dados-cobalto\/lib\/..\/js\/agenda-fc.js\"><\/script><br \/>\n<div class=\"dados-cobalto cobalto-calendario\"><div class=\"cobalto-calendario-legenda\"><div class=\"cobalto-calendario-legenda-item\"><span class=\"cobalto-calendario-tipo\" style=\"background:#A47AE2\"><\/span>  Pr\u00f3-Reitoria de Extens\u00e3o e Cultura\/PREC<\/div><\/div><div class=\"cobalto-calendario-mes\"><strong>Janeiro \/ 2024<\/strong><\/div><div class=\"cobalto-calendario-linha cobalto-calendario-linha-impar\"><span class=\"cobalto-calendario-tipo\" style=\"background:#A47AE2\" title=\" Pr\u00f3-Reitoria de Extens\u00e3o e Cultura\/PREC\"><\/span><span class=\"cobalto-calendario-dia\"><strong>15 Segunda<\/strong><\/span><span class=\"cobalto-calendario-descricao\"><a href=\"https:\/\/periodicos.ufpel.edu.br\/index.php\/expressaextensao\"><span class=\"cobalto-evento-item-hora\"><\/span>IN\u00cdCIO: Publica\u00e7\u00e3o da Revista Expressa Extens\u00e3o V. 29\/N.1 de 2024<\/a><\/span><\/div><div class=\"cobalto-calendario-linha cobalto-calendario-linha-par\"><span class=\"cobalto-calendario-tipo\" style=\"background:#A47AE2\" title=\" Pr\u00f3-Reitoria de Extens\u00e3o e Cultura\/PREC\"><\/span><span class=\"cobalto-calendario-dia\"><strong>30 Ter\u00e7a<\/strong><\/span><span class=\"cobalto-calendario-descricao\"><a href=\"https:\/\/periodicos.ufpel.edu.br\/index.php\/expressaextensao\/about\/submissions\"><span class=\"cobalto-evento-item-hora\"><\/span>Data limite para submissa\u0303o de textos \u00e0 Revista Expressa Extens\u00e3o V. 29\/N. 2, 2024<\/a><\/span><\/div><div class=\"cobalto-calendario-linha cobalto-calendario-linha-par\"><span class=\"cobalto-calendario-tipo\" style=\"background:#A47AE2\" title=\" Pr\u00f3-Reitoria de Extens\u00e3o e Cultura\/PREC\"><\/span><span class=\"cobalto-calendario-dia\"><strong><\/strong><\/span><span class=\"cobalto-calendario-descricao\"><a href=\"https:\/\/periodicos.ufpel.edu.br\/index.php\/expressaextensao\"><span class=\"cobalto-evento-item-hora\"><\/span>FIM: Publica\u00e7\u00e3o da Revista Expressa Extens\u00e3o V. 29\/N.1 de 2024<\/a><\/span><\/div><div class=\"cobalto-calendario-mes\"><strong>Fevereiro \/ 2024<\/strong><\/div><div class=\"cobalto-calendario-linha cobalto-calendario-linha-impar\"><span class=\"cobalto-calendario-tipo\" style=\"background:#A47AE2\" title=\" Pr\u00f3-Reitoria de Extens\u00e3o e Cultura\/PREC\"><\/span><span class=\"cobalto-calendario-dia\"><strong>09 Sexta<\/strong><\/span><span class=\"cobalto-calendario-descricao\"><a href=\"https:\/\/wp.ufpel.edu.br\/prec\/bolsas-de-extensao\/bolsas\/\"><span class=\"cobalto-evento-item-hora\"><\/span>IN\u00cdCIO: Per\u00edodo de inscri\u00e7\u00f5es (para projetos) - Edital de Programa de Bolsas de Inicia\u00e7\u00e3o \u00e0 Extens\u00e3o e Cultura<\/a><\/span><\/div><div class=\"cobalto-calendario-mes\"><strong>Mar\u00e7o \/ 2024<\/strong><\/div><div class=\"cobalto-calendario-linha cobalto-calendario-linha-par\"><span class=\"cobalto-calendario-tipo\" style=\"background:#A47AE2\" title=\" Pr\u00f3-Reitoria de Extens\u00e3o e Cultura\/PREC\"><\/span><span class=\"cobalto-calendario-dia\"><strong>18 Segunda<\/strong><\/span><span class=\"cobalto-calendario-descricao\"><a href=\"https:\/\/wp.ufpel.edu.br\/prec\/bolsas-de-extensao\/bolsas\/\"><span class=\"cobalto-evento-item-hora\"><\/span>FIM: Per\u00edodo de inscri\u00e7\u00f5es (para projetos) - Edital de Programa de Bolsas de Inicia\u00e7\u00e3o \u00e0 Extens\u00e3o e Cultura<\/a><\/span><\/div><div class=\"cobalto-calendario-mes\"><strong>Abril \/ 2024<\/strong><\/div><div class=\"cobalto-calendario-linha cobalto-calendario-linha-impar\"><span class=\"cobalto-calendario-tipo\" style=\"background:#A47AE2\" title=\" Pr\u00f3-Reitoria de Extens\u00e3o e Cultura\/PREC\"><\/span><span class=\"cobalto-calendario-dia\"><strong>15 Segunda<\/strong><\/span><span class=\"cobalto-calendario-descricao\"><span class=\"cobalto-evento-item-hora\"><\/span>Per\u00edodo de vig\u00eancia das Bolsas de Inicia\u00e7\u00e3o \u00e0 Extens\u00e3o e Cultura<\/span><\/div><div class=\"cobalto-calendario-mes\"><strong>Maio \/ 2024<\/strong><\/div><div class=\"cobalto-calendario-linha cobalto-calendario-linha-par\"><span class=\"cobalto-calendario-tipo\" style=\"background:#A47AE2\" title=\" Pr\u00f3-Reitoria de Extens\u00e3o e Cultura\/PREC\"><\/span><span class=\"cobalto-calendario-dia\"><strong>15 Quarta<\/strong><\/span><span class=\"cobalto-calendario-descricao\"><a href=\"https:\/\/periodicos.ufpel.edu.br\/index.php\/expressaextensao\"><span class=\"cobalto-evento-item-hora\"><\/span>IN\u00cdCIO: Publica\u00e7\u00e3o da Revista Expressa Extens\u00e3o V. 29\/N.2 de 2024<\/a><\/span><\/div><div class=\"cobalto-calendario-linha cobalto-calendario-linha-impar\"><span class=\"cobalto-calendario-tipo\" style=\"background:#A47AE2\" title=\" Pr\u00f3-Reitoria de Extens\u00e3o e Cultura\/PREC\"><\/span><span class=\"cobalto-calendario-dia\"><strong>30 Quinta<\/strong><\/span><span class=\"cobalto-calendario-descricao\"><a href=\"https:\/\/periodicos.ufpel.edu.br\/index.php\/expressaextensao\/about\/submissions\"><span class=\"cobalto-evento-item-hora\"><\/span>Data limite para submissa\u0303o de textos \u00e0 Revista Expressa Extens\u00e3o V. 29\/N. 3, 2024<\/a><\/span><\/div><div class=\"cobalto-calendario-linha cobalto-calendario-linha-impar\"><span class=\"cobalto-calendario-tipo\" style=\"background:#A47AE2\" title=\" Pr\u00f3-Reitoria de Extens\u00e3o e Cultura\/PREC\"><\/span><span class=\"cobalto-calendario-dia\"><strong><\/strong><\/span><span class=\"cobalto-calendario-descricao\"><a href=\"https:\/\/periodicos.ufpel.edu.br\/index.php\/expressaextensao\"><span class=\"cobalto-evento-item-hora\"><\/span>FIM: Publica\u00e7\u00e3o da Revista Expressa Extens\u00e3o V. 29\/N.2 de 2024<\/a><\/span><\/div><div class=\"cobalto-calendario-mes\"><strong>Setembro \/ 2024<\/strong><\/div><div class=\"cobalto-calendario-linha cobalto-calendario-linha-par\"><span class=\"cobalto-calendario-tipo\" style=\"background:#A47AE2\" title=\" Pr\u00f3-Reitoria de Extens\u00e3o e Cultura\/PREC\"><\/span><span class=\"cobalto-calendario-dia\"><strong>15 Domingo<\/strong><\/span><span class=\"cobalto-calendario-descricao\"><a href=\"https:\/\/periodicos.ufpel.edu.br\/index.php\/expressaextensao\"><span class=\"cobalto-evento-item-hora\"><\/span>IN\u00cdCIO: Publica\u00e7\u00e3o da Revista Expressa Extens\u00e3o V. 29\/N.3 de 2024<\/a><\/span><\/div><div class=\"cobalto-calendario-linha cobalto-calendario-linha-impar\"><span class=\"cobalto-calendario-tipo\" style=\"background:#A47AE2\" title=\" Pr\u00f3-Reitoria de Extens\u00e3o e Cultura\/PREC\"><\/span><span class=\"cobalto-calendario-dia\"><strong>30 Segunda<\/strong><\/span><span class=\"cobalto-calendario-descricao\"><a href=\"https:\/\/periodicos.ufpel.edu.br\/index.php\/expressaextensao\"><span class=\"cobalto-evento-item-hora\"><\/span>Data limite para submissa\u0303o de textos \u00e0 Revista Expressa Extens\u00e3o V. 30\/N. 1, 2025<\/a><\/span><\/div><div class=\"cobalto-calendario-linha cobalto-calendario-linha-impar\"><span class=\"cobalto-calendario-tipo\" style=\"background:#A47AE2\" title=\" Pr\u00f3-Reitoria de Extens\u00e3o e Cultura\/PREC\"><\/span><span class=\"cobalto-calendario-dia\"><strong><\/strong><\/span><span class=\"cobalto-calendario-descricao\"><a href=\"https:\/\/periodicos.ufpel.edu.br\/index.php\/expressaextensao\"><span class=\"cobalto-evento-item-hora\"><\/span>FIM: Publica\u00e7\u00e3o da Revista Expressa Extens\u00e3o V. 29\/N.3 de 2024<\/a><\/span><\/div><div class=\"cobalto-calendario-mes\"><strong>Novembro \/ 2024<\/strong><\/div><div class=\"cobalto-calendario-linha cobalto-calendario-linha-par\"><span class=\"cobalto-calendario-tipo\" style=\"background:#A47AE2\" title=\" Pr\u00f3-Reitoria de Extens\u00e3o e Cultura\/PREC\"><\/span><span class=\"cobalto-calendario-dia\"><strong>30 S\u00e1bado<\/strong><\/span><span class=\"cobalto-calendario-descricao\"><span class=\"cobalto-evento-item-hora\"><\/span>Per\u00edodo de vig\u00eancia das Bolsas de Inicia\u00e7\u00e3o \u00e0 Extens\u00e3o e Cultura<\/span><\/div><div class=\"cobalto-calendario-legenda\"><div class=\"cobalto-calendario-legenda-item\"><span class=\"cobalto-calendario-tipo\" style=\"background:#A47AE2\"><\/span>  Pr\u00f3-Reitoria de Extens\u00e3o e Cultura\/PREC<\/div><\/div><\/div> <!-- .dados-cobalto --><\/p>\n","protected":false},"excerpt":{"rendered":"","protected":false},"author":667,"featured_media":0,"parent":0,"menu_order":0,"comment_status":"closed","ping_status":"closed","template":"","meta":{"footnotes":""},"class_list":["post-45","page","type-page","status-publish","hentry"],"_links":{"self":[{"href":"https:\/\/wp.ufpel.edu.br\/calendarios\/wp-json\/wp\/v2\/pages\/45","targetHints":{"allow":["GET"]}}],"collection":[{"href":"https:\/\/wp.ufpel.edu.br\/calendarios\/wp-json\/wp\/v2\/pages"}],"about":[{"href":"https:\/\/wp.ufpel.edu.br\/calendarios\/wp-json\/wp\/v2\/types\/page"}],"author":[{"embeddable":true,"href":"https:\/\/wp.ufpel.edu.br\/calendarios\/wp-json\/wp\/v2\/users\/667"}],"replies":[{"embeddable":true,"href":"https:\/\/wp.ufpel.edu.br\/calendarios\/wp-json\/wp\/v2\/comments?post=45"}],"version-history":[{"count":2,"href":"https:\/\/wp.ufpel.edu.br\/calendarios\/wp-json\/wp\/v2\/pages\/45\/revisions"}],"predecessor-version":[{"id":82,"href":"https:\/\/wp.ufpel.edu.br\/calendarios\/wp-json\/wp\/v2\/pages\/45\/revisions\/82"}],"wp:attachment":[{"href":"https:\/\/wp.ufpel.edu.br\/calendarios\/wp-json\/wp\/v2\/media?parent=45"}],"curies":[{"name":"wp","href":"https:\/\/api.w.org\/{rel}","templated":true}]}}