{"id":1020,"date":"2023-10-15T15:12:06","date_gmt":"2023-10-15T18:12:06","guid":{"rendered":"https:\/\/wp.ufpel.edu.br\/cafv\/?page_id=1020"},"modified":"2023-10-15T15:13:51","modified_gmt":"2023-10-15T18:13:51","slug":"gestao2022","status":"publish","type":"page","link":"https:\/\/wp.ufpel.edu.br\/cafv\/gestao2022\/","title":{"rendered":"Gest\u00e3o 2022"},"content":{"rendered":"<p><span style=\"font-size: 18pt;\"><em><strong>Gest\u00e3o &#8220;N\u00e3o C\u00e1lice&#8221; &#8211; CAFV 2022<\/strong><\/em><\/span><\/p>\n<p><strong>Coordenadoria Geral:<\/strong><\/p>\n<p>&#8211; Vit\u00f3ria Medeiros de Almeida<br \/>\n&#8211; Jo\u00e3o Tavares<br \/>\n&#8211; Talyne Figueiredo<\/p>\n<p><strong>Coordenadoria Acad\u00eamica:<\/strong><\/p>\n<p>&#8211; Pl\u00ednio Bertante<br \/>\n&#8211; Thiago Peter Azario<br \/>\n&#8211; Pedro Satte Alam<br \/>\n&#8211; Guilherme Rommel Coelho<br \/>\n&#8211; Natascha Vieira<br \/>\n&#8211; Hudson Brito Viana<\/p>\n<p><strong>Coordenadoria de Finan\u00e7as e Patrim\u00f4nio:<\/strong><\/p>\n<p>&#8211; Laura Tresmondi<br \/>\n&#8211; Carolina Rosa<br \/>\n&#8211; Cineas Rangel Peres<br \/>\n&#8211; Yuri Assine Greg\u00f3rio<br \/>\n&#8211; Lici\u00ea Scolari<br \/>\n-Daniela da Silveira dos Santos<br \/>\n&#8211; Julia Natalia Nunes Santinho<\/p>\n<p><strong>Coordenadoria de Movimento Estudantil:<\/strong><\/p>\n<p>&#8211; Fabiana C\u00e2ndido Zandomenico<br \/>\n&#8211; Emily Dal Moro<br \/>\n&#8211; Davi Alves Amorim<br \/>\n&#8211; Carlos Henrique Rodrigues<br \/>\n&#8211; B\u00e1rbara Neutzling<br \/>\n&#8211; Jo\u00e3o Henrique Tissot Nachtigall<br \/>\n&#8211; Stephane da Silva Bilhalva<\/p>\n<p><strong>Coordenadoria de Comunica\u00e7\u00e3o, Cultura e Eventos:<\/strong><\/p>\n<p>&#8211; Michaella Gomes da Silva<br \/>\n&#8211; Lara Freitas<br \/>\n&#8211; Sara Morais<br \/>\n&#8211; Josiel Borges<br \/>\n&#8211; Mainara Rorig<\/p>\n","protected":false},"excerpt":{"rendered":"<p>Gest\u00e3o &#8220;N\u00e3o C\u00e1lice&#8221; &#8211; CAFV 2022 Coordenadoria Geral: &#8211; Vit\u00f3ria Medeiros de Almeida &#8211; Jo\u00e3o Tavares &#8211; Talyne Figueiredo Coordenadoria [&hellip;]<\/p>\n","protected":false},"author":883,"featured_media":0,"parent":0,"menu_order":0,"comment_status":"closed","ping_status":"closed","template":"","meta":{"footnotes":""},"class_list":["post-1020","page","type-page","status-publish","hentry","post"],"yoast_head":"<!-- This site is optimized with the Yoast SEO plugin v26.7 - https:\/\/yoast.com\/wordpress\/plugins\/seo\/ -->\n<title>Gest\u00e3o 2022 - Centro Acad\u00eamico Ferreira Vianna<\/title>\n<meta name=\"robots\" content=\"index, follow, max-snippet:-1, max-image-preview:large, max-video-preview:-1\" \/>\n<link rel=\"canonical\" href=\"https:\/\/wp.ufpel.edu.br\/cafv\/gestao2022\/\" \/>\n<meta property=\"og:locale\" content=\"pt_BR\" \/>\n<meta property=\"og:type\" content=\"article\" \/>\n<meta property=\"og:title\" content=\"Gest\u00e3o 2022 - Centro Acad\u00eamico Ferreira Vianna\" \/>\n<meta property=\"og:description\" content=\"Gest\u00e3o &#8220;N\u00e3o C\u00e1lice&#8221; &#8211; CAFV 2022 Coordenadoria Geral: &#8211; Vit\u00f3ria Medeiros de Almeida &#8211; Jo\u00e3o Tavares &#8211; Talyne Figueiredo Coordenadoria [&hellip;]\" \/>\n<meta property=\"og:url\" content=\"https:\/\/wp.ufpel.edu.br\/cafv\/gestao2022\/\" \/>\n<meta property=\"og:site_name\" content=\"Centro Acad\u00eamico Ferreira Vianna\" \/>\n<meta property=\"article:modified_time\" content=\"2023-10-15T18:13:51+00:00\" \/>\n<meta name=\"twitter:card\" content=\"summary_large_image\" \/>\n<meta name=\"twitter:label1\" content=\"Est. tempo de leitura\" \/>\n\t<meta name=\"twitter:data1\" content=\"1 minuto\" \/>\n<script type=\"application\/ld+json\" class=\"yoast-schema-graph\">{\"@context\":\"https:\/\/schema.org\",\"@graph\":[{\"@type\":\"WebPage\",\"@id\":\"https:\/\/wp.ufpel.edu.br\/cafv\/gestao2022\/\",\"url\":\"https:\/\/wp.ufpel.edu.br\/cafv\/gestao2022\/\",\"name\":\"Gest\u00e3o 2022 - Centro Acad\u00eamico Ferreira Vianna\",\"isPartOf\":{\"@id\":\"https:\/\/wp.ufpel.edu.br\/cafv\/#website\"},\"datePublished\":\"2023-10-15T18:12:06+00:00\",\"dateModified\":\"2023-10-15T18:13:51+00:00\",\"breadcrumb\":{\"@id\":\"https:\/\/wp.ufpel.edu.br\/cafv\/gestao2022\/#breadcrumb\"},\"inLanguage\":\"pt-BR\",\"potentialAction\":[{\"@type\":\"ReadAction\",\"target\":[\"https:\/\/wp.ufpel.edu.br\/cafv\/gestao2022\/\"]}]},{\"@type\":\"BreadcrumbList\",\"@id\":\"https:\/\/wp.ufpel.edu.br\/cafv\/gestao2022\/#breadcrumb\",\"itemListElement\":[{\"@type\":\"ListItem\",\"position\":1,\"name\":\"In\u00edcio\",\"item\":\"https:\/\/wp.ufpel.edu.br\/cafv\/\"},{\"@type\":\"ListItem\",\"position\":2,\"name\":\"Gest\u00e3o 2022\"}]},{\"@type\":\"WebSite\",\"@id\":\"https:\/\/wp.ufpel.edu.br\/cafv\/#website\",\"url\":\"https:\/\/wp.ufpel.edu.br\/cafv\/\",\"name\":\"Centro Acad\u00eamico Ferreira Vianna\",\"description\":\"\",\"publisher\":{\"@id\":\"https:\/\/wp.ufpel.edu.br\/cafv\/#organization\"},\"potentialAction\":[{\"@type\":\"SearchAction\",\"target\":{\"@type\":\"EntryPoint\",\"urlTemplate\":\"https:\/\/wp.ufpel.edu.br\/cafv\/?s={search_term_string}\"},\"query-input\":{\"@type\":\"PropertyValueSpecification\",\"valueRequired\":true,\"valueName\":\"search_term_string\"}}],\"inLanguage\":\"pt-BR\"},{\"@type\":\"Organization\",\"@id\":\"https:\/\/wp.ufpel.edu.br\/cafv\/#organization\",\"name\":\"Centro Acad\u00eamico Ferreira Vianna\",\"url\":\"https:\/\/wp.ufpel.edu.br\/cafv\/\",\"logo\":{\"@type\":\"ImageObject\",\"inLanguage\":\"pt-BR\",\"@id\":\"https:\/\/wp.ufpel.edu.br\/cafv\/#\/schema\/logo\/image\/\",\"url\":\"https:\/\/wp.ufpel.edu.br\/cafv\/files\/2018\/10\/cropped-Logo-CAFV-e1539522538285.png\",\"contentUrl\":\"https:\/\/wp.ufpel.edu.br\/cafv\/files\/2018\/10\/cropped-Logo-CAFV-e1539522538285.png\",\"width\":100,\"height\":100,\"caption\":\"Centro Acad\u00eamico Ferreira Vianna\"},\"image\":{\"@id\":\"https:\/\/wp.ufpel.edu.br\/cafv\/#\/schema\/logo\/image\/\"}}]}<\/script>\n<!-- \/ Yoast SEO plugin. -->","yoast_head_json":{"title":"Gest\u00e3o 2022 - Centro Acad\u00eamico Ferreira Vianna","robots":{"index":"index","follow":"follow","max-snippet":"max-snippet:-1","max-image-preview":"max-image-preview:large","max-video-preview":"max-video-preview:-1"},"canonical":"https:\/\/wp.ufpel.edu.br\/cafv\/gestao2022\/","og_locale":"pt_BR","og_type":"article","og_title":"Gest\u00e3o 2022 - Centro Acad\u00eamico Ferreira Vianna","og_description":"Gest\u00e3o &#8220;N\u00e3o C\u00e1lice&#8221; &#8211; CAFV 2022 Coordenadoria Geral: &#8211; Vit\u00f3ria Medeiros de Almeida &#8211; Jo\u00e3o Tavares &#8211; Talyne Figueiredo Coordenadoria [&hellip;]","og_url":"https:\/\/wp.ufpel.edu.br\/cafv\/gestao2022\/","og_site_name":"Centro Acad\u00eamico Ferreira Vianna","article_modified_time":"2023-10-15T18:13:51+00:00","twitter_card":"summary_large_image","twitter_misc":{"Est. tempo de leitura":"1 minuto"},"schema":{"@context":"https:\/\/schema.org","@graph":[{"@type":"WebPage","@id":"https:\/\/wp.ufpel.edu.br\/cafv\/gestao2022\/","url":"https:\/\/wp.ufpel.edu.br\/cafv\/gestao2022\/","name":"Gest\u00e3o 2022 - Centro Acad\u00eamico Ferreira Vianna","isPartOf":{"@id":"https:\/\/wp.ufpel.edu.br\/cafv\/#website"},"datePublished":"2023-10-15T18:12:06+00:00","dateModified":"2023-10-15T18:13:51+00:00","breadcrumb":{"@id":"https:\/\/wp.ufpel.edu.br\/cafv\/gestao2022\/#breadcrumb"},"inLanguage":"pt-BR","potentialAction":[{"@type":"ReadAction","target":["https:\/\/wp.ufpel.edu.br\/cafv\/gestao2022\/"]}]},{"@type":"BreadcrumbList","@id":"https:\/\/wp.ufpel.edu.br\/cafv\/gestao2022\/#breadcrumb","itemListElement":[{"@type":"ListItem","position":1,"name":"In\u00edcio","item":"https:\/\/wp.ufpel.edu.br\/cafv\/"},{"@type":"ListItem","position":2,"name":"Gest\u00e3o 2022"}]},{"@type":"WebSite","@id":"https:\/\/wp.ufpel.edu.br\/cafv\/#website","url":"https:\/\/wp.ufpel.edu.br\/cafv\/","name":"Centro Acad\u00eamico Ferreira Vianna","description":"","publisher":{"@id":"https:\/\/wp.ufpel.edu.br\/cafv\/#organization"},"potentialAction":[{"@type":"SearchAction","target":{"@type":"EntryPoint","urlTemplate":"https:\/\/wp.ufpel.edu.br\/cafv\/?s={search_term_string}"},"query-input":{"@type":"PropertyValueSpecification","valueRequired":true,"valueName":"search_term_string"}}],"inLanguage":"pt-BR"},{"@type":"Organization","@id":"https:\/\/wp.ufpel.edu.br\/cafv\/#organization","name":"Centro Acad\u00eamico Ferreira Vianna","url":"https:\/\/wp.ufpel.edu.br\/cafv\/","logo":{"@type":"ImageObject","inLanguage":"pt-BR","@id":"https:\/\/wp.ufpel.edu.br\/cafv\/#\/schema\/logo\/image\/","url":"https:\/\/wp.ufpel.edu.br\/cafv\/files\/2018\/10\/cropped-Logo-CAFV-e1539522538285.png","contentUrl":"https:\/\/wp.ufpel.edu.br\/cafv\/files\/2018\/10\/cropped-Logo-CAFV-e1539522538285.png","width":100,"height":100,"caption":"Centro Acad\u00eamico Ferreira Vianna"},"image":{"@id":"https:\/\/wp.ufpel.edu.br\/cafv\/#\/schema\/logo\/image\/"}}]}},"jetpack_sharing_enabled":true,"_links":{"self":[{"href":"https:\/\/wp.ufpel.edu.br\/cafv\/wp-json\/wp\/v2\/pages\/1020","targetHints":{"allow":["GET"]}}],"collection":[{"href":"https:\/\/wp.ufpel.edu.br\/cafv\/wp-json\/wp\/v2\/pages"}],"about":[{"href":"https:\/\/wp.ufpel.edu.br\/cafv\/wp-json\/wp\/v2\/types\/page"}],"author":[{"embeddable":true,"href":"https:\/\/wp.ufpel.edu.br\/cafv\/wp-json\/wp\/v2\/users\/883"}],"replies":[{"embeddable":true,"href":"https:\/\/wp.ufpel.edu.br\/cafv\/wp-json\/wp\/v2\/comments?post=1020"}],"version-history":[{"count":2,"href":"https:\/\/wp.ufpel.edu.br\/cafv\/wp-json\/wp\/v2\/pages\/1020\/revisions"}],"predecessor-version":[{"id":1071,"href":"https:\/\/wp.ufpel.edu.br\/cafv\/wp-json\/wp\/v2\/pages\/1020\/revisions\/1071"}],"wp:attachment":[{"href":"https:\/\/wp.ufpel.edu.br\/cafv\/wp-json\/wp\/v2\/media?parent=1020"}],"curies":[{"name":"wp","href":"https:\/\/api.w.org\/{rel}","templated":true}]}}