{"id":1016,"date":"2023-10-15T15:08:20","date_gmt":"2023-10-15T18:08:20","guid":{"rendered":"https:\/\/wp.ufpel.edu.br\/cafv\/?page_id=1016"},"modified":"2023-10-15T15:08:20","modified_gmt":"2023-10-15T18:08:20","slug":"gestao2023","status":"publish","type":"page","link":"https:\/\/wp.ufpel.edu.br\/cafv\/gestao2023\/","title":{"rendered":"Gest\u00e3o 2023"},"content":{"rendered":"<p style=\"text-align: left;\"><span style=\"font-size: 18pt;\"><em><strong>Gest\u00e3o \u201cOnze de Agosto\u201d &#8211; CAFV 2023<\/strong><\/em><\/span><\/p>\n<p><strong>Coordenadoria Geral:<\/strong><\/p>\n<p>&#8211; Carolina Rosa de Oliveira Silva<br \/>\n&#8211; Laura Barbosa Tresmondi<br \/>\n&#8211; Jo\u00e3o Tavares Neto<\/p>\n<p><strong>Coordenadoria Acad\u00eamica:<\/strong><\/p>\n<p>&#8211; Amanda Sallet de Almeida e Silva<br \/>\n&#8211; Bruna Pereira Lima Andrade<br \/>\n&#8211; Carlos Henrique Rodrigues Roque<br \/>\n&#8211; Ellen Regina Amaral de Lima<br \/>\n&#8211; Pl\u00ednio Bertante Gon\u00e7alves<br \/>\n&#8211; Fernanda Gouveia Lima<br \/>\n&#8211; Hudson Brito Viana<br \/>\n&#8211; Isadora Thomazi Mendes<br \/>\n&#8211; Isadora Vieira Chagas<br \/>\n&#8211; Julio Augusto Jesus Lopez<br \/>\n&#8211; Nathascha Pereira Vieira<br \/>\n&#8211; Talyne Figueiredo de Oliveira<br \/>\n&#8211; Yuri Assine Greg\u00f3rio<\/p>\n<p><strong>Coordenadoria de Finan\u00e7as e Patrim\u00f4nio:<\/strong><\/p>\n<p>&#8211; Cineas Rangel Peres<br \/>\n&#8211; Daniela da Silveira dos Santos<br \/>\n&#8211; Jo\u00e3o Vitor Fagundes<br \/>\n&#8211; Taila Karine Probst<\/p>\n<p><strong>Coordenadoria de Movimento Estudantil:<\/strong><\/p>\n<p>&#8211; Arthur Kurz Hax<br \/>\n&#8211; Gabriel Reis da Silva<br \/>\n&#8211; Helena Batist\u00e9lla Caldas<br \/>\n&#8211; Jo\u00e3o Henrique Tissot Nachtigall<br \/>\n&#8211; Lici\u00ea Iasmin Hencker Scolari<br \/>\n&#8211; Sara Evely de Oliveira Morais<br \/>\n&#8211; St\u00e9phane da Silva Bilhalva<\/p>\n<p><strong>Coordenadoria de Comunica\u00e7\u00e3o, Cultura e Eventos:<\/strong><\/p>\n<p>&#8211; Jo\u00e3o Pedro Daudt<br \/>\n&#8211; Josiel Borges Delgado<br \/>\n&#8211; Juliana Mendes Soares<br \/>\n&#8211; Lara Corr\u00eaa Freitas<br \/>\n&#8211; Michaella Gomes da Silva<br \/>\n&#8211; Rosa Indira Alves da Silva<\/p>\n","protected":false},"excerpt":{"rendered":"<p>Gest\u00e3o \u201cOnze de Agosto\u201d &#8211; CAFV 2023 Coordenadoria Geral: &#8211; Carolina Rosa de Oliveira Silva &#8211; Laura Barbosa Tresmondi &#8211; [&hellip;]<\/p>\n","protected":false},"author":883,"featured_media":0,"parent":0,"menu_order":0,"comment_status":"closed","ping_status":"closed","template":"","meta":{"footnotes":""},"class_list":["post-1016","page","type-page","status-publish","hentry","post"],"yoast_head":"<!-- This site is optimized with the Yoast SEO plugin v26.7 - https:\/\/yoast.com\/wordpress\/plugins\/seo\/ -->\n<title>Gest\u00e3o 2023 - Centro Acad\u00eamico Ferreira Vianna<\/title>\n<meta name=\"robots\" content=\"index, follow, max-snippet:-1, max-image-preview:large, max-video-preview:-1\" \/>\n<link rel=\"canonical\" href=\"https:\/\/wp.ufpel.edu.br\/cafv\/gestao2023\/\" \/>\n<meta property=\"og:locale\" content=\"pt_BR\" \/>\n<meta property=\"og:type\" content=\"article\" \/>\n<meta property=\"og:title\" content=\"Gest\u00e3o 2023 - Centro Acad\u00eamico Ferreira Vianna\" \/>\n<meta property=\"og:description\" content=\"Gest\u00e3o \u201cOnze de Agosto\u201d &#8211; CAFV 2023 Coordenadoria Geral: &#8211; Carolina Rosa de Oliveira Silva &#8211; Laura Barbosa Tresmondi &#8211; [&hellip;]\" \/>\n<meta property=\"og:url\" content=\"https:\/\/wp.ufpel.edu.br\/cafv\/gestao2023\/\" \/>\n<meta property=\"og:site_name\" content=\"Centro Acad\u00eamico Ferreira Vianna\" \/>\n<meta name=\"twitter:card\" content=\"summary_large_image\" \/>\n<meta name=\"twitter:label1\" content=\"Est. tempo de leitura\" \/>\n\t<meta name=\"twitter:data1\" content=\"1 minuto\" \/>\n<script type=\"application\/ld+json\" class=\"yoast-schema-graph\">{\"@context\":\"https:\/\/schema.org\",\"@graph\":[{\"@type\":\"WebPage\",\"@id\":\"https:\/\/wp.ufpel.edu.br\/cafv\/gestao2023\/\",\"url\":\"https:\/\/wp.ufpel.edu.br\/cafv\/gestao2023\/\",\"name\":\"Gest\u00e3o 2023 - Centro Acad\u00eamico Ferreira Vianna\",\"isPartOf\":{\"@id\":\"https:\/\/wp.ufpel.edu.br\/cafv\/#website\"},\"datePublished\":\"2023-10-15T18:08:20+00:00\",\"breadcrumb\":{\"@id\":\"https:\/\/wp.ufpel.edu.br\/cafv\/gestao2023\/#breadcrumb\"},\"inLanguage\":\"pt-BR\",\"potentialAction\":[{\"@type\":\"ReadAction\",\"target\":[\"https:\/\/wp.ufpel.edu.br\/cafv\/gestao2023\/\"]}]},{\"@type\":\"BreadcrumbList\",\"@id\":\"https:\/\/wp.ufpel.edu.br\/cafv\/gestao2023\/#breadcrumb\",\"itemListElement\":[{\"@type\":\"ListItem\",\"position\":1,\"name\":\"In\u00edcio\",\"item\":\"https:\/\/wp.ufpel.edu.br\/cafv\/\"},{\"@type\":\"ListItem\",\"position\":2,\"name\":\"Gest\u00e3o 2023\"}]},{\"@type\":\"WebSite\",\"@id\":\"https:\/\/wp.ufpel.edu.br\/cafv\/#website\",\"url\":\"https:\/\/wp.ufpel.edu.br\/cafv\/\",\"name\":\"Centro Acad\u00eamico Ferreira Vianna\",\"description\":\"\",\"publisher\":{\"@id\":\"https:\/\/wp.ufpel.edu.br\/cafv\/#organization\"},\"potentialAction\":[{\"@type\":\"SearchAction\",\"target\":{\"@type\":\"EntryPoint\",\"urlTemplate\":\"https:\/\/wp.ufpel.edu.br\/cafv\/?s={search_term_string}\"},\"query-input\":{\"@type\":\"PropertyValueSpecification\",\"valueRequired\":true,\"valueName\":\"search_term_string\"}}],\"inLanguage\":\"pt-BR\"},{\"@type\":\"Organization\",\"@id\":\"https:\/\/wp.ufpel.edu.br\/cafv\/#organization\",\"name\":\"Centro Acad\u00eamico Ferreira Vianna\",\"url\":\"https:\/\/wp.ufpel.edu.br\/cafv\/\",\"logo\":{\"@type\":\"ImageObject\",\"inLanguage\":\"pt-BR\",\"@id\":\"https:\/\/wp.ufpel.edu.br\/cafv\/#\/schema\/logo\/image\/\",\"url\":\"https:\/\/wp.ufpel.edu.br\/cafv\/files\/2018\/10\/cropped-Logo-CAFV-e1539522538285.png\",\"contentUrl\":\"https:\/\/wp.ufpel.edu.br\/cafv\/files\/2018\/10\/cropped-Logo-CAFV-e1539522538285.png\",\"width\":100,\"height\":100,\"caption\":\"Centro Acad\u00eamico Ferreira Vianna\"},\"image\":{\"@id\":\"https:\/\/wp.ufpel.edu.br\/cafv\/#\/schema\/logo\/image\/\"}}]}<\/script>\n<!-- \/ Yoast SEO plugin. -->","yoast_head_json":{"title":"Gest\u00e3o 2023 - Centro Acad\u00eamico Ferreira Vianna","robots":{"index":"index","follow":"follow","max-snippet":"max-snippet:-1","max-image-preview":"max-image-preview:large","max-video-preview":"max-video-preview:-1"},"canonical":"https:\/\/wp.ufpel.edu.br\/cafv\/gestao2023\/","og_locale":"pt_BR","og_type":"article","og_title":"Gest\u00e3o 2023 - Centro Acad\u00eamico Ferreira Vianna","og_description":"Gest\u00e3o \u201cOnze de Agosto\u201d &#8211; CAFV 2023 Coordenadoria Geral: &#8211; Carolina Rosa de Oliveira Silva &#8211; Laura Barbosa Tresmondi &#8211; [&hellip;]","og_url":"https:\/\/wp.ufpel.edu.br\/cafv\/gestao2023\/","og_site_name":"Centro Acad\u00eamico Ferreira Vianna","twitter_card":"summary_large_image","twitter_misc":{"Est. tempo de leitura":"1 minuto"},"schema":{"@context":"https:\/\/schema.org","@graph":[{"@type":"WebPage","@id":"https:\/\/wp.ufpel.edu.br\/cafv\/gestao2023\/","url":"https:\/\/wp.ufpel.edu.br\/cafv\/gestao2023\/","name":"Gest\u00e3o 2023 - Centro Acad\u00eamico Ferreira Vianna","isPartOf":{"@id":"https:\/\/wp.ufpel.edu.br\/cafv\/#website"},"datePublished":"2023-10-15T18:08:20+00:00","breadcrumb":{"@id":"https:\/\/wp.ufpel.edu.br\/cafv\/gestao2023\/#breadcrumb"},"inLanguage":"pt-BR","potentialAction":[{"@type":"ReadAction","target":["https:\/\/wp.ufpel.edu.br\/cafv\/gestao2023\/"]}]},{"@type":"BreadcrumbList","@id":"https:\/\/wp.ufpel.edu.br\/cafv\/gestao2023\/#breadcrumb","itemListElement":[{"@type":"ListItem","position":1,"name":"In\u00edcio","item":"https:\/\/wp.ufpel.edu.br\/cafv\/"},{"@type":"ListItem","position":2,"name":"Gest\u00e3o 2023"}]},{"@type":"WebSite","@id":"https:\/\/wp.ufpel.edu.br\/cafv\/#website","url":"https:\/\/wp.ufpel.edu.br\/cafv\/","name":"Centro Acad\u00eamico Ferreira Vianna","description":"","publisher":{"@id":"https:\/\/wp.ufpel.edu.br\/cafv\/#organization"},"potentialAction":[{"@type":"SearchAction","target":{"@type":"EntryPoint","urlTemplate":"https:\/\/wp.ufpel.edu.br\/cafv\/?s={search_term_string}"},"query-input":{"@type":"PropertyValueSpecification","valueRequired":true,"valueName":"search_term_string"}}],"inLanguage":"pt-BR"},{"@type":"Organization","@id":"https:\/\/wp.ufpel.edu.br\/cafv\/#organization","name":"Centro Acad\u00eamico Ferreira Vianna","url":"https:\/\/wp.ufpel.edu.br\/cafv\/","logo":{"@type":"ImageObject","inLanguage":"pt-BR","@id":"https:\/\/wp.ufpel.edu.br\/cafv\/#\/schema\/logo\/image\/","url":"https:\/\/wp.ufpel.edu.br\/cafv\/files\/2018\/10\/cropped-Logo-CAFV-e1539522538285.png","contentUrl":"https:\/\/wp.ufpel.edu.br\/cafv\/files\/2018\/10\/cropped-Logo-CAFV-e1539522538285.png","width":100,"height":100,"caption":"Centro Acad\u00eamico Ferreira Vianna"},"image":{"@id":"https:\/\/wp.ufpel.edu.br\/cafv\/#\/schema\/logo\/image\/"}}]}},"jetpack_sharing_enabled":true,"_links":{"self":[{"href":"https:\/\/wp.ufpel.edu.br\/cafv\/wp-json\/wp\/v2\/pages\/1016","targetHints":{"allow":["GET"]}}],"collection":[{"href":"https:\/\/wp.ufpel.edu.br\/cafv\/wp-json\/wp\/v2\/pages"}],"about":[{"href":"https:\/\/wp.ufpel.edu.br\/cafv\/wp-json\/wp\/v2\/types\/page"}],"author":[{"embeddable":true,"href":"https:\/\/wp.ufpel.edu.br\/cafv\/wp-json\/wp\/v2\/users\/883"}],"replies":[{"embeddable":true,"href":"https:\/\/wp.ufpel.edu.br\/cafv\/wp-json\/wp\/v2\/comments?post=1016"}],"version-history":[{"count":3,"href":"https:\/\/wp.ufpel.edu.br\/cafv\/wp-json\/wp\/v2\/pages\/1016\/revisions"}],"predecessor-version":[{"id":1074,"href":"https:\/\/wp.ufpel.edu.br\/cafv\/wp-json\/wp\/v2\/pages\/1016\/revisions\/1074"}],"wp:attachment":[{"href":"https:\/\/wp.ufpel.edu.br\/cafv\/wp-json\/wp\/v2\/media?parent=1016"}],"curies":[{"name":"wp","href":"https:\/\/api.w.org\/{rel}","templated":true}]}}