{"id":1012,"date":"2023-10-15T15:02:15","date_gmt":"2023-10-15T18:02:15","guid":{"rendered":"https:\/\/wp.ufpel.edu.br\/cafv\/?page_id=1012"},"modified":"2025-01-08T17:55:11","modified_gmt":"2025-01-08T20:55:11","slug":"gestoes","status":"publish","type":"page","link":"https:\/\/wp.ufpel.edu.br\/cafv\/gestoes\/","title":{"rendered":"Gest\u00f5es anteriores do CAFV"},"content":{"rendered":"<p><a href=\"https:\/\/wp.ufpel.edu.br\/cafv\/gestao2023\/gestao-2024\/\">Esperan\u00e7a Garcia (2024)<\/p>\n<p><a href=\"https:\/\/wp.ufpel.edu.br\/cafv\/gestao2023\/\">Onze de Agosto (2023)<\/a><\/p>\n<p><a href=\"https:\/\/wp.ufpel.edu.br\/cafv\/gestao2022\/\">N\u00e3o C\u00e1lice (2022)<\/a><\/p>\n<p><a href=\"https:\/\/wp.ufpel.edu.br\/cafv\/gestao2020\/\">Nossa Voz (2020-2021)<\/a><\/p>\n<p><a href=\"https:\/\/wp.ufpel.edu.br\/cafv\/gestao2019\/\">Representa (2019)<\/a><\/p>\n<p>Em movimento (2018)<\/p>\n<p>Portas Abertas (2015-2017)<\/p>\n<p>O CAFV Continua Seu (2014)<\/p>\n<p>Oposi\u00e7\u00e3o J\u00e1! O CAFV tamb\u00e9m \u00e9 seu! (2013)<\/p>\n<p>Gest\u00e3o 2012 (2012)<\/p>\n<p>(2011)<\/p>\n<p>(2010)<\/p>\n<p>Camar\u00e3o que dorme a onda leva (2009)<\/p>\n<p>UM OUTRO CAFV \u00c9 POSS\u00cdVEL (2008)<\/p>\n","protected":false},"excerpt":{"rendered":"<p>Esperan\u00e7a Garcia (2024) Onze de Agosto (2023) N\u00e3o C\u00e1lice (2022) Nossa Voz (2020-2021) Representa (2019) Em movimento (2018) Portas Abertas [&hellip;]<\/p>\n","protected":false},"author":883,"featured_media":0,"parent":0,"menu_order":0,"comment_status":"closed","ping_status":"closed","template":"","meta":{"footnotes":""},"class_list":["post-1012","page","type-page","status-publish","hentry","post"],"yoast_head":"<!-- This site is optimized with the Yoast SEO plugin v26.7 - https:\/\/yoast.com\/wordpress\/plugins\/seo\/ -->\n<title>Gest\u00f5es anteriores do CAFV - Centro Acad\u00eamico Ferreira Vianna<\/title>\n<meta name=\"robots\" content=\"index, follow, max-snippet:-1, max-image-preview:large, max-video-preview:-1\" \/>\n<link rel=\"canonical\" href=\"https:\/\/wp.ufpel.edu.br\/cafv\/gestoes\/\" \/>\n<meta property=\"og:locale\" content=\"pt_BR\" \/>\n<meta property=\"og:type\" content=\"article\" \/>\n<meta property=\"og:title\" content=\"Gest\u00f5es anteriores do CAFV - Centro Acad\u00eamico Ferreira Vianna\" \/>\n<meta property=\"og:description\" content=\"Esperan\u00e7a Garcia (2024) Onze de Agosto (2023) N\u00e3o C\u00e1lice (2022) Nossa Voz (2020-2021) Representa (2019) Em movimento (2018) Portas Abertas [&hellip;]\" \/>\n<meta property=\"og:url\" content=\"https:\/\/wp.ufpel.edu.br\/cafv\/gestoes\/\" \/>\n<meta property=\"og:site_name\" content=\"Centro Acad\u00eamico Ferreira Vianna\" \/>\n<meta property=\"article:modified_time\" content=\"2025-01-08T20:55:11+00:00\" \/>\n<meta name=\"twitter:card\" content=\"summary_large_image\" \/>\n<meta name=\"twitter:label1\" content=\"Est. tempo de leitura\" \/>\n\t<meta name=\"twitter:data1\" content=\"1 minuto\" \/>\n<script type=\"application\/ld+json\" class=\"yoast-schema-graph\">{\"@context\":\"https:\/\/schema.org\",\"@graph\":[{\"@type\":\"WebPage\",\"@id\":\"https:\/\/wp.ufpel.edu.br\/cafv\/gestoes\/\",\"url\":\"https:\/\/wp.ufpel.edu.br\/cafv\/gestoes\/\",\"name\":\"Gest\u00f5es anteriores do CAFV - Centro Acad\u00eamico Ferreira Vianna\",\"isPartOf\":{\"@id\":\"https:\/\/wp.ufpel.edu.br\/cafv\/#website\"},\"datePublished\":\"2023-10-15T18:02:15+00:00\",\"dateModified\":\"2025-01-08T20:55:11+00:00\",\"breadcrumb\":{\"@id\":\"https:\/\/wp.ufpel.edu.br\/cafv\/gestoes\/#breadcrumb\"},\"inLanguage\":\"pt-BR\",\"potentialAction\":[{\"@type\":\"ReadAction\",\"target\":[\"https:\/\/wp.ufpel.edu.br\/cafv\/gestoes\/\"]}]},{\"@type\":\"BreadcrumbList\",\"@id\":\"https:\/\/wp.ufpel.edu.br\/cafv\/gestoes\/#breadcrumb\",\"itemListElement\":[{\"@type\":\"ListItem\",\"position\":1,\"name\":\"In\u00edcio\",\"item\":\"https:\/\/wp.ufpel.edu.br\/cafv\/\"},{\"@type\":\"ListItem\",\"position\":2,\"name\":\"Gest\u00f5es anteriores do CAFV\"}]},{\"@type\":\"WebSite\",\"@id\":\"https:\/\/wp.ufpel.edu.br\/cafv\/#website\",\"url\":\"https:\/\/wp.ufpel.edu.br\/cafv\/\",\"name\":\"Centro Acad\u00eamico Ferreira Vianna\",\"description\":\"\",\"publisher\":{\"@id\":\"https:\/\/wp.ufpel.edu.br\/cafv\/#organization\"},\"potentialAction\":[{\"@type\":\"SearchAction\",\"target\":{\"@type\":\"EntryPoint\",\"urlTemplate\":\"https:\/\/wp.ufpel.edu.br\/cafv\/?s={search_term_string}\"},\"query-input\":{\"@type\":\"PropertyValueSpecification\",\"valueRequired\":true,\"valueName\":\"search_term_string\"}}],\"inLanguage\":\"pt-BR\"},{\"@type\":\"Organization\",\"@id\":\"https:\/\/wp.ufpel.edu.br\/cafv\/#organization\",\"name\":\"Centro Acad\u00eamico Ferreira Vianna\",\"url\":\"https:\/\/wp.ufpel.edu.br\/cafv\/\",\"logo\":{\"@type\":\"ImageObject\",\"inLanguage\":\"pt-BR\",\"@id\":\"https:\/\/wp.ufpel.edu.br\/cafv\/#\/schema\/logo\/image\/\",\"url\":\"https:\/\/wp.ufpel.edu.br\/cafv\/files\/2018\/10\/cropped-Logo-CAFV-e1539522538285.png\",\"contentUrl\":\"https:\/\/wp.ufpel.edu.br\/cafv\/files\/2018\/10\/cropped-Logo-CAFV-e1539522538285.png\",\"width\":100,\"height\":100,\"caption\":\"Centro Acad\u00eamico Ferreira Vianna\"},\"image\":{\"@id\":\"https:\/\/wp.ufpel.edu.br\/cafv\/#\/schema\/logo\/image\/\"}}]}<\/script>\n<!-- \/ Yoast SEO plugin. -->","yoast_head_json":{"title":"Gest\u00f5es anteriores do CAFV - Centro Acad\u00eamico Ferreira Vianna","robots":{"index":"index","follow":"follow","max-snippet":"max-snippet:-1","max-image-preview":"max-image-preview:large","max-video-preview":"max-video-preview:-1"},"canonical":"https:\/\/wp.ufpel.edu.br\/cafv\/gestoes\/","og_locale":"pt_BR","og_type":"article","og_title":"Gest\u00f5es anteriores do CAFV - Centro Acad\u00eamico Ferreira Vianna","og_description":"Esperan\u00e7a Garcia (2024) Onze de Agosto (2023) N\u00e3o C\u00e1lice (2022) Nossa Voz (2020-2021) Representa (2019) Em movimento (2018) Portas Abertas [&hellip;]","og_url":"https:\/\/wp.ufpel.edu.br\/cafv\/gestoes\/","og_site_name":"Centro Acad\u00eamico Ferreira Vianna","article_modified_time":"2025-01-08T20:55:11+00:00","twitter_card":"summary_large_image","twitter_misc":{"Est. tempo de leitura":"1 minuto"},"schema":{"@context":"https:\/\/schema.org","@graph":[{"@type":"WebPage","@id":"https:\/\/wp.ufpel.edu.br\/cafv\/gestoes\/","url":"https:\/\/wp.ufpel.edu.br\/cafv\/gestoes\/","name":"Gest\u00f5es anteriores do CAFV - Centro Acad\u00eamico Ferreira Vianna","isPartOf":{"@id":"https:\/\/wp.ufpel.edu.br\/cafv\/#website"},"datePublished":"2023-10-15T18:02:15+00:00","dateModified":"2025-01-08T20:55:11+00:00","breadcrumb":{"@id":"https:\/\/wp.ufpel.edu.br\/cafv\/gestoes\/#breadcrumb"},"inLanguage":"pt-BR","potentialAction":[{"@type":"ReadAction","target":["https:\/\/wp.ufpel.edu.br\/cafv\/gestoes\/"]}]},{"@type":"BreadcrumbList","@id":"https:\/\/wp.ufpel.edu.br\/cafv\/gestoes\/#breadcrumb","itemListElement":[{"@type":"ListItem","position":1,"name":"In\u00edcio","item":"https:\/\/wp.ufpel.edu.br\/cafv\/"},{"@type":"ListItem","position":2,"name":"Gest\u00f5es anteriores do CAFV"}]},{"@type":"WebSite","@id":"https:\/\/wp.ufpel.edu.br\/cafv\/#website","url":"https:\/\/wp.ufpel.edu.br\/cafv\/","name":"Centro Acad\u00eamico Ferreira Vianna","description":"","publisher":{"@id":"https:\/\/wp.ufpel.edu.br\/cafv\/#organization"},"potentialAction":[{"@type":"SearchAction","target":{"@type":"EntryPoint","urlTemplate":"https:\/\/wp.ufpel.edu.br\/cafv\/?s={search_term_string}"},"query-input":{"@type":"PropertyValueSpecification","valueRequired":true,"valueName":"search_term_string"}}],"inLanguage":"pt-BR"},{"@type":"Organization","@id":"https:\/\/wp.ufpel.edu.br\/cafv\/#organization","name":"Centro Acad\u00eamico Ferreira Vianna","url":"https:\/\/wp.ufpel.edu.br\/cafv\/","logo":{"@type":"ImageObject","inLanguage":"pt-BR","@id":"https:\/\/wp.ufpel.edu.br\/cafv\/#\/schema\/logo\/image\/","url":"https:\/\/wp.ufpel.edu.br\/cafv\/files\/2018\/10\/cropped-Logo-CAFV-e1539522538285.png","contentUrl":"https:\/\/wp.ufpel.edu.br\/cafv\/files\/2018\/10\/cropped-Logo-CAFV-e1539522538285.png","width":100,"height":100,"caption":"Centro Acad\u00eamico Ferreira Vianna"},"image":{"@id":"https:\/\/wp.ufpel.edu.br\/cafv\/#\/schema\/logo\/image\/"}}]}},"jetpack_sharing_enabled":true,"_links":{"self":[{"href":"https:\/\/wp.ufpel.edu.br\/cafv\/wp-json\/wp\/v2\/pages\/1012","targetHints":{"allow":["GET"]}}],"collection":[{"href":"https:\/\/wp.ufpel.edu.br\/cafv\/wp-json\/wp\/v2\/pages"}],"about":[{"href":"https:\/\/wp.ufpel.edu.br\/cafv\/wp-json\/wp\/v2\/types\/page"}],"author":[{"embeddable":true,"href":"https:\/\/wp.ufpel.edu.br\/cafv\/wp-json\/wp\/v2\/users\/883"}],"replies":[{"embeddable":true,"href":"https:\/\/wp.ufpel.edu.br\/cafv\/wp-json\/wp\/v2\/comments?post=1012"}],"version-history":[{"count":6,"href":"https:\/\/wp.ufpel.edu.br\/cafv\/wp-json\/wp\/v2\/pages\/1012\/revisions"}],"predecessor-version":[{"id":1026,"href":"https:\/\/wp.ufpel.edu.br\/cafv\/wp-json\/wp\/v2\/pages\/1012\/revisions\/1026"}],"wp:attachment":[{"href":"https:\/\/wp.ufpel.edu.br\/cafv\/wp-json\/wp\/v2\/media?parent=1012"}],"curies":[{"name":"wp","href":"https:\/\/api.w.org\/{rel}","templated":true}]}}