{"id":32,"date":"2024-08-31T18:59:14","date_gmt":"2024-08-31T21:59:14","guid":{"rendered":"https:\/\/wp.ufpel.edu.br\/caff\/?page_id=32"},"modified":"2025-05-21T10:10:53","modified_gmt":"2025-05-21T13:10:53","slug":"o-caff","status":"publish","type":"page","link":"https:\/\/wp.ufpel.edu.br\/caff\/o-caff\/","title":{"rendered":"O CAFF"},"content":{"rendered":"<h2>Centro Acad\u00eamico Florestan Fernandes<\/h2>\n<p>Somos a gest\u00e3o 2024-2025 do Centro Acad\u00eamico das Ci\u00eancias Sociais UFPel, aqui voc\u00ea pode acessar nosso estatuto vigente do CAFF: <a href=\"https:\/\/wp.ufpel.edu.br\/caff\/files\/2024\/09\/Estatuto-CAFF-2019.pdf\">Estatuto CAFF &#8211; (2019).\u00a0<\/a><\/p>\n","protected":false},"excerpt":{"rendered":"<p>Centro Acad\u00eamico Florestan Fernandes Somos a gest\u00e3o 2024-2025 do Centro Acad\u00eamico das Ci\u00eancias Sociais UFPel, aqui voc\u00ea pode acessar nosso estatuto vigente do CAFF: Estatuto CAFF &#8211; (2019).\u00a0<\/p>\n","protected":false},"author":1399,"featured_media":0,"parent":0,"menu_order":0,"comment_status":"closed","ping_status":"closed","template":"","meta":{"footnotes":""},"class_list":["post-32","page","type-page","status-publish","hentry"],"_links":{"self":[{"href":"https:\/\/wp.ufpel.edu.br\/caff\/wp-json\/wp\/v2\/pages\/32","targetHints":{"allow":["GET"]}}],"collection":[{"href":"https:\/\/wp.ufpel.edu.br\/caff\/wp-json\/wp\/v2\/pages"}],"about":[{"href":"https:\/\/wp.ufpel.edu.br\/caff\/wp-json\/wp\/v2\/types\/page"}],"author":[{"embeddable":true,"href":"https:\/\/wp.ufpel.edu.br\/caff\/wp-json\/wp\/v2\/users\/1399"}],"replies":[{"embeddable":true,"href":"https:\/\/wp.ufpel.edu.br\/caff\/wp-json\/wp\/v2\/comments?post=32"}],"version-history":[{"count":6,"href":"https:\/\/wp.ufpel.edu.br\/caff\/wp-json\/wp\/v2\/pages\/32\/revisions"}],"predecessor-version":[{"id":117,"href":"https:\/\/wp.ufpel.edu.br\/caff\/wp-json\/wp\/v2\/pages\/32\/revisions\/117"}],"wp:attachment":[{"href":"https:\/\/wp.ufpel.edu.br\/caff\/wp-json\/wp\/v2\/media?parent=32"}],"curies":[{"name":"wp","href":"https:\/\/api.w.org\/{rel}","templated":true}]}}