{"id":176,"date":"2016-06-09T09:53:01","date_gmt":"2016-06-09T12:53:01","guid":{"rendered":"https:\/\/wp.ufpel.edu.br\/caep\/?page_id=176"},"modified":"2016-06-10T12:26:22","modified_gmt":"2016-06-10T15:26:22","slug":"quem-somos","status":"publish","type":"page","link":"https:\/\/wp.ufpel.edu.br\/caep\/quem-somos\/","title":{"rendered":"Quem Somos"},"content":{"rendered":"<p>N\u00f3s somos um grupo de jovens engajados na defesa dos interesses estudantis, na organiza\u00e7\u00e3o de atividades que integram e desenvolvem os acad\u00eamicos, no fortalecimento da marca do nosso curso e na aproxima\u00e7\u00e3o entre a comunidade, os discentes, os docentes e os t\u00e9cnicos da Engenharia de Produ\u00e7\u00e3o da UFPEL.<\/p>\n<p>Trabalhamos de forma participativa, inclusiva, consensual e igualit\u00e1ria. Apesar de prezarmos pelo planejamento, somos \u00e1geis na execu\u00e7\u00e3o. Ainda, a transpar\u00eancia, o di\u00e1logo e a justi\u00e7a s\u00e3o pilares fundamentais do nosso trabalho. Nosso time \u00e9 composto por pessoas que pensam nas solu\u00e7\u00f5es, n\u00e3o nos problemas.<\/p>\n<p>O que nos move \u00e9 a vontade de ativar a lideran\u00e7a jovem, desenvolvendo as compet\u00eancias e as habilidades necess\u00e1rias para que os estudantes do curso de Engenharia de Produ\u00e7\u00e3o da UFPEL tornem-se os agentes de mudan\u00e7a que nossa sociedade precisa.<\/p>\n<p>&nbsp;<\/p>\n<p><img loading=\"lazy\" decoding=\"async\" class=\"alignnone wp-image-195 size-full\" src=\"https:\/\/wp.ufpel.edu.br\/caep\/files\/2016\/06\/membrosCAEP.jpg\" alt=\"membrosCAEP\" width=\"656\" height=\"453\" srcset=\"https:\/\/wp.ufpel.edu.br\/caep\/files\/2016\/06\/membrosCAEP.jpg 656w, https:\/\/wp.ufpel.edu.br\/caep\/files\/2016\/06\/membrosCAEP-212x146.jpg 212w, https:\/\/wp.ufpel.edu.br\/caep\/files\/2016\/06\/membrosCAEP-424x293.jpg 424w\" sizes=\"auto, (max-width: 656px) 100vw, 656px\" \/><\/p>\n","protected":false},"excerpt":{"rendered":"<p>N\u00f3s somos um grupo de jovens engajados na defesa dos interesses estudantis, na organiza\u00e7\u00e3o de atividades que integram e desenvolvem os acad\u00eamicos, no fortalecimento da marca do nosso curso e na aproxima\u00e7\u00e3o entre a comunidade, os discentes, os docentes e os t\u00e9cnicos da Engenharia de Produ\u00e7\u00e3o da UFPEL. Trabalhamos de forma participativa, inclusiva, consensual e &hellip; <\/p>\n<p><a class=\"more-link btn\" href=\"https:\/\/wp.ufpel.edu.br\/caep\/quem-somos\/\">Continue lendo<\/a><\/p>\n","protected":false},"author":648,"featured_media":0,"parent":0,"menu_order":0,"comment_status":"closed","ping_status":"closed","template":"","meta":{"footnotes":""},"class_list":["post-176","page","type-page","status-publish","hentry","nodate","item-wrap"],"_links":{"self":[{"href":"https:\/\/wp.ufpel.edu.br\/caep\/wp-json\/wp\/v2\/pages\/176","targetHints":{"allow":["GET"]}}],"collection":[{"href":"https:\/\/wp.ufpel.edu.br\/caep\/wp-json\/wp\/v2\/pages"}],"about":[{"href":"https:\/\/wp.ufpel.edu.br\/caep\/wp-json\/wp\/v2\/types\/page"}],"author":[{"embeddable":true,"href":"https:\/\/wp.ufpel.edu.br\/caep\/wp-json\/wp\/v2\/users\/648"}],"replies":[{"embeddable":true,"href":"https:\/\/wp.ufpel.edu.br\/caep\/wp-json\/wp\/v2\/comments?post=176"}],"version-history":[{"count":13,"href":"https:\/\/wp.ufpel.edu.br\/caep\/wp-json\/wp\/v2\/pages\/176\/revisions"}],"predecessor-version":[{"id":230,"href":"https:\/\/wp.ufpel.edu.br\/caep\/wp-json\/wp\/v2\/pages\/176\/revisions\/230"}],"wp:attachment":[{"href":"https:\/\/wp.ufpel.edu.br\/caep\/wp-json\/wp\/v2\/media?parent=176"}],"curies":[{"name":"wp","href":"https:\/\/api.w.org\/{rel}","templated":true}]}}

<p>Nós somos um grupo de jovens engajados na defesa dos interesses estudantis, na organização de atividades que integram e desenvolvem os acadêmicos, no fortalecimento da marca do nosso curso e na aproximação entre a comunidade, os discentes, os docentes e os técnicos da Engenharia de Produção da UFPEL.</p>
<p>Trabalhamos de forma participativa, inclusiva, consensual e igualitária. Apesar de prezarmos pelo planejamento, somos ágeis na execução. Ainda, a transparência, o diálogo e a justiça são pilares fundamentais do nosso trabalho. Nosso time é composto por pessoas que pensam nas soluções, não nos problemas.</p>
<p>O que nos move é a vontade de ativar a liderança jovem, desenvolvendo as competências e as habilidades necessárias para que os estudantes do curso de Engenharia de Produção da UFPEL tornem-se os agentes de mudança que nossa sociedade precisa.</p>
<p>&nbsp;</p>
<p><img loading="lazy" decoding="async" class="alignnone wp-image-195 size-full" src="https://wp.ufpel.edu.br/caep/files/2016/06/membrosCAEP.jpg" alt="membrosCAEP" width="656" height="453" srcset="https://wp.ufpel.edu.br/caep/files/2016/06/membrosCAEP.jpg 656w, https://wp.ufpel.edu.br/caep/files/2016/06/membrosCAEP-212x146.jpg 212w, https://wp.ufpel.edu.br/caep/files/2016/06/membrosCAEP-424x293.jpg 424w" sizes="auto, (max-width: 656px) 100vw, 656px" /></p>

<p>Nós somos um grupo de jovens engajados na defesa dos interesses estudantis, na organização de atividades que integram e desenvolvem os acadêmicos, no fortalecimento da marca do nosso curso e na aproximação entre a comunidade, os discentes, os docentes e os técnicos da Engenharia de Produção da UFPEL. Trabalhamos de forma participativa, inclusiva, consensual e &hellip; </p>
<p><a class="more-link btn" href="https://wp.ufpel.edu.br/caep/quem-somos/">Continue lendo</a></p>
