{"id":28,"date":"2013-09-11T09:29:55","date_gmt":"2013-09-11T12:29:55","guid":{"rendered":"https:\/\/wp.ufpel.edu.br\/cadernodeletras\/?page_id=28"},"modified":"2015-06-12T17:25:36","modified_gmt":"2015-06-12T20:25:36","slug":"apresentacao","status":"publish","type":"page","link":"https:\/\/wp.ufpel.edu.br\/cadernodeletras\/","title":{"rendered":"Apresenta\u00e7\u00e3o"},"content":{"rendered":"<div>\n<p style=\"text-align: center\"><b>CADERNO DE LETRAS \u2013 APRESENTA\u00c7\u00c3O<\/b><\/p>\n<p>A Revista Caderno de Letras surgiu em 1982, como resultado do esfor\u00e7o dos professores e pesquisadores que integravam o Departamento de Letras do Instituto de Letras e Artes da Universidade Federal de Pelotas \u2013 antes mesmo da cria\u00e7\u00e3o do Curso de Letras, que data de 1984. A import\u00e2ncia de uma publica\u00e7\u00e3o que oportunizasse espa\u00e7o para a troca de experi\u00eancias e para o debate acad\u00eamico entre pesquisadores da Universidade Federal de Pelotas e de institui\u00e7\u00f5es nacionais e internacionais norteou as edi\u00e7\u00f5es da Caderno de Letras e consolidou a revista como um referencial importante ao longo dos anos.<\/p>\n<p>Para que a publica\u00e7\u00e3o se mantivesse durante todo esse tempo, o esfor\u00e7o exigido dos envolvidos \u2013 conselho editorial, comiss\u00f5es, pareceristas, autores, revisores, diagramadores e editores \u2013 foi imenso, especialmente no sentido de procurar a atualiza\u00e7\u00e3o constante dentro dos crit\u00e9rios de avalia\u00e7\u00e3o vigentes em cada per\u00edodo. Nesse sentido, a imagem que comp\u00f5e a capa das edi\u00e7\u00f5es se relaciona com essa ideia de abertura ao debate e \u00e0 renova\u00e7\u00e3o: o quadro de Paul Klee, Livro aberto, de 1930. Essa vis\u00e3o sempre antecipou o di\u00e1logo proposto pelo peri\u00f3dico, cuja pol\u00edtica editorial \u00e9 se constituir em um ve\u00edculo para a diversidade de pesquisas e discuss\u00f5es na \u00e1rea dos estudos lingu\u00edsticos e liter\u00e1rios.<\/p>\n<p>Cabe informar que a periodicidade da Caderno de Letras se consolidou como uma publica\u00e7\u00e3o anual a partir de 2003, passando a semestral em 2012, com uma edi\u00e7\u00e3o dedicada aos estudos lingu\u00edsticos (primeiro semestre) e outra aos estudos liter\u00e1rios (segundo semestre), sendo que para cada edi\u00e7\u00e3o \u00e9 feita uma chamada pr\u00f3pria, divulgada no site da revista (cadernodeletras.ufpel.edu.br), nas redes sociais, nos sites de institui\u00e7\u00f5es e em eventos relacionados com as tem\u00e1ticas em quest\u00e3o. A partir de 2014 a revista tamb\u00e9m passou a ter uma vers\u00e3o eletr\u00f4nica e a disponibilizar todas as edi\u00e7\u00f5es j\u00e1 publicadas para consulta.<\/p>\n<p>Al\u00e9m das chamadas com tem\u00e1ticas espec\u00edficas, o peri\u00f3dico possui fluxo cont\u00ednuo para recebimento de textos que poder\u00e3o vir a integrar edi\u00e7\u00f5es futuras ou n\u00fameros especiais, bem como canais de comunica\u00e7\u00e3o para tirar d\u00favidas e fazer contato com colaboradores e pareceristas.<\/p>\n<p>Atualmente, a Caderno de Letras \u00e9 uma publica\u00e7\u00e3o cient\u00edfica do Centro de Letras e Comunica\u00e7\u00e3o da Universidade Federal de Pelotas.<\/p>\n<p>&nbsp;<\/p>\n<p align=\"right\">Jo\u00e3o Luis Pereira Ourique \u2013 Editor (2012-2015)<\/p>\n<\/div>\n<p><strong><a href=\"https:\/\/wp.ufpel.edu.br\/cadernodeletras\/presentacion\">PRESENTACI\u00d3N &#8211; Espa\u00f1ol<\/a><\/strong><\/p>\n<p><strong><a href=\"https:\/\/wp.ufpel.edu.br\/cadernodeletras\/presentation\">PR\u00c9SENTATION &#8211; Fran\u00e7ais<\/a><\/strong><\/p>\n<p><strong><a href=\"https:\/\/wp.ufpel.edu.br\/cadernodeletras\/about-the-journal\">PRESENTATION &#8211; English<\/a><\/strong><\/p>\n<p><strong><a href=\"https:\/\/wp.ufpel.edu.br\/cadernodeletras\/eine-vorstellung\">PR\u00c4SENTATION\u00a0&#8211; Deutsch<\/a><\/strong><\/p>\n","protected":false},"excerpt":{"rendered":"<p>CADERNO DE LETRAS \u2013 APRESENTA\u00c7\u00c3O A Revista Caderno de Letras surgiu em 1982, como resultado do esfor\u00e7o dos professores e pesquisadores que integravam o Departamento de Letras do Instituto de Letras e Artes da Universidade Federal de Pelotas \u2013 antes mesmo da cria\u00e7\u00e3o do Curso de Letras, que data de 1984. A import\u00e2ncia de uma &hellip; <\/p>\n<p><a class=\"more-link btn\" href=\"https:\/\/wp.ufpel.edu.br\/cadernodeletras\/\">Continue lendo<\/a><\/p>\n","protected":false},"author":310,"featured_media":0,"parent":0,"menu_order":0,"comment_status":"closed","ping_status":"closed","template":"","meta":{"footnotes":""},"class_list":["post-28","page","type-page","status-publish","hentry","nodate","item-wrap"],"_links":{"self":[{"href":"https:\/\/wp.ufpel.edu.br\/cadernodeletras\/wp-json\/wp\/v2\/pages\/28","targetHints":{"allow":["GET"]}}],"collection":[{"href":"https:\/\/wp.ufpel.edu.br\/cadernodeletras\/wp-json\/wp\/v2\/pages"}],"about":[{"href":"https:\/\/wp.ufpel.edu.br\/cadernodeletras\/wp-json\/wp\/v2\/types\/page"}],"author":[{"embeddable":true,"href":"https:\/\/wp.ufpel.edu.br\/cadernodeletras\/wp-json\/wp\/v2\/users\/310"}],"replies":[{"embeddable":true,"href":"https:\/\/wp.ufpel.edu.br\/cadernodeletras\/wp-json\/wp\/v2\/comments?post=28"}],"version-history":[{"count":7,"href":"https:\/\/wp.ufpel.edu.br\/cadernodeletras\/wp-json\/wp\/v2\/pages\/28\/revisions"}],"predecessor-version":[{"id":392,"href":"https:\/\/wp.ufpel.edu.br\/cadernodeletras\/wp-json\/wp\/v2\/pages\/28\/revisions\/392"}],"wp:attachment":[{"href":"https:\/\/wp.ufpel.edu.br\/cadernodeletras\/wp-json\/wp\/v2\/media?parent=28"}],"curies":[{"name":"wp","href":"https:\/\/api.w.org\/{rel}","templated":true}]}}

Apresentação

<div>
<p style="text-align: center"><b>CADERNO DE LETRAS – APRESENTAÇÃO</b></p>
<p>A Revista Caderno de Letras surgiu em 1982, como resultado do esforço dos professores e pesquisadores que integravam o Departamento de Letras do Instituto de Letras e Artes da Universidade Federal de Pelotas – antes mesmo da criação do Curso de Letras, que data de 1984. A importância de uma publicação que oportunizasse espaço para a troca de experiências e para o debate acadêmico entre pesquisadores da Universidade Federal de Pelotas e de instituições nacionais e internacionais norteou as edições da Caderno de Letras e consolidou a revista como um referencial importante ao longo dos anos.</p>
<p>Para que a publicação se mantivesse durante todo esse tempo, o esforço exigido dos envolvidos – conselho editorial, comissões, pareceristas, autores, revisores, diagramadores e editores – foi imenso, especialmente no sentido de procurar a atualização constante dentro dos critérios de avaliação vigentes em cada período. Nesse sentido, a imagem que compõe a capa das edições se relaciona com essa ideia de abertura ao debate e à renovação: o quadro de Paul Klee, Livro aberto, de 1930. Essa visão sempre antecipou o diálogo proposto pelo periódico, cuja política editorial é se constituir em um veículo para a diversidade de pesquisas e discussões na área dos estudos linguísticos e literários.</p>
<p>Cabe informar que a periodicidade da Caderno de Letras se consolidou como uma publicação anual a partir de 2003, passando a semestral em 2012, com uma edição dedicada aos estudos linguísticos (primeiro semestre) e outra aos estudos literários (segundo semestre), sendo que para cada edição é feita uma chamada própria, divulgada no site da revista (cadernodeletras.ufpel.edu.br), nas redes sociais, nos sites de instituições e em eventos relacionados com as temáticas em questão. A partir de 2014 a revista também passou a ter uma versão eletrônica e a disponibilizar todas as edições já publicadas para consulta.</p>
<p>Além das chamadas com temáticas específicas, o periódico possui fluxo contínuo para recebimento de textos que poderão vir a integrar edições futuras ou números especiais, bem como canais de comunicação para tirar dúvidas e fazer contato com colaboradores e pareceristas.</p>
<p>Atualmente, a Caderno de Letras é uma publicação científica do Centro de Letras e Comunicação da Universidade Federal de Pelotas.</p>
<p>&nbsp;</p>
<p align="right">João Luis Pereira Ourique – Editor (2012-2015)</p>
</div>
<p><strong><a href="https://wp.ufpel.edu.br/cadernodeletras/presentacion">PRESENTACIÓN &#8211; Español</a></strong></p>
<p><strong><a href="https://wp.ufpel.edu.br/cadernodeletras/presentation">PRÉSENTATION &#8211; Français</a></strong></p>
<p><strong><a href="https://wp.ufpel.edu.br/cadernodeletras/about-the-journal">PRESENTATION &#8211; English</a></strong></p>
<p><strong><a href="https://wp.ufpel.edu.br/cadernodeletras/eine-vorstellung">PRÄSENTATION &#8211; Deutsch</a></strong></p>

<p>CADERNO DE LETRAS – APRESENTAÇÃO A Revista Caderno de Letras surgiu em 1982, como resultado do esforço dos professores e pesquisadores que integravam o Departamento de Letras do Instituto de Letras e Artes da Universidade Federal de Pelotas – antes mesmo da criação do Curso de Letras, que data de 1984. A importância de uma &hellip; </p>
<p><a class="more-link btn" href="https://wp.ufpel.edu.br/cadernodeletras/">Continue lendo</a></p>
