{"id":162,"date":"2014-03-14T09:14:50","date_gmt":"2014-03-14T12:14:50","guid":{"rendered":"https:\/\/wp.ufpel.edu.br\/cadernodeletras\/?page_id=162"},"modified":"2015-03-17T13:21:56","modified_gmt":"2015-03-17T16:21:56","slug":"edicao-atual","status":"publish","type":"page","link":"https:\/\/wp.ufpel.edu.br\/cadernodeletras\/edicao-atual\/","title":{"rendered":"Edi\u00e7\u00e3o atual"},"content":{"rendered":"<p style=\"text-align: center\"><a title=\"Plataforma SEER\" href=\"http:\/\/periodicos.ufpel.edu.br\/ojs2\/index.php\/cadernodeletras\/issue\/current\" target=\"_blank\"><strong>ACESSE A REVISTA ATRAV\u00c9S DA PL<\/strong><strong>ATAFO<\/strong><strong>RMA <em>SEER<\/em> DE PERI\u00d3DICOS<\/strong><\/a><\/p>\n<p style=\"text-align: center\"><strong><a href=\"https:\/\/wp.ufpel.edu.br\/cadernodeletras\/files\/2014\/03\/CADERNO-DIGITAL-SEER.png\"><img loading=\"lazy\" decoding=\"async\" class=\" wp-image-367  aligncenter\" src=\"https:\/\/wp.ufpel.edu.br\/cadernodeletras\/files\/2014\/03\/CADERNO-DIGITAL-SEER-e1426600916940-300x268.png\" alt=\"CADERNO DIGITAL SEER\" width=\"177\" height=\"158\" srcset=\"https:\/\/wp.ufpel.edu.br\/cadernodeletras\/files\/2014\/03\/CADERNO-DIGITAL-SEER-e1426600916940-300x268.png 300w, https:\/\/wp.ufpel.edu.br\/cadernodeletras\/files\/2014\/03\/CADERNO-DIGITAL-SEER-e1426600916940.png 415w\" sizes=\"auto, (max-width: 177px) 100vw, 177px\" \/><\/a><\/strong><\/p>\n<p style=\"text-align: center\"><strong>N\u00famero 23, 2014 (2\u00ba semestre) &#8211; O universo poliss\u00eamico <\/strong><strong>e fronteiri\u00e7o da tradu\u00e7\u00e3o liter\u00e1<\/strong><strong>ria &#8211; Caderno de Letras<\/strong><\/p>\n","protected":false},"excerpt":{"rendered":"<p>ACESSE A REVISTA ATRAV\u00c9S DA PLATAFORMA SEER DE PERI\u00d3DICOS N\u00famero 23, 2014 (2\u00ba semestre) &#8211; O universo poliss\u00eamico e fronteiri\u00e7o da tradu\u00e7\u00e3o liter\u00e1ria &#8211; Caderno de Letras<\/p>\n","protected":false},"author":310,"featured_media":0,"parent":0,"menu_order":0,"comment_status":"closed","ping_status":"closed","template":"","meta":{"footnotes":""},"class_list":["post-162","page","type-page","status-publish","hentry","nodate","item-wrap"],"_links":{"self":[{"href":"https:\/\/wp.ufpel.edu.br\/cadernodeletras\/wp-json\/wp\/v2\/pages\/162","targetHints":{"allow":["GET"]}}],"collection":[{"href":"https:\/\/wp.ufpel.edu.br\/cadernodeletras\/wp-json\/wp\/v2\/pages"}],"about":[{"href":"https:\/\/wp.ufpel.edu.br\/cadernodeletras\/wp-json\/wp\/v2\/types\/page"}],"author":[{"embeddable":true,"href":"https:\/\/wp.ufpel.edu.br\/cadernodeletras\/wp-json\/wp\/v2\/users\/310"}],"replies":[{"embeddable":true,"href":"https:\/\/wp.ufpel.edu.br\/cadernodeletras\/wp-json\/wp\/v2\/comments?post=162"}],"version-history":[{"count":17,"href":"https:\/\/wp.ufpel.edu.br\/cadernodeletras\/wp-json\/wp\/v2\/pages\/162\/revisions"}],"predecessor-version":[{"id":375,"href":"https:\/\/wp.ufpel.edu.br\/cadernodeletras\/wp-json\/wp\/v2\/pages\/162\/revisions\/375"}],"wp:attachment":[{"href":"https:\/\/wp.ufpel.edu.br\/cadernodeletras\/wp-json\/wp\/v2\/media?parent=162"}],"curies":[{"name":"wp","href":"https:\/\/api.w.org\/{rel}","templated":true}]}}

Edição atual

<p style="text-align: center"><a title="Plataforma SEER" href="http://periodicos.ufpel.edu.br/ojs2/index.php/cadernodeletras/issue/current" target="_blank"><strong>ACESSE A REVISTA ATRAVÉS DA PL</strong><strong>ATAFO</strong><strong>RMA <em>SEER</em> DE PERIÓDICOS</strong></a></p>
<p style="text-align: center"><strong><a href="https://wp.ufpel.edu.br/cadernodeletras/files/2014/03/CADERNO-DIGITAL-SEER.png"><img loading="lazy" decoding="async" class=" wp-image-367  aligncenter" src="https://wp.ufpel.edu.br/cadernodeletras/files/2014/03/CADERNO-DIGITAL-SEER-e1426600916940-300x268.png" alt="CADERNO DIGITAL SEER" width="177" height="158" srcset="https://wp.ufpel.edu.br/cadernodeletras/files/2014/03/CADERNO-DIGITAL-SEER-e1426600916940-300x268.png 300w, https://wp.ufpel.edu.br/cadernodeletras/files/2014/03/CADERNO-DIGITAL-SEER-e1426600916940.png 415w" sizes="auto, (max-width: 177px) 100vw, 177px" /></a></strong></p>
<p style="text-align: center"><strong>Número 23, 2014 (2º semestre) &#8211; O universo polissêmico </strong><strong>e fronteiriço da tradução literá</strong><strong>ria &#8211; Caderno de Letras</strong></p>

<p>ACESSE A REVISTA ATRAVÉS DA PLATAFORMA SEER DE PERIÓDICOS Número 23, 2014 (2º semestre) &#8211; O universo polissêmico e fronteiriço da tradução literária &#8211; Caderno de Letras</p>
