{"id":137,"date":"2014-02-17T16:36:15","date_gmt":"2014-02-17T19:36:15","guid":{"rendered":"https:\/\/wp.ufpel.edu.br\/cadernodeletras\/?page_id=137"},"modified":"2014-05-20T09:17:00","modified_gmt":"2014-05-20T12:17:00","slug":"presentacion","status":"publish","type":"page","link":"https:\/\/wp.ufpel.edu.br\/cadernodeletras\/presentacion\/","title":{"rendered":"PRESENTACI\u00d3N"},"content":{"rendered":"<p align=\"center\"><b>CADERNO DE LETRAS &#8211; PRESENTACI\u00d3N<\/b><\/p>\n<p>&nbsp;<\/p>\n<p><b>El <i>Caderno de Letras<\/i><\/b>\u00a0es una revista cient\u00edfica que empez\u00f3 a publicarse en el a\u00f1o 1982, es resultado del empe\u00f1o de profesores e investigadores que integraban el <i>Departamento de Letras<\/i> del <i>Instituto de Letras<\/i> <i>e Artes<\/i> de la <i>Universidade Federal de Pelotas<\/i> \u2013 antes de la creaci\u00f3n del <i>Curso de Letras<\/i>, en el 1984. La importancia de una publicaci\u00f3n que posibilitara un espacio de intercambio de experiencias y de debate acad\u00e9mico entre pesquisadores de la <i>Universidade Federal de Pelotas<\/i> y de instituciones nacionales e internacionales impuls\u00f3 las ediciones del <b><i>Caderno de Letras<\/i><\/b>\u00a0y consolid\u00f3 el peri\u00f3dico como un importante referencial a lo largo del tiempo.<\/p>\n<p>Para que tal publicaci\u00f3n se mantuviera en estos a\u00f1os, el esfuerzo de todos los involucrados \u2013 consejo de redacci\u00f3n, comit\u00e9s, evaluadores, autores, revisores, diagramadores y editores \u2013 fue intenso, especialmente en lo que concierne a la b\u00fasqueda de actualizaci\u00f3n constante dentro de los criterios de evaluaci\u00f3n vigentes en cada una de las ediciones. Siendo as\u00ed, la imagen que se incluye las portadas de las\u00a0 ediciones est\u00e1 relacionada a la idea de apertura al debate y a la renovaci\u00f3n: la pintura de Paul Klee, <i>Libro abierto<\/i>, del 1930. Esa visi\u00f3n anticipa el di\u00e1logo propuesto por el peri\u00f3dico, cuya pol\u00edtica editorial es la de constituirse en un veh\u00edculo para la diversidad de investigaciones y discuciones en el area de los estudios lingu\u00edsticos y literarios.<\/p>\n<p>Cabe informar que la periodicidad del\u00a0<b><i>Caderno de Letras<\/i><\/b>, que ha sido anual a partir del 2003, pasa a ser semestral en 2012, con un n\u00famero dedicado a los estudios lingu\u00edsticos (primer semestre) y otro a los estudios literarios (seg\u00fan semestre del a\u00f1o), habiendo una convocatoria para publicaci\u00f3n en cada edici\u00f3n en el sitio web de la revista (<a href=\"http:\/\/cadernodeletras.ufpel.edu.br\/#_blank\"><i>cadernodeletras.ufpel.edu.br<\/i><\/a>), en las redes sociales, en los sitios web de instituciones y en eventos relacionados a sus tem\u00e1ticas. A partir del 2014 la revista pasa a tener una versi\u00f3n electr\u00f3nica y a disponer todas sus ediciones anteriores para consulta.<\/p>\n<p>Adem\u00e1s de las convocatorias para tem\u00e1ticas espec\u00edficas, el peri\u00f3dico est\u00e1 abierto para recepci\u00f3n permanente de textos que podr\u00e1n constituir ediciones futuras o n\u00fameros especiales, as\u00ed como tambi\u00e9n se dispone a ser un canal de comunicaci\u00f3n para dudas o contactos de colaborades y evaluadores.<\/p>\n<p>Actualmente, el <b><i>Caderno de Letras<\/i><\/b><i> <\/i>es una publicaci\u00f3n del <i>Centro de Letras e Comunica\u00e7\u00e3o<\/i> de la <i>Universidade Federal de Pelotas<\/i>.<\/p>\n<p>&nbsp;<\/p>\n<p align=\"right\">Jo\u00e3o Luis Pereira Ourique \u2013 Editor<\/p>\n<p style=\"text-align: left\" align=\"right\">Traducci\u00f3n: Aline Coelho da Silva<\/p>\n","protected":false},"excerpt":{"rendered":"<p>CADERNO DE LETRAS &#8211; PRESENTACI\u00d3N &nbsp; El Caderno de Letras\u00a0es una revista cient\u00edfica que empez\u00f3 a publicarse en el a\u00f1o 1982, es resultado del empe\u00f1o de profesores e investigadores que integraban el Departamento de Letras del Instituto de Letras e Artes de la Universidade Federal de Pelotas \u2013 antes de la creaci\u00f3n del Curso de &hellip; <\/p>\n<p><a class=\"more-link btn\" href=\"https:\/\/wp.ufpel.edu.br\/cadernodeletras\/presentacion\/\">Continue lendo<\/a><\/p>\n","protected":false},"author":310,"featured_media":0,"parent":0,"menu_order":0,"comment_status":"closed","ping_status":"closed","template":"","meta":{"footnotes":""},"class_list":["post-137","page","type-page","status-publish","hentry","nodate","item-wrap"],"_links":{"self":[{"href":"https:\/\/wp.ufpel.edu.br\/cadernodeletras\/wp-json\/wp\/v2\/pages\/137","targetHints":{"allow":["GET"]}}],"collection":[{"href":"https:\/\/wp.ufpel.edu.br\/cadernodeletras\/wp-json\/wp\/v2\/pages"}],"about":[{"href":"https:\/\/wp.ufpel.edu.br\/cadernodeletras\/wp-json\/wp\/v2\/types\/page"}],"author":[{"embeddable":true,"href":"https:\/\/wp.ufpel.edu.br\/cadernodeletras\/wp-json\/wp\/v2\/users\/310"}],"replies":[{"embeddable":true,"href":"https:\/\/wp.ufpel.edu.br\/cadernodeletras\/wp-json\/wp\/v2\/comments?post=137"}],"version-history":[{"count":2,"href":"https:\/\/wp.ufpel.edu.br\/cadernodeletras\/wp-json\/wp\/v2\/pages\/137\/revisions"}],"predecessor-version":[{"id":243,"href":"https:\/\/wp.ufpel.edu.br\/cadernodeletras\/wp-json\/wp\/v2\/pages\/137\/revisions\/243"}],"wp:attachment":[{"href":"https:\/\/wp.ufpel.edu.br\/cadernodeletras\/wp-json\/wp\/v2\/media?parent=137"}],"curies":[{"name":"wp","href":"https:\/\/api.w.org\/{rel}","templated":true}]}}

PRESENTACIÓN

<p align="center"><b>CADERNO DE LETRAS &#8211; PRESENTACIÓN</b></p>
<p>&nbsp;</p>
<p><b>El <i>Caderno de Letras</i></b> es una revista científica que empezó a publicarse en el año 1982, es resultado del empeño de profesores e investigadores que integraban el <i>Departamento de Letras</i> del <i>Instituto de Letras</i> <i>e Artes</i> de la <i>Universidade Federal de Pelotas</i> – antes de la creación del <i>Curso de Letras</i>, en el 1984. La importancia de una publicación que posibilitara un espacio de intercambio de experiencias y de debate académico entre pesquisadores de la <i>Universidade Federal de Pelotas</i> y de instituciones nacionales e internacionales impulsó las ediciones del <b><i>Caderno de Letras</i></b> y consolidó el periódico como un importante referencial a lo largo del tiempo.</p>
<p>Para que tal publicación se mantuviera en estos años, el esfuerzo de todos los involucrados – consejo de redacción, comités, evaluadores, autores, revisores, diagramadores y editores – fue intenso, especialmente en lo que concierne a la búsqueda de actualización constante dentro de los criterios de evaluación vigentes en cada una de las ediciones. Siendo así, la imagen que se incluye las portadas de las  ediciones está relacionada a la idea de apertura al debate y a la renovación: la pintura de Paul Klee, <i>Libro abierto</i>, del 1930. Esa visión anticipa el diálogo propuesto por el periódico, cuya política editorial es la de constituirse en un vehículo para la diversidad de investigaciones y discuciones en el area de los estudios linguísticos y literarios.</p>
<p>Cabe informar que la periodicidad del <b><i>Caderno de Letras</i></b>, que ha sido anual a partir del 2003, pasa a ser semestral en 2012, con un número dedicado a los estudios linguísticos (primer semestre) y otro a los estudios literarios (según semestre del año), habiendo una convocatoria para publicación en cada edición en el sitio web de la revista (<a href="http://cadernodeletras.ufpel.edu.br/#_blank"><i>cadernodeletras.ufpel.edu.br</i></a>), en las redes sociales, en los sitios web de instituciones y en eventos relacionados a sus temáticas. A partir del 2014 la revista pasa a tener una versión electrónica y a disponer todas sus ediciones anteriores para consulta.</p>
<p>Además de las convocatorias para temáticas específicas, el periódico está abierto para recepción permanente de textos que podrán constituir ediciones futuras o números especiales, así como también se dispone a ser un canal de comunicación para dudas o contactos de colaborades y evaluadores.</p>
<p>Actualmente, el <b><i>Caderno de Letras</i></b><i> </i>es una publicación del <i>Centro de Letras e Comunicação</i> de la <i>Universidade Federal de Pelotas</i>.</p>
<p>&nbsp;</p>
<p align="right">João Luis Pereira Ourique – Editor</p>
<p style="text-align: left" align="right">Traducción: Aline Coelho da Silva</p>

<p>CADERNO DE LETRAS &#8211; PRESENTACIÓN &nbsp; El Caderno de Letras es una revista científica que empezó a publicarse en el año 1982, es resultado del empeño de profesores e investigadores que integraban el Departamento de Letras del Instituto de Letras e Artes de la Universidade Federal de Pelotas – antes de la creación del Curso de &hellip; </p>
<p><a class="more-link btn" href="https://wp.ufpel.edu.br/cadernodeletras/presentacion/">Continue lendo</a></p>
