{"id":11,"date":"2013-09-10T09:31:36","date_gmt":"2013-09-10T12:31:36","guid":{"rendered":"https:\/\/wp.ufpel.edu.br\/cadernodeletras\/?page_id=11"},"modified":"2015-06-02T16:43:20","modified_gmt":"2015-06-02T19:43:20","slug":"contato","status":"publish","type":"page","link":"https:\/\/wp.ufpel.edu.br\/cadernodeletras\/contato\/","title":{"rendered":"Contato"},"content":{"rendered":"<article>Universidade Federal de Pelotas (UFPel)<\/article>\n<article>Centro de Letras e Comunica\u00e7\u00e3o (CLC)<\/article>\n<article>Pelotas (RS) &#8211; CEP 96010-610<\/article>\n<article>Rua Gomes Carneiro, n\u00ba1 &#8211; Campus Porto<\/article>\n<article>Pr\u00e9dio B &#8211; Sala 119<\/article>\n<article><\/article>\n<article>Email : cadernodeletras@yahoo.com.br<\/article>\n<article><\/article>\n<article>Telefone : 53- 39211392<\/article>\n<article>\u00a0<\/article>\n<article>\u00a0<\/article>\n<article><\/article>\n<article><\/article>\n<article>Links \u00fateis:<\/article>\n<article><\/article>\n<article>\n<div id=\"attachment_386\" style=\"width: 93px\" class=\"wp-caption alignleft\"><a href=\"http:\/\/portal.ufpel.edu.br\" target=\"_blank\"><img loading=\"lazy\" decoding=\"async\" aria-describedby=\"caption-attachment-386\" class=\"wp-image-386\" src=\"https:\/\/wp.ufpel.edu.br\/cadernodeletras\/files\/2013\/09\/ufpel-298x300.gif\" alt=\"ufpel\" width=\"93\" height=\"94\" srcset=\"https:\/\/wp.ufpel.edu.br\/cadernodeletras\/files\/2013\/09\/ufpel-298x300.gif 298w, https:\/\/wp.ufpel.edu.br\/cadernodeletras\/files\/2013\/09\/ufpel-150x150.gif 150w\" sizes=\"auto, (max-width: 93px) 100vw, 93px\" \/><\/a><p id=\"caption-attachment-386\" class=\"wp-caption-text\">Universidade Federal de Pelotas (UFPel)<\/p><\/div>\n<\/article>\n<article><\/article>\n<article><\/article>\n<article><\/article>\n<article><\/article>\n<article><\/article>\n<article><\/article>\n<article><\/article>\n<article><\/article>\n<article><\/article>\n<article><\/article>\n<article><\/article>\n<article><\/article>\n<article><a title=\"Centro de Letras e Comunica\u00e7\u00e3o\" href=\"https:\/\/wp.ufpel.edu.br\/clc\" target=\"_blank\">Centro de Letras e Comunica\u00e7\u00e3o (CLC\/UFPel)<\/a><\/article>\n<article><a title=\"Programa de P\u00f3s-Gradua\u00e7\u00e3o em Letras\" href=\"https:\/\/wp.ufpel.edu.br\/ppgl\" target=\"_blank\">Programa de P\u00f3s-Gradua\u00e7\u00e3o em Letras (PPGL\/UFPel)<\/a><\/article>\n<article><a title=\"Qualis CAPES\" href=\"http:\/\/qualis.capes.gov.br\/webqualis\/principal.seam\" target=\"_blank\">Qualis CAPES<\/a><\/article>\n","protected":false},"excerpt":{"rendered":"<p>Universidade Federal de Pelotas (UFPel) Centro de Letras e Comunica\u00e7\u00e3o (CLC) Pelotas (RS) &#8211; CEP 96010-610 Rua Gomes Carneiro, n\u00ba1 &#8211; Campus Porto Pr\u00e9dio B &#8211; Sala 119 Email : cadernodeletras@yahoo.com.br Telefone : 53- 39211392 \u00a0 \u00a0 Links \u00fateis: Centro de Letras e Comunica\u00e7\u00e3o (CLC\/UFPel) Programa de P\u00f3s-Gradua\u00e7\u00e3o em Letras (PPGL\/UFPel) Qualis CAPES<\/p>\n","protected":false},"author":310,"featured_media":0,"parent":0,"menu_order":0,"comment_status":"closed","ping_status":"closed","template":"","meta":{"footnotes":""},"class_list":["post-11","page","type-page","status-publish","hentry","nodate","item-wrap"],"_links":{"self":[{"href":"https:\/\/wp.ufpel.edu.br\/cadernodeletras\/wp-json\/wp\/v2\/pages\/11","targetHints":{"allow":["GET"]}}],"collection":[{"href":"https:\/\/wp.ufpel.edu.br\/cadernodeletras\/wp-json\/wp\/v2\/pages"}],"about":[{"href":"https:\/\/wp.ufpel.edu.br\/cadernodeletras\/wp-json\/wp\/v2\/types\/page"}],"author":[{"embeddable":true,"href":"https:\/\/wp.ufpel.edu.br\/cadernodeletras\/wp-json\/wp\/v2\/users\/310"}],"replies":[{"embeddable":true,"href":"https:\/\/wp.ufpel.edu.br\/cadernodeletras\/wp-json\/wp\/v2\/comments?post=11"}],"version-history":[{"count":12,"href":"https:\/\/wp.ufpel.edu.br\/cadernodeletras\/wp-json\/wp\/v2\/pages\/11\/revisions"}],"predecessor-version":[{"id":389,"href":"https:\/\/wp.ufpel.edu.br\/cadernodeletras\/wp-json\/wp\/v2\/pages\/11\/revisions\/389"}],"wp:attachment":[{"href":"https:\/\/wp.ufpel.edu.br\/cadernodeletras\/wp-json\/wp\/v2\/media?parent=11"}],"curies":[{"name":"wp","href":"https:\/\/api.w.org\/{rel}","templated":true}]}}