{"id":103,"date":"2014-02-13T14:21:38","date_gmt":"2014-02-13T16:21:38","guid":{"rendered":"https:\/\/wp.ufpel.edu.br\/cadernodeletras\/?page_id=103"},"modified":"2015-07-01T15:02:11","modified_gmt":"2015-07-01T18:02:11","slug":"edicoes","status":"publish","type":"page","link":"https:\/\/wp.ufpel.edu.br\/cadernodeletras\/edicoes\/","title":{"rendered":"Edi\u00e7\u00f5es"},"content":{"rendered":"<p style=\"text-align: center\"><strong>N\u00famero 23, 2014 (2\u00ba semestre) &#8211; O universo poliss\u00eamico e fronteiri\u00e7o da tradu\u00e7\u00e3o liter\u00e1ria &#8211; Caderno de Letras &#8211; <\/strong><em><a href=\"https:\/\/wp.ufpel.edu.br\/cadernodeletras\/files\/2014\/02\/Caderno-de-Letras-n\u00ba-232.pdf\">Caderno de Letras &#8211; n\u00ba 23<\/a> &#8211; <a href=\"http:\/\/periodicos.ufpel.edu.br\/ojs2\/index.php\/cadernodeletras\/issue\/view\/361\" target=\"_blank\">Acesse a Revista na plataforma SEER<\/a><\/em><\/p>\n<p style=\"text-align: center\"><a href=\"https:\/\/wp.ufpel.edu.br\/cadernodeletras\/files\/2014\/02\/CAPA-23.jpg\"><img loading=\"lazy\" decoding=\"async\" class=\"alignnone size-medium wp-image-382\" src=\"https:\/\/wp.ufpel.edu.br\/cadernodeletras\/files\/2014\/02\/CAPA-23-300x157.jpg\" alt=\"modeloIMPRESS\u00c3O\" width=\"300\" height=\"157\" srcset=\"https:\/\/wp.ufpel.edu.br\/cadernodeletras\/files\/2014\/02\/CAPA-23-300x157.jpg 300w, https:\/\/wp.ufpel.edu.br\/cadernodeletras\/files\/2014\/02\/CAPA-23.jpg 1018w\" sizes=\"auto, (max-width: 300px) 100vw, 300px\" \/><\/a><\/p>\n<p style=\"text-align: center\"><strong>N\u00famero 22, 2014 (1\u00ba semestre) &#8211; M\u00e9todos de investiga\u00e7\u00e3o em tradu\u00e7\u00e3o &#8211; perspectivas inovadoras &#8211; Caderno de Letras &#8211;<\/strong> <em><a href=\"https:\/\/wp.ufpel.edu.br\/cadernodeletras\/files\/2014\/02\/Caderno-de-Letras-n\u00ba-22.pdf\">Acesse a Revista em PDF<\/a> <strong>&#8211;<\/strong> <a title=\"Plataforma SEER\" href=\"http:\/\/periodicos.ufpel.edu.br\/ojs2\/index.php\/cadernodeletras\/issue\/view\/322\/showToc\" target=\"_blank\">Acesse a Revista na plataforma SEER<\/a><\/em><\/p>\n<p><strong>\u00a0<a href=\"https:\/\/wp.ufpel.edu.br\/cadernodeletras\/files\/2014\/02\/CAPA-22-Recuperado.jpg\"><img loading=\"lazy\" decoding=\"async\" class=\" wp-image-402 size-medium aligncenter\" src=\"https:\/\/wp.ufpel.edu.br\/cadernodeletras\/files\/2014\/02\/CAPA-22-Recuperado-300x157.jpg\" alt=\"\" width=\"300\" height=\"157\" srcset=\"https:\/\/wp.ufpel.edu.br\/cadernodeletras\/files\/2014\/02\/CAPA-22-Recuperado-300x157.jpg 300w, https:\/\/wp.ufpel.edu.br\/cadernodeletras\/files\/2014\/02\/CAPA-22-Recuperado-1024x537.jpg 1024w\" sizes=\"auto, (max-width: 300px) 100vw, 300px\" \/><\/a><\/strong><\/p>\n<p style=\"text-align: center\"><strong><strong><strong><strong>N\u00famero 2<\/strong><\/strong><\/strong>1, 2013 (2\u00b0 semestre) &#8211; Literaturas de L\u00ednguas Estrangeiras, Hist\u00f3ria e Intertextualidade &#8211; Caderno de Letras<\/strong> &#8211; <a href=\"https:\/\/wp.ufpel.edu.br\/cadernodeletras\/files\/2014\/01\/Caderno-de-Letras-21.pdf\" target=\"_blank\"><em>Acesse a Revista em PDF<\/em><\/a><\/p>\n<p style=\"text-align: center\"><a href=\"https:\/\/wp.ufpel.edu.br\/cadernodeletras\/files\/2014\/07\/capa-21.jpg\"><img loading=\"lazy\" decoding=\"async\" class=\"alignnone size-medium wp-image-309\" src=\"https:\/\/wp.ufpel.edu.br\/cadernodeletras\/files\/2014\/07\/capa-21-300x178.jpg\" alt=\"capa 21\" width=\"300\" height=\"178\" srcset=\"https:\/\/wp.ufpel.edu.br\/cadernodeletras\/files\/2014\/07\/capa-21-300x178.jpg 300w, https:\/\/wp.ufpel.edu.br\/cadernodeletras\/files\/2014\/07\/capa-21-1024x609.jpg 1024w, https:\/\/wp.ufpel.edu.br\/cadernodeletras\/files\/2014\/07\/capa-21.jpg 1069w\" sizes=\"auto, (max-width: 300px) 100vw, 300px\" \/><\/a><\/p>\n<p style=\"text-align: center\"><strong>N\u00famero 20, 2013 (1\u00ba semestre) &#8211; An\u00e1lises e interpreta\u00e7\u00f5es lingu\u00edsticas &#8211; Caderno de Letras &#8211; <\/strong><em><a href=\"https:\/\/wp.ufpel.edu.br\/cadernodeletras\/files\/2014\/02\/Caderno-de-Letras-n\u00ba-20final.pdf\">Acesse a Revista em PDF<\/a><\/em><\/p>\n<p style=\"text-align: center\"><a href=\"https:\/\/wp.ufpel.edu.br\/cadernodeletras\/files\/2014\/02\/capa20.jpg\"><img loading=\"lazy\" decoding=\"async\" class=\"alignnone wp-image-360 size-medium\" src=\"https:\/\/wp.ufpel.edu.br\/cadernodeletras\/files\/2014\/02\/capa20-300x157.jpg\" alt=\"\" width=\"300\" height=\"157\" srcset=\"https:\/\/wp.ufpel.edu.br\/cadernodeletras\/files\/2014\/02\/capa20-300x157.jpg 300w, https:\/\/wp.ufpel.edu.br\/cadernodeletras\/files\/2014\/02\/capa20-1024x537.jpg 1024w\" sizes=\"auto, (max-width: 300px) 100vw, 300px\" \/><\/a><\/p>\n<p style=\"text-align: center\"><strong><strong><strong><strong>N\u00famero 1<\/strong><\/strong><\/strong>9, 2012 (2\u00b0 semestre) &#8211; Teatro e Literatura: entre o texto e o espet\u00e1culo &#8211; Caderno de Letras<\/strong> &#8211; <em><a href=\"https:\/\/wp.ufpel.edu.br\/cadernodeletras\/files\/2013\/09\/Caderno-de-Letras-19.pdf\" target=\"_blank\">Acesse a Revista em PDF<\/a><\/em><\/p>\n<p style=\"text-align: center\"><a href=\"https:\/\/wp.ufpel.edu.br\/cadernodeletras\/files\/2014\/07\/capa-19.jpg\"><img loading=\"lazy\" decoding=\"async\" class=\"alignnone size-medium wp-image-308\" src=\"https:\/\/wp.ufpel.edu.br\/cadernodeletras\/files\/2014\/07\/capa-19-300x157.jpg\" alt=\"capa 19\" width=\"300\" height=\"157\" srcset=\"https:\/\/wp.ufpel.edu.br\/cadernodeletras\/files\/2014\/07\/capa-19-300x157.jpg 300w, https:\/\/wp.ufpel.edu.br\/cadernodeletras\/files\/2014\/07\/capa-19-1024x537.jpg 1024w, https:\/\/wp.ufpel.edu.br\/cadernodeletras\/files\/2014\/07\/capa-19.jpg 1222w\" sizes=\"auto, (max-width: 300px) 100vw, 300px\" \/><\/a><\/p>\n<p style=\"text-align: center\"><strong><strong><strong><strong>N\u00famero 1<\/strong><\/strong><\/strong>8, 2012 (1\u00b0 semestre) \u2013 G\u00eaneros Textuais: perspectivas te\u00f3ricas e pr\u00e1ticas \u2013 Caderno de Letras<\/strong> &#8211; <a href=\"https:\/\/wp.ufpel.edu.br\/cadernodeletras\/files\/2014\/01\/Caderno-de-Letras-18-vers\u00e3o-final.pdf\" target=\"_blank\"><em>Acesse a Revista em PDF<\/em><\/a><\/p>\n<p style=\"text-align: center\"><a href=\"https:\/\/wp.ufpel.edu.br\/cadernodeletras\/files\/2014\/07\/capa-18.jpg\"><img loading=\"lazy\" decoding=\"async\" class=\"alignnone size-medium wp-image-307\" src=\"https:\/\/wp.ufpel.edu.br\/cadernodeletras\/files\/2014\/07\/capa-18-300x178.jpg\" alt=\"capa 18\" width=\"300\" height=\"178\" srcset=\"https:\/\/wp.ufpel.edu.br\/cadernodeletras\/files\/2014\/07\/capa-18-300x178.jpg 300w, https:\/\/wp.ufpel.edu.br\/cadernodeletras\/files\/2014\/07\/capa-18-1024x608.jpg 1024w\" sizes=\"auto, (max-width: 300px) 100vw, 300px\" \/><\/a><\/p>\n<p style=\"text-align: center\"><strong><strong><strong><strong>N\u00famero 1<\/strong><\/strong><\/strong>7, 2011 \u2013 Ensino da Tradu\u00e7\u00e3o: profissionaliza\u00e7\u00e3o do tradutor no Ensino Superior \u2013 Caderno de Letras <\/strong>&#8211;<a href=\"https:\/\/wp.ufpel.edu.br\/cadernodeletras\/files\/2014\/05\/Caderno-de-Letras-17.pdf\" target=\"_blank\"><em> Acesse a Revista em PDF<\/em><\/a><\/p>\n<p style=\"text-align: center\"><a href=\"https:\/\/wp.ufpel.edu.br\/cadernodeletras\/files\/2014\/07\/capa-17.jpg\"><img loading=\"lazy\" decoding=\"async\" class=\"alignnone size-medium wp-image-306\" src=\"https:\/\/wp.ufpel.edu.br\/cadernodeletras\/files\/2014\/07\/capa-17-300x178.jpg\" alt=\"capa 17\" width=\"300\" height=\"178\" srcset=\"https:\/\/wp.ufpel.edu.br\/cadernodeletras\/files\/2014\/07\/capa-17-300x178.jpg 300w, https:\/\/wp.ufpel.edu.br\/cadernodeletras\/files\/2014\/07\/capa-17-1024x609.jpg 1024w, https:\/\/wp.ufpel.edu.br\/cadernodeletras\/files\/2014\/07\/capa-17.jpg 1069w\" sizes=\"auto, (max-width: 300px) 100vw, 300px\" \/><\/a><\/p>\n<p style=\"text-align: center\"><strong>N\u00famero 16, 2010 &#8211; Estrat\u00e9gias de Leitura e Perspectivas Cr\u00edticas &#8211; Caderno de Letras &#8211; <\/strong><a href=\"https:\/\/wp.ufpel.edu.br\/cadernodeletras\/files\/2014\/06\/Caderno-de-Letras-16.pdf\" target=\"_blank\"><em>Acesse a Revista em PDF<\/em><\/a><\/p>\n<p style=\"text-align: center\"><a href=\"https:\/\/wp.ufpel.edu.br\/cadernodeletras\/files\/2014\/07\/capa-16.jpg\"><img loading=\"lazy\" decoding=\"async\" class=\"alignnone size-medium wp-image-305\" src=\"https:\/\/wp.ufpel.edu.br\/cadernodeletras\/files\/2014\/07\/capa-16-300x178.jpg\" alt=\"capa 16\" width=\"300\" height=\"178\" srcset=\"https:\/\/wp.ufpel.edu.br\/cadernodeletras\/files\/2014\/07\/capa-16-300x178.jpg 300w, https:\/\/wp.ufpel.edu.br\/cadernodeletras\/files\/2014\/07\/capa-16-1024x609.jpg 1024w, https:\/\/wp.ufpel.edu.br\/cadernodeletras\/files\/2014\/07\/capa-16.jpg 1069w\" sizes=\"auto, (max-width: 300px) 100vw, 300px\" \/><\/a><\/p>\n<p style=\"text-align: center\"><strong><strong><strong><strong>N\u00famero 1<\/strong><\/strong><\/strong>5, 2009 &#8211; Ensino de L\u00edngua e Literatura: cr\u00edticas e metodologias &#8211; Caderno de Letras<\/strong> &#8211; <a href=\"https:\/\/wp.ufpel.edu.br\/cadernodeletras\/files\/2013\/09\/Caderno-de-Letras-15.pdf\" target=\"_blank\"><em>Acesse a Revista em PDF<\/em><\/a><\/p>\n<p style=\"text-align: center\"><a href=\"https:\/\/wp.ufpel.edu.br\/cadernodeletras\/files\/2014\/07\/capa-15.jpg\"><img loading=\"lazy\" decoding=\"async\" class=\"alignnone size-medium wp-image-304\" src=\"https:\/\/wp.ufpel.edu.br\/cadernodeletras\/files\/2014\/07\/capa-15-300x167.jpg\" alt=\"capa 15\" width=\"300\" height=\"167\" srcset=\"https:\/\/wp.ufpel.edu.br\/cadernodeletras\/files\/2014\/07\/capa-15-300x167.jpg 300w, https:\/\/wp.ufpel.edu.br\/cadernodeletras\/files\/2014\/07\/capa-15-1024x572.jpg 1024w, https:\/\/wp.ufpel.edu.br\/cadernodeletras\/files\/2014\/07\/capa-15-451x250.jpg 451w\" sizes=\"auto, (max-width: 300px) 100vw, 300px\" \/><\/a><\/p>\n<p style=\"text-align: center\"><strong><strong><strong>N\u00famero 14, 2008 &#8211;<\/strong><\/strong><\/strong><strong>Literatura Comparada: quest\u00f5es metodol\u00f3gicas e estrat\u00e9gicas cr\u00edticas<\/strong> &#8211; <strong><strong><strong>Caderno de Letras<\/strong><\/strong><\/strong> <a href=\"https:\/\/wp.ufpel.edu.br\/cadernodeletras\/files\/2013\/10\/Caderno-de-Letras-14.pdf\" target=\"_blank\"><em>Acesse a Revista em PDF<\/em><\/a><\/p>\n<p style=\"text-align: center\"><a href=\"https:\/\/wp.ufpel.edu.br\/cadernodeletras\/files\/2014\/07\/capa-14.jpg\"><img loading=\"lazy\" decoding=\"async\" class=\"alignnone size-medium wp-image-303\" src=\"https:\/\/wp.ufpel.edu.br\/cadernodeletras\/files\/2014\/07\/capa-14-300x162.jpg\" alt=\"capa_caderno_14_final.cdr\" width=\"300\" height=\"162\" srcset=\"https:\/\/wp.ufpel.edu.br\/cadernodeletras\/files\/2014\/07\/capa-14-300x162.jpg 300w, https:\/\/wp.ufpel.edu.br\/cadernodeletras\/files\/2014\/07\/capa-14-1024x555.jpg 1024w\" sizes=\"auto, (max-width: 300px) 100vw, 300px\" \/><\/a><\/p>\n<p style=\"text-align: center\"><strong><strong>N\u00famero 13, 2007 &#8211;<strong> Ling\u00fc\u00edstica <strong>Aplicada<\/strong> <\/strong>&#8211; Caderno de Letras<\/strong><\/strong> &#8211;<a href=\"https:\/\/wp.ufpel.edu.br\/cadernodeletras\/files\/2013\/09\/Caderno-de-Letras-13.pdf\" target=\"_blank\"><em> Acesse a Revista em PDF<\/em><\/a><\/p>\n<p style=\"text-align: center\"><a href=\"https:\/\/wp.ufpel.edu.br\/cadernodeletras\/files\/2014\/07\/capa-13.jpg\"><img loading=\"lazy\" decoding=\"async\" class=\"alignnone size-medium wp-image-302\" src=\"https:\/\/wp.ufpel.edu.br\/cadernodeletras\/files\/2014\/07\/capa-13-300x166.jpg\" alt=\"CAPA_CADERNO_13\" width=\"300\" height=\"166\" srcset=\"https:\/\/wp.ufpel.edu.br\/cadernodeletras\/files\/2014\/07\/capa-13-300x166.jpg 300w, https:\/\/wp.ufpel.edu.br\/cadernodeletras\/files\/2014\/07\/capa-13-1024x566.jpg 1024w, https:\/\/wp.ufpel.edu.br\/cadernodeletras\/files\/2014\/07\/capa-13-451x250.jpg 451w\" sizes=\"auto, (max-width: 300px) 100vw, 300px\" \/><\/a><\/p>\n<p style=\"text-align: center\"><strong>N\u00famero 12, 2006 &#8211; Caderno de Letras &#8211; <\/strong><a href=\"https:\/\/wp.ufpel.edu.br\/cadernodeletras\/files\/2014\/05\/Caderno-de-Letras-12.pdf\" target=\"_blank\"><em>Acesse a Revista em PDF<\/em><\/a><\/p>\n<p style=\"text-align: center\"><a href=\"https:\/\/wp.ufpel.edu.br\/cadernodeletras\/files\/2014\/05\/capa-12.jpg\"><img loading=\"lazy\" decoding=\"async\" class=\"alignnone size-medium wp-image-232\" src=\"https:\/\/wp.ufpel.edu.br\/cadernodeletras\/files\/2014\/05\/capa-12-294x300.jpg\" alt=\"capa 12\" width=\"294\" height=\"300\" srcset=\"https:\/\/wp.ufpel.edu.br\/cadernodeletras\/files\/2014\/05\/capa-12-294x300.jpg 294w, https:\/\/wp.ufpel.edu.br\/cadernodeletras\/files\/2014\/05\/capa-12-1003x1024.jpg 1003w\" sizes=\"auto, (max-width: 294px) 100vw, 294px\" \/><\/a><\/p>\n<p style=\"text-align: center\"><strong>N\u00famero 11, 2005 &#8211; Ense\u00f1anza de Espa\u00f1ol: Recursos y T\u00e9cnicas &#8211; Caderno de Letras &#8211; <\/strong><a href=\"https:\/\/wp.ufpel.edu.br\/cadernodeletras\/files\/2014\/09\/Caderno-de-Letras-11.pdf\" target=\"_blank\"><em>Acesse a Revista em PDF<\/em><\/a><\/p>\n<p style=\"text-align: center\"><a href=\"https:\/\/wp.ufpel.edu.br\/cadernodeletras\/files\/2014\/09\/capa-11.jpg\"><img loading=\"lazy\" decoding=\"async\" class=\"alignnone size-medium wp-image-329\" src=\"https:\/\/wp.ufpel.edu.br\/cadernodeletras\/files\/2014\/09\/capa-11-205x300.jpg\" alt=\"capa 11\" width=\"205\" height=\"300\" srcset=\"https:\/\/wp.ufpel.edu.br\/cadernodeletras\/files\/2014\/09\/capa-11-205x300.jpg 205w, https:\/\/wp.ufpel.edu.br\/cadernodeletras\/files\/2014\/09\/capa-11.jpg 536w\" sizes=\"auto, (max-width: 205px) 100vw, 205px\" \/><\/a><\/p>\n<p style=\"text-align: center\"><strong>N\u00famero 10, volume 2, 2004 &#8211; Literatura &#8211; Caderno de Letras &#8211; <\/strong><a href=\"https:\/\/wp.ufpel.edu.br\/cadernodeletras\/files\/2014\/09\/Caderno-de-Letras-10-vol-2.pdf\" target=\"_blank\"><em>Acesse a Revista em PDF<\/em><\/a><\/p>\n<p style=\"text-align: center\"><a href=\"https:\/\/wp.ufpel.edu.br\/cadernodeletras\/files\/2014\/09\/capa-10v2.jpg\"><img loading=\"lazy\" decoding=\"async\" class=\"alignnone size-medium wp-image-328\" src=\"https:\/\/wp.ufpel.edu.br\/cadernodeletras\/files\/2014\/09\/capa-10v2-204x300.jpg\" alt=\"capa 10v2\" width=\"204\" height=\"300\" srcset=\"https:\/\/wp.ufpel.edu.br\/cadernodeletras\/files\/2014\/09\/capa-10v2-204x300.jpg 204w, https:\/\/wp.ufpel.edu.br\/cadernodeletras\/files\/2014\/09\/capa-10v2-697x1024.jpg 697w, https:\/\/wp.ufpel.edu.br\/cadernodeletras\/files\/2014\/09\/capa-10v2.jpg 768w\" sizes=\"auto, (max-width: 204px) 100vw, 204px\" \/><\/a><\/p>\n<p style=\"text-align: center\"><strong>N\u00famero 10, volume 1, 2004 &#8211; Ling\u00fc\u00edstica &#8211; Caderno de Letras &#8211; <\/strong><a href=\"https:\/\/wp.ufpel.edu.br\/cadernodeletras\/files\/2014\/09\/Caderno-de-Letras-10-vol-1.pdf\" target=\"_blank\"><em>Acesse a Revista em PDF<\/em><\/a><\/p>\n<p style=\"text-align: center\"><a href=\"https:\/\/wp.ufpel.edu.br\/cadernodeletras\/files\/2014\/09\/capa10v1.jpg\"><img loading=\"lazy\" decoding=\"async\" class=\"alignnone size-medium wp-image-330\" src=\"https:\/\/wp.ufpel.edu.br\/cadernodeletras\/files\/2014\/09\/capa10v1-192x300.jpg\" alt=\"capa10v1\" width=\"192\" height=\"300\" srcset=\"https:\/\/wp.ufpel.edu.br\/cadernodeletras\/files\/2014\/09\/capa10v1-192x300.jpg 192w, https:\/\/wp.ufpel.edu.br\/cadernodeletras\/files\/2014\/09\/capa10v1.jpg 514w\" sizes=\"auto, (max-width: 192px) 100vw, 192px\" \/><\/a><\/p>\n<p style=\"text-align: center\"><strong>N\u00famero 9, 2003 &#8211; Jo\u00e3o Sim\u00f5es Lopes Neto &#8211; Caderno de Letras &#8211; <\/strong><a href=\"https:\/\/wp.ufpel.edu.br\/cadernodeletras\/files\/2014\/05\/Caderno-de-Letras-9.pdf\" target=\"_blank\"><em>Acesse a Revista em PDF<\/em><\/a><\/p>\n<p style=\"text-align: center\"><a href=\"https:\/\/wp.ufpel.edu.br\/cadernodeletras\/files\/2014\/05\/capa-9.jpg\"><img loading=\"lazy\" decoding=\"async\" class=\"alignnone size-medium wp-image-226\" src=\"https:\/\/wp.ufpel.edu.br\/cadernodeletras\/files\/2014\/05\/capa-9-202x300.jpg\" alt=\"capa 9\" width=\"202\" height=\"300\" srcset=\"https:\/\/wp.ufpel.edu.br\/cadernodeletras\/files\/2014\/05\/capa-9-202x300.jpg 202w, https:\/\/wp.ufpel.edu.br\/cadernodeletras\/files\/2014\/05\/capa-9-691x1024.jpg 691w, https:\/\/wp.ufpel.edu.br\/cadernodeletras\/files\/2014\/05\/capa-9.jpg 1696w\" sizes=\"auto, (max-width: 202px) 100vw, 202px\" \/><\/a><\/p>\n<p style=\"text-align: center\"><strong>N\u00famero 8, 2001 &#8211; Semin\u00e1rio Regional de Professores de Franc\u00eas &#8211; Caderno de Letras &#8211; <\/strong><em><a href=\"https:\/\/wp.ufpel.edu.br\/cadernodeletras\/files\/2014\/05\/Caderno-de-Letras-8.pdf\" target=\"_blank\">Acesse a Revista em PDF<\/a><\/em><\/p>\n<p style=\"text-align: center\"><a href=\"https:\/\/wp.ufpel.edu.br\/cadernodeletras\/files\/2014\/05\/capa-8.jpg\"><img loading=\"lazy\" decoding=\"async\" class=\"alignnone size-medium wp-image-225\" src=\"https:\/\/wp.ufpel.edu.br\/cadernodeletras\/files\/2014\/05\/capa-8-202x300.jpg\" alt=\"capa 8\" width=\"202\" height=\"300\" srcset=\"https:\/\/wp.ufpel.edu.br\/cadernodeletras\/files\/2014\/05\/capa-8-202x300.jpg 202w, https:\/\/wp.ufpel.edu.br\/cadernodeletras\/files\/2014\/05\/capa-8-691x1024.jpg 691w, https:\/\/wp.ufpel.edu.br\/cadernodeletras\/files\/2014\/05\/capa-8.jpg 1696w\" sizes=\"auto, (max-width: 202px) 100vw, 202px\" \/><\/a><\/p>\n<p style=\"text-align: center\"><strong>N\u00famero 7, 1999 &#8211; Literatura &#8211; Caderno de Letras &#8211; <\/strong><a href=\"https:\/\/wp.ufpel.edu.br\/cadernodeletras\/files\/2014\/05\/Caderno-de-Letras-7.pdf\" target=\"_blank\"><em>Acesse a Revista em PDF<\/em><\/a><\/p>\n<p style=\"text-align: center\"><a href=\"https:\/\/wp.ufpel.edu.br\/cadernodeletras\/files\/2014\/05\/capa-7.jpg\"><img loading=\"lazy\" decoding=\"async\" class=\"alignnone size-medium wp-image-224\" src=\"https:\/\/wp.ufpel.edu.br\/cadernodeletras\/files\/2014\/05\/capa-7-202x300.jpg\" alt=\"capa 7\" width=\"202\" height=\"300\" srcset=\"https:\/\/wp.ufpel.edu.br\/cadernodeletras\/files\/2014\/05\/capa-7-202x300.jpg 202w, https:\/\/wp.ufpel.edu.br\/cadernodeletras\/files\/2014\/05\/capa-7-691x1024.jpg 691w, https:\/\/wp.ufpel.edu.br\/cadernodeletras\/files\/2014\/05\/capa-7.jpg 1696w\" sizes=\"auto, (max-width: 202px) 100vw, 202px\" \/><\/a><\/p>\n<p style=\"text-align: center\"><strong>N\u00famero 6, 1997 &#8211; Literatura &#8211; Caderno de Letras &#8211; <\/strong><em><span style=\"color: #3366ff\"><a style=\"color: #3366ff\" href=\"https:\/\/wp.ufpel.edu.br\/cadernodeletras\/files\/2014\/02\/Caderno-de-Letras-n.-6-literatura.pdf\">Acesse a Revista em PDF<\/a><strong><br \/>\n<\/strong><\/span><\/em><\/p>\n<p style=\"text-align: center\"><a href=\"https:\/\/wp.ufpel.edu.br\/cadernodeletras\/files\/2014\/02\/Caderno-de-Letras-n.-6-Literatura-001.jpg\"><img loading=\"lazy\" decoding=\"async\" class=\"alignnone size-medium wp-image-379\" src=\"https:\/\/wp.ufpel.edu.br\/cadernodeletras\/files\/2014\/02\/Caderno-de-Letras-n.-6-Literatura-001-212x300.jpg\" alt=\"Caderno de Letras - n. 6 - Literatura [001]\" width=\"212\" height=\"300\" srcset=\"https:\/\/wp.ufpel.edu.br\/cadernodeletras\/files\/2014\/02\/Caderno-de-Letras-n.-6-Literatura-001-212x300.jpg 212w, https:\/\/wp.ufpel.edu.br\/cadernodeletras\/files\/2014\/02\/Caderno-de-Letras-n.-6-Literatura-001.jpg 687w\" sizes=\"auto, (max-width: 212px) 100vw, 212px\" \/><\/a><\/p>\n<p style=\"text-align: center\"><strong>N\u00famero 6, 1997 &#8211;<strong> Ling\u00fc\u00edstica<\/strong>&#8211; Caderno de Letras &#8211; <\/strong><em><a href=\"https:\/\/wp.ufpel.edu.br\/cadernodeletras\/files\/2014\/04\/Caderno-de-Letras-6.pdf\" target=\"_blank\">Acesse a Revista em PDF<\/a><\/em><\/p>\n<p style=\"text-align: center\"><a href=\"https:\/\/wp.ufpel.edu.br\/cadernodeletras\/files\/2014\/04\/capa-6.png\"><img loading=\"lazy\" decoding=\"async\" class=\"alignnone size-medium wp-image-178\" src=\"https:\/\/wp.ufpel.edu.br\/cadernodeletras\/files\/2014\/04\/capa-6-218x300.png\" alt=\"capa 6\" width=\"218\" height=\"300\" srcset=\"https:\/\/wp.ufpel.edu.br\/cadernodeletras\/files\/2014\/04\/capa-6-218x300.png 218w, https:\/\/wp.ufpel.edu.br\/cadernodeletras\/files\/2014\/04\/capa-6-745x1024.png 745w, https:\/\/wp.ufpel.edu.br\/cadernodeletras\/files\/2014\/04\/capa-6.png 1000w\" sizes=\"auto, (max-width: 218px) 100vw, 218px\" \/><\/a><\/p>\n<p style=\"text-align: center\"><strong>N\u00famero 5, 1987 &#8211; Caderno de Letras-<\/strong><a href=\"https:\/\/wp.ufpel.edu.br\/cadernodeletras\/files\/2014\/04\/Caderno-de-Letras-5.pdf\" target=\"_blank\"><em> Acesse a Revista em PDF<\/em><\/a><\/p>\n<p style=\"text-align: center\"><a href=\"https:\/\/wp.ufpel.edu.br\/cadernodeletras\/files\/2014\/04\/capa-5.png\"><img loading=\"lazy\" decoding=\"async\" class=\"alignnone size-medium wp-image-177\" src=\"https:\/\/wp.ufpel.edu.br\/cadernodeletras\/files\/2014\/04\/capa-5-215x300.png\" alt=\"capa 5\" width=\"215\" height=\"300\" srcset=\"https:\/\/wp.ufpel.edu.br\/cadernodeletras\/files\/2014\/04\/capa-5-215x300.png 215w, https:\/\/wp.ufpel.edu.br\/cadernodeletras\/files\/2014\/04\/capa-5-734x1024.png 734w, https:\/\/wp.ufpel.edu.br\/cadernodeletras\/files\/2014\/04\/capa-5.png 1000w\" sizes=\"auto, (max-width: 215px) 100vw, 215px\" \/><\/a><\/p>\n<p style=\"text-align: center\"><strong>N\u00famero 4, 1986 &#8211; Caderno de Letras\u00a0&#8211; <\/strong><a href=\"https:\/\/wp.ufpel.edu.br\/cadernodeletras\/files\/2014\/04\/Caderno-de-Letras-4.pdf\" target=\"_blank\"><em>Acesse a Revista em PDF<\/em><\/a><\/p>\n<p style=\"text-align: center\"><a href=\"https:\/\/wp.ufpel.edu.br\/cadernodeletras\/files\/2014\/04\/capa-4.png\"><img loading=\"lazy\" decoding=\"async\" class=\"alignnone size-medium wp-image-176\" src=\"https:\/\/wp.ufpel.edu.br\/cadernodeletras\/files\/2014\/04\/capa-4-200x300.png\" alt=\"capa 4\" width=\"200\" height=\"300\" srcset=\"https:\/\/wp.ufpel.edu.br\/cadernodeletras\/files\/2014\/04\/capa-4-200x300.png 200w, https:\/\/wp.ufpel.edu.br\/cadernodeletras\/files\/2014\/04\/capa-4-684x1024.png 684w, https:\/\/wp.ufpel.edu.br\/cadernodeletras\/files\/2014\/04\/capa-4.png 1000w\" sizes=\"auto, (max-width: 200px) 100vw, 200px\" \/><\/a><\/p>\n<p style=\"text-align: center\"><strong>N\u00famero 3, 1984 &#8211; Caderno de Letras\u00a0&#8211; <\/strong><a href=\"https:\/\/wp.ufpel.edu.br\/cadernodeletras\/files\/2014\/04\/Caderno-de-Letras-3.pdf\" target=\"_blank\"><em>Acesse a Revisa em PDF<\/em><\/a><\/p>\n<p style=\"text-align: center\"><a href=\"https:\/\/wp.ufpel.edu.br\/cadernodeletras\/files\/2014\/04\/capa-3.png\"><img loading=\"lazy\" decoding=\"async\" class=\"alignnone size-medium wp-image-175\" src=\"https:\/\/wp.ufpel.edu.br\/cadernodeletras\/files\/2014\/04\/capa-3-211x300.png\" alt=\"capa 3\" width=\"211\" height=\"300\" srcset=\"https:\/\/wp.ufpel.edu.br\/cadernodeletras\/files\/2014\/04\/capa-3-211x300.png 211w, https:\/\/wp.ufpel.edu.br\/cadernodeletras\/files\/2014\/04\/capa-3-720x1024.png 720w, https:\/\/wp.ufpel.edu.br\/cadernodeletras\/files\/2014\/04\/capa-3.png 1000w\" sizes=\"auto, (max-width: 211px) 100vw, 211px\" \/><\/a><\/p>\n<p style=\"text-align: center\"><strong>N\u00famero 2, 1983 &#8211; Caderno de Letras\u00a0&#8211; <\/strong><a href=\"https:\/\/wp.ufpel.edu.br\/cadernodeletras\/files\/2014\/04\/Caderno-de-Letras-2.pdf\" target=\"_blank\"><em>Acesse a Revista em PDF<\/em><\/a><\/p>\n<p style=\"text-align: center\"><a href=\"https:\/\/wp.ufpel.edu.br\/cadernodeletras\/files\/2014\/04\/capa-2.png\"><img loading=\"lazy\" decoding=\"async\" class=\"alignnone size-medium wp-image-174\" src=\"https:\/\/wp.ufpel.edu.br\/cadernodeletras\/files\/2014\/04\/capa-2-206x300.png\" alt=\"capa 2\" width=\"206\" height=\"300\" srcset=\"https:\/\/wp.ufpel.edu.br\/cadernodeletras\/files\/2014\/04\/capa-2-206x300.png 206w, https:\/\/wp.ufpel.edu.br\/cadernodeletras\/files\/2014\/04\/capa-2-705x1024.png 705w, https:\/\/wp.ufpel.edu.br\/cadernodeletras\/files\/2014\/04\/capa-2.png 1000w\" sizes=\"auto, (max-width: 206px) 100vw, 206px\" \/><\/a><\/p>\n<p style=\"text-align: center\"><strong>N\u00famero 1, 1982 &#8211; Caderno de Letras <em>&#8211; <\/em><\/strong><a href=\"https:\/\/wp.ufpel.edu.br\/cadernodeletras\/files\/2014\/04\/Caderno-1.pdf\" target=\"_blank\"><em>Acesse a Revista em PDF<\/em><\/a><\/p>\n<p style=\"text-align: center\"><a href=\"https:\/\/wp.ufpel.edu.br\/cadernodeletras\/files\/2014\/04\/capa-1.png\"><img loading=\"lazy\" decoding=\"async\" class=\"alignnone size-medium wp-image-173\" src=\"https:\/\/wp.ufpel.edu.br\/cadernodeletras\/files\/2014\/04\/capa-1-213x300.png\" alt=\"capa 1\" width=\"213\" height=\"300\" srcset=\"https:\/\/wp.ufpel.edu.br\/cadernodeletras\/files\/2014\/04\/capa-1-213x300.png 213w, https:\/\/wp.ufpel.edu.br\/cadernodeletras\/files\/2014\/04\/capa-1-729x1024.png 729w, https:\/\/wp.ufpel.edu.br\/cadernodeletras\/files\/2014\/04\/capa-1.png 1000w\" sizes=\"auto, (max-width: 213px) 100vw, 213px\" \/><\/a><\/p>\n","protected":false},"excerpt":{"rendered":"<p>N\u00famero 23, 2014 (2\u00ba semestre) &#8211; O universo poliss\u00eamico e fronteiri\u00e7o da tradu\u00e7\u00e3o liter\u00e1ria &#8211; Caderno de Letras &#8211; Caderno de Letras &#8211; n\u00ba 23 &#8211; Acesse a Revista na plataforma SEER N\u00famero 22, 2014 (1\u00ba semestre) &#8211; M\u00e9todos de investiga\u00e7\u00e3o em tradu\u00e7\u00e3o &#8211; perspectivas inovadoras &#8211; Caderno de Letras &#8211; Acesse a Revista em &hellip; <\/p>\n<p><a class=\"more-link btn\" href=\"https:\/\/wp.ufpel.edu.br\/cadernodeletras\/edicoes\/\">Continue lendo<\/a><\/p>\n","protected":false},"author":310,"featured_media":0,"parent":0,"menu_order":0,"comment_status":"closed","ping_status":"closed","template":"","meta":{"footnotes":""},"class_list":["post-103","page","type-page","status-publish","hentry","nodate","item-wrap"],"_links":{"self":[{"href":"https:\/\/wp.ufpel.edu.br\/cadernodeletras\/wp-json\/wp\/v2\/pages\/103","targetHints":{"allow":["GET"]}}],"collection":[{"href":"https:\/\/wp.ufpel.edu.br\/cadernodeletras\/wp-json\/wp\/v2\/pages"}],"about":[{"href":"https:\/\/wp.ufpel.edu.br\/cadernodeletras\/wp-json\/wp\/v2\/types\/page"}],"author":[{"embeddable":true,"href":"https:\/\/wp.ufpel.edu.br\/cadernodeletras\/wp-json\/wp\/v2\/users\/310"}],"replies":[{"embeddable":true,"href":"https:\/\/wp.ufpel.edu.br\/cadernodeletras\/wp-json\/wp\/v2\/comments?post=103"}],"version-history":[{"count":61,"href":"https:\/\/wp.ufpel.edu.br\/cadernodeletras\/wp-json\/wp\/v2\/pages\/103\/revisions"}],"predecessor-version":[{"id":406,"href":"https:\/\/wp.ufpel.edu.br\/cadernodeletras\/wp-json\/wp\/v2\/pages\/103\/revisions\/406"}],"wp:attachment":[{"href":"https:\/\/wp.ufpel.edu.br\/cadernodeletras\/wp-json\/wp\/v2\/media?parent=103"}],"curies":[{"name":"wp","href":"https:\/\/api.w.org\/{rel}","templated":true}]}}