{"id":84,"date":"2023-04-09T22:08:23","date_gmt":"2023-04-10T01:08:23","guid":{"rendered":"https:\/\/wp.ufpel.edu.br\/cachoeirasdepelotas\/?page_id=84"},"modified":"2023-05-08T20:02:18","modified_gmt":"2023-05-08T23:02:18","slug":"pousada-do-moinho","status":"publish","type":"page","link":"https:\/\/wp.ufpel.edu.br\/cachoeirasdepelotas\/pousada-do-moinho\/","title":{"rendered":"Pousada do Moinho"},"content":{"rendered":"<h6>Pousada do Moinho<\/h6>\n<p><span style=\"font-weight: 400;\">O local conta com pousada, camping, trilhas e espa\u00e7o para fazer piquenique em meio \u00e0 natureza. O valor da su\u00edte para duas pessoas \u00e9 de R$270,00, com caf\u00e9 da manh\u00e3 (abril\/2023).\u00a0<\/span><\/p>\n<p><span style=\"font-weight: 400;\">Para quem utilizar o espa\u00e7o do camping pode levar as refei\u00e7\u00f5es, eles fornecem fog\u00e3o, churrasqueira, microondas, os talheres, as lou\u00e7as no valor de R$ 30 por pessoa. Para passar a noite, \u00e9 preciso levar\u00a0 uma extens\u00e3o com l\u00e2mpada, \u00e1gua pot\u00e1vel, entre outros equipamentos de camping.\u00a0<\/span><\/p>\n<p><span style=\"font-weight: 400;\">O n\u00famero m\u00e1ximo de visitantes na localidade \u00e9 de 100 pessoas.\u00a0<\/span><\/p>\n<p><span style=\"font-weight: 400;\">No espa\u00e7o tem restaurante e tamb\u00e9m s\u00e3o comercializados alguns lanches como pastel, pizza, sorvete e bebidas.\u00a0\u00a0<\/span><\/p>\n<p><span style=\"font-weight: 400;\">Referente \u00e0 infraestrutura, possui banheiro, chuveiro e sala de jogos. <\/span><\/p>\n<p><span style=\"font-weight: 400;\">N\u00e3o \u00e9 permitido som alto.\u00a0<\/span><\/p>\n<p>&nbsp;<\/p>\n<p><b>Localiza\u00e7\u00e3o: <\/b><span style=\"font-weight: 400;\">BR-392 km 92 ,SN, 5\u00ba Distrito de Pelotas, R. Eul\u00e1lia Rodrigues Vieira &#8211; Pelotas\/RS<\/span><\/p>\n<p><b>Dist\u00e2ncia de Pelotas: <\/b><span style=\"font-weight: 400;\">25,8 km<\/span><\/p>\n<p><b>Funcionamento: <\/b><span style=\"font-weight: 400;\">de domingo \u00e0 domingo, inclusive na \u00e9poca de inverno, das 09h \u00e0s 19h<\/span><\/p>\n<p><b>Valores: <\/b><span style=\"font-weight: 400;\">Para passar o dia R$ 15,00 por pessoa<\/span><\/p>\n<p><span style=\"font-weight: 400;\">Su\u00edte para 2 pessoas R$270,00, com caf\u00e9 da manh\u00e3<\/span><\/p>\n<p><b>Telefone para contato:<\/b><span style=\"font-weight: 400;\"> (53) 984534882 ou (53) 3277 5809<\/span><\/p>\n<p><b>Trajeto de carro:\u00a0 <\/b><a href=\"https:\/\/www.google.com\/maps\/dir\/Rodovi%C3%A1ria+de+Pelotas+-+Eterpel+-+COHAB+Guabiroba,+Pelotas+-+RS\/Pousada+do+Moinho+-+R.+Eul%C3%A1lia+Rodrigues+Vieira+-+Cascata,+Pelotas+-+RS\/@-31.6721092,-52.5154502,12z\/data=!3m1!4b1!4m14!4m13!1m5!1m1!1s0x9511b57da14fdc8d:0xee734f67067fcbc1!2m2!1d-52.3598441!2d-31.7559582!1m5!1m1!1s0x9510252b2b1b12e3:0xb239c4ff8cedc44a!2m2!1d-52.5312312!2d-31.5885544!3e0\">clique aqui<\/a><\/p>\n<p><b>Trajeto de \u00f4nibus: <\/b><span style=\"font-weight: 400;\">Possui linha de \u00f4nibus a 200 metros da pousada. As empresas que fazem esse trajeto \u00e9 a Santa Cruz, Embaixador, Pionesul e Kopereck.\u00a0\u00a0<\/span><\/p>\n<p><b>Hor\u00e1rio de \u00f4nibus:\u00a0<\/b><\/p>\n<p><b>Redes sociais: <\/b><a href=\"https:\/\/www.facebook.com\/pousadamoinho\"><span style=\"font-weight: 400;\">https:\/\/www.facebook.com\/pousadamoinho<\/span><\/a><span style=\"font-weight: 400;\">\u00a0<\/span><\/p>\n<p><a href=\"https:\/\/www.instagram.com\/pousadadomoinho_\/\"><span style=\"font-weight: 400;\">https:\/\/www.instagram.com\/pousadadomoinho_\/<\/span><\/a><span style=\"font-weight: 400;\">\u00a0<\/span><\/p>\n<p>Foto: Propriet\u00e1rio do estabelecimento<\/p>\n","protected":false},"excerpt":{"rendered":"<p>Pousada do Moinho O local conta com pousada, camping, trilhas e espa\u00e7o para fazer piquenique em meio \u00e0 natureza. O valor da su\u00edte para duas pessoas \u00e9 de R$270,00, com caf\u00e9 da manh\u00e3 (abril\/2023).\u00a0 Para quem utilizar o espa\u00e7o do camping pode levar as refei\u00e7\u00f5es, eles fornecem fog\u00e3o, churrasqueira, microondas, os talheres, as lou\u00e7as no&#8230; <\/p>\n<div class=\"link-more\"><a href=\"https:\/\/wp.ufpel.edu.br\/cachoeirasdepelotas\/pousada-do-moinho\/\">Leia mais<\/a><\/div>\n","protected":false},"author":1289,"featured_media":48,"parent":0,"menu_order":0,"comment_status":"closed","ping_status":"closed","template":"","meta":{"footnotes":""},"class_list":["post-84","page","type-page","status-publish","has-post-thumbnail","hentry"],"_links":{"self":[{"href":"https:\/\/wp.ufpel.edu.br\/cachoeirasdepelotas\/wp-json\/wp\/v2\/pages\/84","targetHints":{"allow":["GET"]}}],"collection":[{"href":"https:\/\/wp.ufpel.edu.br\/cachoeirasdepelotas\/wp-json\/wp\/v2\/pages"}],"about":[{"href":"https:\/\/wp.ufpel.edu.br\/cachoeirasdepelotas\/wp-json\/wp\/v2\/types\/page"}],"author":[{"embeddable":true,"href":"https:\/\/wp.ufpel.edu.br\/cachoeirasdepelotas\/wp-json\/wp\/v2\/users\/1289"}],"replies":[{"embeddable":true,"href":"https:\/\/wp.ufpel.edu.br\/cachoeirasdepelotas\/wp-json\/wp\/v2\/comments?post=84"}],"version-history":[{"count":4,"href":"https:\/\/wp.ufpel.edu.br\/cachoeirasdepelotas\/wp-json\/wp\/v2\/pages\/84\/revisions"}],"predecessor-version":[{"id":187,"href":"https:\/\/wp.ufpel.edu.br\/cachoeirasdepelotas\/wp-json\/wp\/v2\/pages\/84\/revisions\/187"}],"wp:featuredmedia":[{"embeddable":true,"href":"https:\/\/wp.ufpel.edu.br\/cachoeirasdepelotas\/wp-json\/wp\/v2\/media\/48"}],"wp:attachment":[{"href":"https:\/\/wp.ufpel.edu.br\/cachoeirasdepelotas\/wp-json\/wp\/v2\/media?parent=84"}],"curies":[{"name":"wp","href":"https:\/\/api.w.org\/{rel}","templated":true}]}}