{"id":268,"date":"2021-06-18T10:49:12","date_gmt":"2021-06-18T13:49:12","guid":{"rendered":"https:\/\/wp.ufpel.edu.br\/caamb\/?page_id=268"},"modified":"2021-06-20T13:49:11","modified_gmt":"2021-06-20T16:49:11","slug":"colaboracoes","status":"publish","type":"page","link":"https:\/\/wp.ufpel.edu.br\/caamb\/colaboracoes\/","title":{"rendered":"Colabora\u00e7\u00f5es"},"content":{"rendered":"<p style=\"text-align: justify\">Em 2018, foi submetida ao Conselho Municipal de Prote\u00e7\u00e3o Ambiental (COMPAM) uma proposta de Projeto de Lei para atualiza\u00e7\u00e3o do C\u00f3digo Ambiental de Pelotas, a qual mereceu declarada contrariedade da UFPel quanto \u00e0 metodologia de discuss\u00e3o naquele \u00f3rg\u00e3o.<\/p>\n<p style=\"text-align: justify\">Com tal posicionamento institucional, foi alcan\u00e7ado alargamento do prazo para avaliar a real necessidade de revoga\u00e7\u00e3o do conjunto das leis municipais vigentes, assim como para proposi\u00e7\u00e3o de altera\u00e7\u00f5es no texto. Desse modo, foi proporcionado \u00e0s institui\u00e7\u00f5es p\u00fablicas e \u00e0s entidades da sociedade civil a possibilidade de desenvolverem debates internos para o aprimoramento da proposta.<\/p>\n<p style=\"text-align: justify\">Ainda que permane\u00e7a a necessidade de o debate ser ampliado a toda a comunidade do munic\u00edpio de Pelotas, a proposta de PL mereceu an\u00e1lise preliminar da CAAmb. Foram feitos 29 destaques ao texto, no sentido de apontar vazios de conte\u00fado e oferecer sugest\u00f5es t\u00e9cnicas espec\u00edficas, o que poder\u00e1 subsidiar a atua\u00e7\u00e3o da representa\u00e7\u00e3o institucional da UFPel no COMPAM, no caso de o assunto voltar \u00e0 pauta.<\/p>\n","protected":false},"excerpt":{"rendered":"<p>Em 2018, foi submetida ao Conselho Municipal de Prote\u00e7\u00e3o Ambiental (COMPAM) uma proposta de Projeto de Lei para atualiza\u00e7\u00e3o do C\u00f3digo Ambiental de Pelotas, a qual mereceu declarada contrariedade da UFPel quanto \u00e0 metodologia de discuss\u00e3o naquele \u00f3rg\u00e3o. Com tal&#8230; <a class=\"more-link\" href=\"https:\/\/wp.ufpel.edu.br\/caamb\/colaboracoes\/\">Continue lendo &rarr;<\/a><\/p>\n","protected":false},"author":1150,"featured_media":0,"parent":0,"menu_order":0,"comment_status":"closed","ping_status":"closed","template":"","meta":{"footnotes":""},"class_list":["post-268","page","type-page","status-publish","hentry"],"_links":{"self":[{"href":"https:\/\/wp.ufpel.edu.br\/caamb\/wp-json\/wp\/v2\/pages\/268","targetHints":{"allow":["GET"]}}],"collection":[{"href":"https:\/\/wp.ufpel.edu.br\/caamb\/wp-json\/wp\/v2\/pages"}],"about":[{"href":"https:\/\/wp.ufpel.edu.br\/caamb\/wp-json\/wp\/v2\/types\/page"}],"author":[{"embeddable":true,"href":"https:\/\/wp.ufpel.edu.br\/caamb\/wp-json\/wp\/v2\/users\/1150"}],"replies":[{"embeddable":true,"href":"https:\/\/wp.ufpel.edu.br\/caamb\/wp-json\/wp\/v2\/comments?post=268"}],"version-history":[{"count":12,"href":"https:\/\/wp.ufpel.edu.br\/caamb\/wp-json\/wp\/v2\/pages\/268\/revisions"}],"predecessor-version":[{"id":379,"href":"https:\/\/wp.ufpel.edu.br\/caamb\/wp-json\/wp\/v2\/pages\/268\/revisions\/379"}],"wp:attachment":[{"href":"https:\/\/wp.ufpel.edu.br\/caamb\/wp-json\/wp\/v2\/media?parent=268"}],"curies":[{"name":"wp","href":"https:\/\/api.w.org\/{rel}","templated":true}]}}