{"id":265,"date":"2021-06-18T10:49:12","date_gmt":"2021-06-18T13:49:12","guid":{"rendered":"https:\/\/wp.ufpel.edu.br\/caamb\/?page_id=265"},"modified":"2021-06-20T14:22:24","modified_gmt":"2021-06-20T17:22:24","slug":"campanhas","status":"publish","type":"page","link":"https:\/\/wp.ufpel.edu.br\/caamb\/campanhas\/","title":{"rendered":"Campanhas"},"content":{"rendered":"<p style=\"text-align: justify\">A partir de 2020, coube \u00e0 Comiss\u00e3o para Assuntos Ambientais dar prosseguimento \u00e0s a\u00e7\u00f5es relativas \u00e0 cria\u00e7\u00e3o da Unidade de Conserva\u00e7\u00e3o Pontal da Barra do Laranjal, o que se deu, principalmente, por meio de uma campanha institucional para sensibiliza\u00e7\u00e3o das autoridades e da comunidade de Pelotas.<\/p>\n<p>Veja a seguir o v\u00eddeo e os cartazes:<\/p>\n<p><iframe loading=\"lazy\" title=\"Em defesa do Pontal\" width=\"676\" height=\"380\" src=\"https:\/\/www.youtube.com\/embed\/GchGBDUV4vc?feature=oembed\" frameborder=\"0\" allow=\"accelerometer; autoplay; clipboard-write; encrypted-media; gyroscope; picture-in-picture\" allowfullscreen><\/iframe><\/p>\n<p>&nbsp;<\/p>\n<p><img decoding=\"async\" src=\"https:\/\/i0.wp.com\/wp.ufpel.edu.br\/proplan\/files\/2021\/01\/Campanha-UC-Pontal-da-Barra_Slide-Portal_01.png?ssl=1\" \/><\/p>\n<p><img decoding=\"async\" src=\"https:\/\/i1.wp.com\/wp.ufpel.edu.br\/proplan\/files\/2021\/01\/Campanha-UC-Pontal-da-Barra_Slide-Portal_02.png?ssl=1\" \/><\/p>\n<p><img decoding=\"async\" src=\"https:\/\/i1.wp.com\/wp.ufpel.edu.br\/proplan\/files\/2021\/01\/Campanha-UC-Pontal-da-Barra_Slide-Portal_03.png?ssl=1\" \/><\/p>\n<p><img decoding=\"async\" src=\"https:\/\/i0.wp.com\/wp.ufpel.edu.br\/proplan\/files\/2021\/01\/Campanha-UC-Pontal-da-Barra_Slide-Portal_04.png?ssl=1\" \/><\/p>\n<p><img decoding=\"async\" src=\"https:\/\/i1.wp.com\/wp.ufpel.edu.br\/proplan\/files\/2021\/01\/Campanha-UC-Pontal-da-Barra_Slide-Portal_05.png?ssl=1\" \/><\/p>\n<p><img decoding=\"async\" src=\"https:\/\/i1.wp.com\/wp.ufpel.edu.br\/proplan\/files\/2021\/01\/Campanha-UC-Pontal-da-Barra_Slide-Portal_06.png?ssl=1\" \/><\/p>\n<p>&nbsp;<\/p>\n","protected":false},"excerpt":{"rendered":"<p>A partir de 2020, coube \u00e0 Comiss\u00e3o para Assuntos Ambientais dar prosseguimento \u00e0s a\u00e7\u00f5es relativas \u00e0 cria\u00e7\u00e3o da Unidade de Conserva\u00e7\u00e3o Pontal da Barra do Laranjal, o que se deu, principalmente, por meio de uma campanha institucional para sensibiliza\u00e7\u00e3o das&#8230; <a class=\"more-link\" href=\"https:\/\/wp.ufpel.edu.br\/caamb\/campanhas\/\">Continue lendo &rarr;<\/a><\/p>\n","protected":false},"author":1150,"featured_media":0,"parent":0,"menu_order":0,"comment_status":"closed","ping_status":"closed","template":"","meta":{"footnotes":""},"class_list":["post-265","page","type-page","status-publish","hentry"],"_links":{"self":[{"href":"https:\/\/wp.ufpel.edu.br\/caamb\/wp-json\/wp\/v2\/pages\/265","targetHints":{"allow":["GET"]}}],"collection":[{"href":"https:\/\/wp.ufpel.edu.br\/caamb\/wp-json\/wp\/v2\/pages"}],"about":[{"href":"https:\/\/wp.ufpel.edu.br\/caamb\/wp-json\/wp\/v2\/types\/page"}],"author":[{"embeddable":true,"href":"https:\/\/wp.ufpel.edu.br\/caamb\/wp-json\/wp\/v2\/users\/1150"}],"replies":[{"embeddable":true,"href":"https:\/\/wp.ufpel.edu.br\/caamb\/wp-json\/wp\/v2\/comments?post=265"}],"version-history":[{"count":6,"href":"https:\/\/wp.ufpel.edu.br\/caamb\/wp-json\/wp\/v2\/pages\/265\/revisions"}],"predecessor-version":[{"id":383,"href":"https:\/\/wp.ufpel.edu.br\/caamb\/wp-json\/wp\/v2\/pages\/265\/revisions\/383"}],"wp:attachment":[{"href":"https:\/\/wp.ufpel.edu.br\/caamb\/wp-json\/wp\/v2\/media?parent=265"}],"curies":[{"name":"wp","href":"https:\/\/api.w.org\/{rel}","templated":true}]}}