{"id":241,"date":"2021-06-17T15:48:08","date_gmt":"2021-06-17T18:48:08","guid":{"rendered":"https:\/\/wp.ufpel.edu.br\/caamb\/?page_id=241"},"modified":"2021-06-20T11:12:48","modified_gmt":"2021-06-20T14:12:48","slug":"gt-producao-audiovisual","status":"publish","type":"page","link":"https:\/\/wp.ufpel.edu.br\/caamb\/gt-producao-audiovisual\/","title":{"rendered":"GT &#8211; Produ\u00e7\u00e3o audiovisual"},"content":{"rendered":"<p style=\"text-align: justify\">A primeira a\u00e7\u00e3o promovida pela CAAmb foi uma campanha com o objetivo de sensibilizar a comunidade de Pelotas para a prote\u00e7\u00e3o da regi\u00e3o do Pontal da Barra do Laranjal. Para tal, foi organizado Grupo de Trabalho incumbido de produzir materiais audiovisuais com o slogan &#8220;Em defesa do Pontal!&#8221;.<\/p>\n<p style=\"text-align: justify\">O GT \u00e9 integrado pelos servidores Giovanni Nachtigall Maur\u00edcio (CIM), Rafael Guedes Milheira, Laura Rudzewicz (CCSO) e Silvia Carla Bauer Barcellos (PREC), com a colabora\u00e7\u00e3o da acad\u00eamica Lauren Mattiazzi Dilli (CA).<\/p>\n<p style=\"text-align: justify\">Na continuidade dos trabalhos ser\u00e3o desenvolvidos novos projetos com id\u00eantico prop\u00f3sito, em atendimento a outras pautas ambientais espec\u00edficas programadas pela Comiss\u00e3o.<\/p>\n<div style=\"width: 472px\" class=\"wp-caption aligncenter\"><img loading=\"lazy\" decoding=\"async\" class=\"\" src=\"https:\/\/wp.ufpel.edu.br\/caamb\/files\/2021\/06\/Foto-Pontal-Laura-scaled.jpg\" alt=\"\" width=\"462\" height=\"346\" \/><p class=\"wp-caption-text\">Pontal da Barra do Laranjal &#8211; Foto: Laura Rudzewicz<\/p><\/div>\n<p style=\"text-align: center\">\n","protected":false},"excerpt":{"rendered":"<p>A primeira a\u00e7\u00e3o promovida pela CAAmb foi uma campanha com o objetivo de sensibilizar a comunidade de Pelotas para a prote\u00e7\u00e3o da regi\u00e3o do Pontal da Barra do Laranjal. Para tal, foi organizado Grupo de Trabalho incumbido de produzir materiais&#8230; <a class=\"more-link\" href=\"https:\/\/wp.ufpel.edu.br\/caamb\/gt-producao-audiovisual\/\">Continue lendo &rarr;<\/a><\/p>\n","protected":false},"author":1150,"featured_media":0,"parent":0,"menu_order":0,"comment_status":"closed","ping_status":"closed","template":"","meta":{"footnotes":""},"class_list":["post-241","page","type-page","status-publish","hentry"],"_links":{"self":[{"href":"https:\/\/wp.ufpel.edu.br\/caamb\/wp-json\/wp\/v2\/pages\/241","targetHints":{"allow":["GET"]}}],"collection":[{"href":"https:\/\/wp.ufpel.edu.br\/caamb\/wp-json\/wp\/v2\/pages"}],"about":[{"href":"https:\/\/wp.ufpel.edu.br\/caamb\/wp-json\/wp\/v2\/types\/page"}],"author":[{"embeddable":true,"href":"https:\/\/wp.ufpel.edu.br\/caamb\/wp-json\/wp\/v2\/users\/1150"}],"replies":[{"embeddable":true,"href":"https:\/\/wp.ufpel.edu.br\/caamb\/wp-json\/wp\/v2\/comments?post=241"}],"version-history":[{"count":10,"href":"https:\/\/wp.ufpel.edu.br\/caamb\/wp-json\/wp\/v2\/pages\/241\/revisions"}],"predecessor-version":[{"id":368,"href":"https:\/\/wp.ufpel.edu.br\/caamb\/wp-json\/wp\/v2\/pages\/241\/revisions\/368"}],"wp:attachment":[{"href":"https:\/\/wp.ufpel.edu.br\/caamb\/wp-json\/wp\/v2\/media?parent=241"}],"curies":[{"name":"wp","href":"https:\/\/api.w.org\/{rel}","templated":true}]}}