{"id":24,"date":"2021-06-14T19:19:27","date_gmt":"2021-06-14T22:19:27","guid":{"rendered":"https:\/\/wp.ufpel.edu.br\/caamb\/?page_id=24"},"modified":"2021-06-25T14:20:14","modified_gmt":"2021-06-25T17:20:14","slug":"composicao","status":"publish","type":"page","link":"https:\/\/wp.ufpel.edu.br\/caamb\/composicao\/","title":{"rendered":"Composi\u00e7\u00e3o"},"content":{"rendered":"<p>A CAAmb \u00e9 atualmente composta pelos seguintes servidores:<\/p>\n<p class=\"Texto_Justificado_Recuo_Primeira_Linha\">Alice Jean Monsell (CA)<\/p>\n<p class=\"Texto_Justificado_Recuo_Primeira_Linha\">Althen Teixeira Filho (IB)<\/p>\n<p class=\"Texto_Justificado_Recuo_Primeira_Linha\">Angela Raffin Pohlmann (CA)<\/p>\n<p class=\"Texto_Justificado_Recuo_Primeira_Linha\">Antonio C\u00e9sar Silveira Baptista da Silva (FAURB)<\/p>\n<p class=\"Texto_Justificado_Recuo_Primeira_Linha\">Cleiton Stigger Perleberg (CIM)<\/p>\n<p class=\"Texto_Justificado_Recuo_Primeira_Linha\">Fabio Orlando Eichenberg (CCSO)<\/p>\n<p class=\"Texto_Justificado_Recuo_Primeira_Linha\">Flavia Maria Silva Rieth (ICH)<\/p>\n<p class=\"Texto_Justificado_Recuo_Primeira_Linha\">Franco Goulart Knuth (PROPLAN)<\/p>\n<p class=\"Texto_Justificado_Recuo_Primeira_Linha\">Giovanni Nachtigall Maur\u00edcio (CIM)<\/p>\n<p class=\"Texto_Justificado_Recuo_Primeira_Linha\">Greici Maia Behling (IB)<\/p>\n<p class=\"Texto_Justificado_Recuo_Primeira_Linha\">Laura Rudzewicz (CCSO)<\/p>\n<p class=\"Texto_Justificado_Recuo_Primeira_Linha\">Leonardo Contreira Pereira (CDTEC)<\/p>\n<p class=\"Texto_Justificado_Recuo_Primeira_Linha\">Leticia Dexheimer (CIM)<\/p>\n<p class=\"Texto_Justificado_Recuo_Primeira_Linha\">L\u00edgia Furlan (CCQFA)<\/p>\n<p class=\"Texto_Justificado_Recuo_Primeira_Linha\">M\u00e1rcia Regina Pereira de Sousa (CA)<\/p>\n<p class=\"Texto_Justificado_Recuo_Primeira_Linha\">Paola Bruno Arab (CENG)<\/p>\n<p class=\"Texto_Justificado_Recuo_Primeira_Linha\">Paulo Mota Bandarra (IB)<\/p>\n<p class=\"Texto_Justificado_Recuo_Primeira_Linha\">Paulo Renato Viegas Dam\u00e9 (CA)<\/p>\n<p class=\"Texto_Justificado_Recuo_Primeira_Linha\">Pedro Lu\u00eds Machado Sanches (ICH)<\/p>\n<p class=\"Texto_Justificado_Recuo_Primeira_Linha\">Rafael Antunes Dias (IB)<\/p>\n<p class=\"Texto_Justificado_Recuo_Primeira_Linha\">Rafael Guedes Milheira (ICH)<\/p>\n<p class=\"Texto_Justificado_Recuo_Primeira_Linha\">Reginaldo da N\u00f3brega Tavares (CENG)<\/p>\n<p class=\"Texto_Justificado_Recuo_Primeira_Linha\">Ricardo Berteaux Robaldo (IB)<\/p>\n<p class=\"Texto_Justificado_Recuo_Primeira_Linha\">Rodrigo Ferreira Kr\u00fcger (IB)<\/p>\n<p class=\"Texto_Justificado_Recuo_Primeira_Linha\">Rubia Flores Romani (CENG)<\/p>\n<p class=\"Texto_Justificado_Recuo_Primeira_Linha\">Sarah Maggitti Silva (ICH)<\/p>\n<p class=\"Texto_Justificado_Recuo_Primeira_Linha\">Silvia Carla Bauer Barcellos (PREC) &#8211; coordena\u00e7\u00e3o<\/p>\n<p class=\"Texto_Justificado_Recuo_Primeira_Linha\">Tatiana Nunes Diesel (PROPLAN)<\/p>\n<p class=\"Texto_Justificado_Recuo_Primeira_Linha\">Vanessa Sacramento Cerqueira (CENG)<\/p>\n<p class=\"Texto_Justificado_Recuo_Primeira_Linha\">Ver\u00f4nica Caldeira Leite Christino (PROPLAN)<\/p>\n","protected":false},"excerpt":{"rendered":"<p>A CAAmb \u00e9 atualmente composta pelos seguintes servidores: Alice Jean Monsell (CA) Althen Teixeira Filho (IB) Angela Raffin Pohlmann (CA) Antonio C\u00e9sar Silveira Baptista da Silva (FAURB) Cleiton Stigger Perleberg (CIM) Fabio Orlando Eichenberg (CCSO) Flavia Maria Silva Rieth (ICH)&#8230; <a class=\"more-link\" href=\"https:\/\/wp.ufpel.edu.br\/caamb\/composicao\/\">Continue lendo &rarr;<\/a><\/p>\n","protected":false},"author":1150,"featured_media":0,"parent":0,"menu_order":0,"comment_status":"closed","ping_status":"closed","template":"","meta":{"footnotes":""},"class_list":["post-24","page","type-page","status-publish","hentry"],"_links":{"self":[{"href":"https:\/\/wp.ufpel.edu.br\/caamb\/wp-json\/wp\/v2\/pages\/24","targetHints":{"allow":["GET"]}}],"collection":[{"href":"https:\/\/wp.ufpel.edu.br\/caamb\/wp-json\/wp\/v2\/pages"}],"about":[{"href":"https:\/\/wp.ufpel.edu.br\/caamb\/wp-json\/wp\/v2\/types\/page"}],"author":[{"embeddable":true,"href":"https:\/\/wp.ufpel.edu.br\/caamb\/wp-json\/wp\/v2\/users\/1150"}],"replies":[{"embeddable":true,"href":"https:\/\/wp.ufpel.edu.br\/caamb\/wp-json\/wp\/v2\/comments?post=24"}],"version-history":[{"count":8,"href":"https:\/\/wp.ufpel.edu.br\/caamb\/wp-json\/wp\/v2\/pages\/24\/revisions"}],"predecessor-version":[{"id":392,"href":"https:\/\/wp.ufpel.edu.br\/caamb\/wp-json\/wp\/v2\/pages\/24\/revisions\/392"}],"wp:attachment":[{"href":"https:\/\/wp.ufpel.edu.br\/caamb\/wp-json\/wp\/v2\/media?parent=24"}],"curies":[{"name":"wp","href":"https:\/\/api.w.org\/{rel}","templated":true}]}}