{"id":229,"date":"2021-06-17T15:23:11","date_gmt":"2021-06-17T18:23:11","guid":{"rendered":"https:\/\/wp.ufpel.edu.br\/caamb\/?page_id=229"},"modified":"2021-06-18T13:42:02","modified_gmt":"2021-06-18T16:42:02","slug":"grupos-de-trabalho","status":"publish","type":"page","link":"https:\/\/wp.ufpel.edu.br\/caamb\/grupos-de-trabalho\/","title":{"rendered":"Grupos de Trabalho"},"content":{"rendered":"<p>A CAAmb desenvolve reuni\u00f5es mensais do conjunto de seus membros para constante an\u00e1lise da realidade ambiental local e regional, planejamento geral, acompanhamento e avalia\u00e7\u00e3o das suas a\u00e7\u00f5es, e para debater e deliberar em torno de situa\u00e7\u00f5es espec\u00edficas relacionadas aos seus objetivos.<\/p>\n<p>No intuito de agilizar os trabalhos, s\u00e3o constitu\u00eddos Grupos de Trabalho (GTs), permanentes ou tempor\u00e1rios, para atua\u00e7\u00e3o em torno de projetos especiais.<\/p>\n<p>Veja nas abas secund\u00e1rias os GTs em funcionamento.<\/p>\n","protected":false},"excerpt":{"rendered":"<p>A CAAmb desenvolve reuni\u00f5es mensais do conjunto de seus membros para constante an\u00e1lise da realidade ambiental local e regional, planejamento geral, acompanhamento e avalia\u00e7\u00e3o das suas a\u00e7\u00f5es, e para debater e deliberar em torno de situa\u00e7\u00f5es espec\u00edficas relacionadas aos seus&#8230; <a class=\"more-link\" href=\"https:\/\/wp.ufpel.edu.br\/caamb\/grupos-de-trabalho\/\">Continue lendo &rarr;<\/a><\/p>\n","protected":false},"author":1150,"featured_media":0,"parent":0,"menu_order":0,"comment_status":"closed","ping_status":"closed","template":"","meta":{"footnotes":""},"class_list":["post-229","page","type-page","status-publish","hentry"],"_links":{"self":[{"href":"https:\/\/wp.ufpel.edu.br\/caamb\/wp-json\/wp\/v2\/pages\/229","targetHints":{"allow":["GET"]}}],"collection":[{"href":"https:\/\/wp.ufpel.edu.br\/caamb\/wp-json\/wp\/v2\/pages"}],"about":[{"href":"https:\/\/wp.ufpel.edu.br\/caamb\/wp-json\/wp\/v2\/types\/page"}],"author":[{"embeddable":true,"href":"https:\/\/wp.ufpel.edu.br\/caamb\/wp-json\/wp\/v2\/users\/1150"}],"replies":[{"embeddable":true,"href":"https:\/\/wp.ufpel.edu.br\/caamb\/wp-json\/wp\/v2\/comments?post=229"}],"version-history":[{"count":8,"href":"https:\/\/wp.ufpel.edu.br\/caamb\/wp-json\/wp\/v2\/pages\/229\/revisions"}],"predecessor-version":[{"id":309,"href":"https:\/\/wp.ufpel.edu.br\/caamb\/wp-json\/wp\/v2\/pages\/229\/revisions\/309"}],"wp:attachment":[{"href":"https:\/\/wp.ufpel.edu.br\/caamb\/wp-json\/wp\/v2\/media?parent=229"}],"curies":[{"name":"wp","href":"https:\/\/api.w.org\/{rel}","templated":true}]}}