{"id":194,"date":"2024-04-02T17:23:13","date_gmt":"2024-04-02T20:23:13","guid":{"rendered":"https:\/\/wp.ufpel.edu.br\/buteco\/?page_id=194"},"modified":"2024-04-02T17:26:36","modified_gmt":"2024-04-02T20:26:36","slug":"apresentacao","status":"publish","type":"page","link":"https:\/\/wp.ufpel.edu.br\/buteco\/","title":{"rendered":"Apresenta\u00e7\u00e3o"},"content":{"rendered":"<p><span style=\"font-size: 10pt;\">APRESENTA\u00c7\u00c3O<\/span><\/p>\n<p>O Buteco da Filosofia \u00e9 um projeto de extens\u00e3o do Departamento de Filosofia da UFPel, iniciado em 2013, e idealizado pela <a href=\"http:\/\/lattes.cnpq.br\/3056277862547671\">Prof.\u00aa Dra.\u00aa Fl\u00e1via Carvalho Chagas<\/a>.<\/p>\n<p>O Buteco tem como objetivo promover o di\u00e1logo e a reflex\u00e3o filos\u00f3fica a partir de debates, entrevistas e conversas, n\u00e3o s\u00f3 entre e por fil\u00f3sofos, exclusivamente, mas a partir da participa\u00e7\u00e3o de pessoas, acad\u00eamic@s e profissionais das mais variadas areas do conhecimento, cultura, arte e religi\u00f5es, assim como articulando a\u00e7\u00f5es junto a sociedade civil e aos movimentos sociais.<\/p>\n<hr \/>\n<p><span style=\"font-size: 10pt;\">OBJETIVO GERAL<\/span><\/p>\n<p>O projeto de extens\u00e3o &#8220;Filosofia no Buteco&#8221; tem como objetivo &#8220;levar&#8221; a filosofia, concebida tanto como uma atividade cr\u00edtica e reflexiva, como um conjunto de conhecimentos e saberes, para a discuss\u00e3o e debate na comunidade a partir de temas e problemas de car\u00e1ter social, cultural, moral, religioso, etc. Objetivos espec\u00edficos: &#8211; promover o di\u00e1logo entre a filosofia e as demais areas do conhecimento e da cultura em geral; &#8211; realizar debates e entrevistas contando com diferentes perspectivas, opini\u00f5es e abordagens sobre o mesmo tema; &#8211; oportunizar \u00e0 comunidade em geral o acesso ao conhecimento produzido na academia a partir da intera\u00e7\u00e3o entre estas duas esferas da sociedade; refletir sobre temas, problemas e quest\u00f5es atinentes \u00e0 preocupa\u00e7\u00e3o humana atrav\u00e9s de um foco interdisciplinar.<\/p>\n<hr \/>\n<p><span style=\"font-size: 10pt;\">JUSTIFICATIVA<\/span><\/p>\n<p>O projeto &#8220;Filosofia no Buteco&#8221; justifica-se pela necessidade da filosofia no \u00e2mbito social em geral tendo em vista o seu car\u00e1ter cr\u00edtico-reflexivo sobre os nossos preconceitos e cren\u00e7as, atitudes que, muitas vezes, n\u00e3o s\u00e3o colocadas \u00e0 prova ou questionadas, sendo tomadas como verdades absolutas. Com efeito, umas das &#8220;tarefas&#8221; da filosofia consiste em sua capacidade de fazer com que os sujeitos reflitam sobre a sua condi\u00e7\u00e3o no mundo e no seu contexto s\u00f3cio-cultural, sobre as suas cren\u00e7as, etc, para que possa intervir e atuar de uma forma mais livre, respons\u00e1vel e cr\u00edtica. Neste sentido, a velha defini\u00e7\u00e3o da filosofia como aquela ci\u00eancia com a qual ou sem a qual o mundo permanece igual acaba por manifestar a sua ingenuidade e apego aos ideais positivistas. Por outro lado, parece-nos que s\u00f3 a partir de fil\u00f3sofos p\u00f3s-modernidade e romantismo, como Nietzsche, Marx, Heidegger, Sartre, s\u00f3 para citar alguns, \u00e9 que a filosofia passa a apontar para a necessidade de justificar-se como uma disciplina transformada da realidade. Nesta dire\u00e7\u00e3o, pensamos na constru\u00e7\u00e3o de um projeto de extens\u00e3o como &#8220;Filosofia no Buteco&#8221; para tentar promover o debate filos\u00f3fico s\u00e9rio e com rigor argumentativo na inser\u00e7\u00e3o com a comunidade em geral a partir de temas e problemas de relev\u00e2ncia social. Al\u00e9m disso, o projeto prev\u00ea que em tais debates participem profissionais e pessoas externos \u00e0 filosofia, bem como de acad\u00eamic@s de gradua\u00e7\u00e3o e de p\u00f3s-gradua\u00e7\u00e3o. Por \u00faltimo, o projeto pretende ser itinerante, de modo que temos a pretens\u00e3o de &#8220;levar&#8221; a Filosofia para &#8220;butecos&#8221; n\u00e3o s\u00f3 na periferia da cidade de Pelotas, portanto, n\u00e3o se limitando a ambientes pr\u00f3ximos dos estudantes e do centro da cidade, como, por exemplo, em bairros como a Z3, Dunas, Get\u00falio Vargas, mas tamb\u00e9m pretendemos realizar a\u00e7\u00f5es nos p\u00f3los do Curso de Licenciatura em Filosofia Ead (18 polos no estado do RS).<\/p>\n<hr \/>\n<p><span style=\"font-size: 10pt;\">METODOLOGIA<\/span><\/p>\n<p>O projeto prev\u00ea, pelo menos, a realiza\u00e7\u00e3o de uma atividade mensal. A metodologia das atividades do projeto consiste em promover debates sobre temas que sejam de relev\u00e2ncia social com a presen\u00e7a ou participa\u00e7\u00e3o de debatedores com diferentes perspectivas sobre os mesmos, garantindo uma discuss\u00e3o plural e interdisciplinar. As\/os debatedores podem ser acad\u00eamicos, professores ou n\u00e3o, al\u00e9m tamb\u00e9m de convidarmos ativistas e militantes da comunidade em geral, sindicatos, e outras organiza\u00e7\u00f5es n\u00e3o-governamentais. Por \u00faltimo, o objetivo do projeto \u00e9 promover estes debates em diferentes bairros e bares da cidade de Pelotas e nas cidades onde temos P\u00f3los do Curso de Filosofia Ead (18 p\u00f3los). As a\u00e7\u00f5es\/Butecos s\u00e3o de 03 horas, em geral, em que cada debatedor tem em torno de 30 minutos para expor a sua perspectiva sobre o tema proposto para, logo ap\u00f3s termos um momento de debate com a participa\u00e7\u00e3o do p\u00fablico presente no evento.<\/p>\n<hr \/>\n<p><span style=\"font-size: 10pt;\">INDICADORES, METAS E RESULTADOS<\/span><\/p>\n<ul>\n<li style=\"text-align: justify;\">Promover a reflex\u00e3o cr\u00edtica, a participa\u00e7\u00e3o pol\u00edtica e a autonomia dos sujeitos enquanto sujeitos \u00e9tico-pol\u00edtcos;<\/li>\n<li style=\"text-align: justify;\">Fomentar a discuss\u00e3o sobre a import\u00e2ncia da filosofia para a cultura e forma\u00e7\u00e3o do cidad\u00e3o no pa\u00eds;<\/li>\n<li style=\"text-align: justify;\">Estabelecer cada vez mais v\u00ednculos e atividades com outros projetos de extens\u00e3o, com a sociedade civil e com os movimentos sociais, metas estas que j\u00e1 vem sendo atingidas;<\/li>\n<li style=\"text-align: justify;\">Fortalecer a extens\u00e3o universit\u00e1ria em seu projeto de curriculariza\u00e7\u00e3o da extens\u00e3o;<\/li>\n<li style=\"text-align: justify;\">Propiciar aos alunos dos cursos de filosofia (presenciais e Ead) a realiza\u00e7\u00e3o das 310 horas complementares previstas no PPC dos cursos.<\/li>\n<\/ul>\n","protected":false},"excerpt":{"rendered":"<p>APRESENTA\u00c7\u00c3O O Buteco da Filosofia \u00e9 um projeto de extens\u00e3o do Departamento de Filosofia da UFPel, iniciado em 2013, e idealizado pela Prof.\u00aa Dra.\u00aa Fl\u00e1via Carvalho Chagas. O Buteco tem como objetivo promover o di\u00e1logo e a reflex\u00e3o filos\u00f3fica a partir de debates, entrevistas e conversas, n\u00e3o s\u00f3 entre e por fil\u00f3sofos, exclusivamente, mas a [&hellip;]<\/p>\n","protected":false},"author":1247,"featured_media":0,"parent":0,"menu_order":0,"comment_status":"closed","ping_status":"closed","template":"","meta":{"footnotes":""},"class_list":["post-194","page","type-page","status-publish","hentry"],"jetpack_sharing_enabled":true,"publishpress_future_action":{"enabled":false,"date":"2026-05-14 04:02:50","action":"change-status","newStatus":"draft","terms":[],"taxonomy":"","extraData":[]},"publishpress_future_workflow_manual_trigger":{"enabledWorkflows":[]},"_links":{"self":[{"href":"https:\/\/wp.ufpel.edu.br\/buteco\/index.php?rest_route=\/wp\/v2\/pages\/194","targetHints":{"allow":["GET"]}}],"collection":[{"href":"https:\/\/wp.ufpel.edu.br\/buteco\/index.php?rest_route=\/wp\/v2\/pages"}],"about":[{"href":"https:\/\/wp.ufpel.edu.br\/buteco\/index.php?rest_route=\/wp\/v2\/types\/page"}],"author":[{"embeddable":true,"href":"https:\/\/wp.ufpel.edu.br\/buteco\/index.php?rest_route=\/wp\/v2\/users\/1247"}],"replies":[{"embeddable":true,"href":"https:\/\/wp.ufpel.edu.br\/buteco\/index.php?rest_route=%2Fwp%2Fv2%2Fcomments&post=194"}],"version-history":[{"count":3,"href":"https:\/\/wp.ufpel.edu.br\/buteco\/index.php?rest_route=\/wp\/v2\/pages\/194\/revisions"}],"predecessor-version":[{"id":224,"href":"https:\/\/wp.ufpel.edu.br\/buteco\/index.php?rest_route=\/wp\/v2\/pages\/194\/revisions\/224"}],"wp:attachment":[{"href":"https:\/\/wp.ufpel.edu.br\/buteco\/index.php?rest_route=%2Fwp%2Fv2%2Fmedia&parent=194"}],"curies":[{"name":"wp","href":"https:\/\/api.w.org\/{rel}","templated":true}]}}