{"id":32,"date":"2019-04-05T16:09:07","date_gmt":"2019-04-05T19:09:07","guid":{"rendered":"https:\/\/wp.ufpel.edu.br\/brinquefae\/?page_id=32"},"modified":"2019-04-12T15:14:57","modified_gmt":"2019-04-12T18:14:57","slug":"fotos","status":"publish","type":"page","link":"https:\/\/wp.ufpel.edu.br\/brinquefae\/fotos\/","title":{"rendered":"Fotos"},"content":{"rendered":"\n\t\t<style type=\"text\/css\">\n\t\t\t#gallery-1 {\n\t\t\t\tmargin: auto;\n\t\t\t}\n\t\t\t#gallery-1 .gallery-item {\n\t\t\t\tfloat: left;\n\t\t\t\tmargin-top: 10px;\n\t\t\t\ttext-align: center;\n\t\t\t\twidth: 33%;\n\t\t\t}\n\t\t\t#gallery-1 img {\n\t\t\t\tborder: 2px solid #cfcfcf;\n\t\t\t}\n\t\t\t#gallery-1 .gallery-caption {\n\t\t\t\tmargin-left: 0;\n\t\t\t}\n\t\t\t\/* see gallery_shortcode() in wp-includes\/media.php *\/\n\t\t<\/style>\n\t\t<div id='gallery-1' class='gallery galleryid-32 gallery-columns-3 gallery-size-medium'><dl class='gallery-item'>\n\t\t\t<dt class='gallery-icon landscape'>\n\t\t\t\t<a href='https:\/\/wp.ufpel.edu.br\/brinquefae\/fotos\/20-03-19\/'><img loading=\"lazy\" decoding=\"async\" width=\"400\" height=\"300\" src=\"https:\/\/wp.ufpel.edu.br\/brinquefae\/files\/2019\/04\/20.03.19-400x300.jpg\" class=\"attachment-medium size-medium\" alt=\"\" aria-describedby=\"gallery-1-78\" srcset=\"https:\/\/wp.ufpel.edu.br\/brinquefae\/files\/2019\/04\/20.03.19-400x300.jpg 400w, https:\/\/wp.ufpel.edu.br\/brinquefae\/files\/2019\/04\/20.03.19-768x576.jpg 768w, https:\/\/wp.ufpel.edu.br\/brinquefae\/files\/2019\/04\/20.03.19-1024x768.jpg 1024w, https:\/\/wp.ufpel.edu.br\/brinquefae\/files\/2019\/04\/20.03.19-945x709.jpg 945w, https:\/\/wp.ufpel.edu.br\/brinquefae\/files\/2019\/04\/20.03.19-600x450.jpg 600w\" sizes=\"auto, (max-width: 400px) 100vw, 400px\" \/><\/a>\n\t\t\t<\/dt>\n\t\t\t\t<dd class='wp-caption-text gallery-caption' id='gallery-1-78'>\n\t\t\t\t20 de mar\u00e7o de 2019\n\t\t\t\t<\/dd><\/dl><dl class='gallery-item'>\n\t\t\t<dt class='gallery-icon landscape'>\n\t\t\t\t<a href='https:\/\/wp.ufpel.edu.br\/brinquefae\/fotos\/18-10-18\/'><img loading=\"lazy\" decoding=\"async\" width=\"400\" height=\"300\" src=\"https:\/\/wp.ufpel.edu.br\/brinquefae\/files\/2019\/04\/18.10.18-400x300.jpg\" class=\"attachment-medium size-medium\" alt=\"\" aria-describedby=\"gallery-1-76\" srcset=\"https:\/\/wp.ufpel.edu.br\/brinquefae\/files\/2019\/04\/18.10.18-400x300.jpg 400w, https:\/\/wp.ufpel.edu.br\/brinquefae\/files\/2019\/04\/18.10.18-768x576.jpg 768w, https:\/\/wp.ufpel.edu.br\/brinquefae\/files\/2019\/04\/18.10.18-1024x768.jpg 1024w, https:\/\/wp.ufpel.edu.br\/brinquefae\/files\/2019\/04\/18.10.18-945x709.jpg 945w, https:\/\/wp.ufpel.edu.br\/brinquefae\/files\/2019\/04\/18.10.18-600x450.jpg 600w\" sizes=\"auto, (max-width: 400px) 100vw, 400px\" \/><\/a>\n\t\t\t<\/dt>\n\t\t\t\t<dd class='wp-caption-text gallery-caption' id='gallery-1-76'>\n\t\t\t\tVisita de duas turmas da EMEI Rolim\n\t\t\t\t<\/dd><\/dl><dl class='gallery-item'>\n\t\t\t<dt class='gallery-icon landscape'>\n\t\t\t\t<a href='https:\/\/wp.ufpel.edu.br\/brinquefae\/fotos\/25-03-19\/'><img loading=\"lazy\" decoding=\"async\" width=\"400\" height=\"300\" src=\"https:\/\/wp.ufpel.edu.br\/brinquefae\/files\/2019\/04\/25.03.19-400x300.jpg\" class=\"attachment-medium size-medium\" alt=\"\" aria-describedby=\"gallery-1-81\" srcset=\"https:\/\/wp.ufpel.edu.br\/brinquefae\/files\/2019\/04\/25.03.19-400x300.jpg 400w, https:\/\/wp.ufpel.edu.br\/brinquefae\/files\/2019\/04\/25.03.19-768x576.jpg 768w, https:\/\/wp.ufpel.edu.br\/brinquefae\/files\/2019\/04\/25.03.19-1024x768.jpg 1024w, https:\/\/wp.ufpel.edu.br\/brinquefae\/files\/2019\/04\/25.03.19-945x709.jpg 945w, https:\/\/wp.ufpel.edu.br\/brinquefae\/files\/2019\/04\/25.03.19-600x450.jpg 600w\" sizes=\"auto, (max-width: 400px) 100vw, 400px\" \/><\/a>\n\t\t\t<\/dt>\n\t\t\t\t<dd class='wp-caption-text gallery-caption' id='gallery-1-81'>\n\t\t\t\tVisita do projeto Novos Caminhos\n\t\t\t\t<\/dd><\/dl><br style=\"clear: both\" \/><dl class='gallery-item'>\n\t\t\t<dt class='gallery-icon portrait'>\n\t\t\t\t<a href='https:\/\/wp.ufpel.edu.br\/brinquefae\/fotos\/18-12-18\/'><img loading=\"lazy\" decoding=\"async\" width=\"300\" height=\"400\" src=\"https:\/\/wp.ufpel.edu.br\/brinquefae\/files\/2019\/04\/18.12.18-e1555091838311-300x400.jpg\" class=\"attachment-medium size-medium\" alt=\"\" aria-describedby=\"gallery-1-77\" srcset=\"https:\/\/wp.ufpel.edu.br\/brinquefae\/files\/2019\/04\/18.12.18-e1555091838311-300x400.jpg 300w, https:\/\/wp.ufpel.edu.br\/brinquefae\/files\/2019\/04\/18.12.18-e1555091838311-768x1024.jpg 768w, https:\/\/wp.ufpel.edu.br\/brinquefae\/files\/2019\/04\/18.12.18-e1555091838311-945x1260.jpg 945w, https:\/\/wp.ufpel.edu.br\/brinquefae\/files\/2019\/04\/18.12.18-e1555091838311-600x800.jpg 600w\" sizes=\"auto, (max-width: 300px) 100vw, 300px\" \/><\/a>\n\t\t\t<\/dt>\n\t\t\t\t<dd class='wp-caption-text gallery-caption' id='gallery-1-77'>\n\t\t\t\tVisita do terceiro ano da Escola Margaria Gastal do munic\u00edpio de Cap\u00e3o do Le\u00e3o\n\t\t\t\t<\/dd><\/dl><dl class='gallery-item'>\n\t\t\t<dt class='gallery-icon landscape'>\n\t\t\t\t<a href='https:\/\/wp.ufpel.edu.br\/brinquefae\/fotos\/23-10-18\/'><img loading=\"lazy\" decoding=\"async\" width=\"400\" height=\"239\" src=\"https:\/\/wp.ufpel.edu.br\/brinquefae\/files\/2019\/04\/23.10.18-e1555091913271-400x239.jpg\" class=\"attachment-medium size-medium\" alt=\"\" aria-describedby=\"gallery-1-79\" srcset=\"https:\/\/wp.ufpel.edu.br\/brinquefae\/files\/2019\/04\/23.10.18-e1555091913271-400x239.jpg 400w, https:\/\/wp.ufpel.edu.br\/brinquefae\/files\/2019\/04\/23.10.18-e1555091913271-768x459.jpg 768w, https:\/\/wp.ufpel.edu.br\/brinquefae\/files\/2019\/04\/23.10.18-e1555091913271-1024x612.jpg 1024w, https:\/\/wp.ufpel.edu.br\/brinquefae\/files\/2019\/04\/23.10.18-e1555091913271-945x565.jpg 945w, https:\/\/wp.ufpel.edu.br\/brinquefae\/files\/2019\/04\/23.10.18-e1555091913271-600x358.jpg 600w\" sizes=\"auto, (max-width: 400px) 100vw, 400px\" \/><\/a>\n\t\t\t<\/dt>\n\t\t\t\t<dd class='wp-caption-text gallery-caption' id='gallery-1-79'>\n\t\t\t\t23 de outubro de 2018\n\t\t\t\t<\/dd><\/dl><dl class='gallery-item'>\n\t\t\t<dt class='gallery-icon landscape'>\n\t\t\t\t<a href='https:\/\/wp.ufpel.edu.br\/brinquefae\/fotos\/24-10-18\/'><img loading=\"lazy\" decoding=\"async\" width=\"400\" height=\"300\" src=\"https:\/\/wp.ufpel.edu.br\/brinquefae\/files\/2019\/04\/24.10.18-400x300.jpg\" class=\"attachment-medium size-medium\" alt=\"\" aria-describedby=\"gallery-1-80\" srcset=\"https:\/\/wp.ufpel.edu.br\/brinquefae\/files\/2019\/04\/24.10.18-400x300.jpg 400w, https:\/\/wp.ufpel.edu.br\/brinquefae\/files\/2019\/04\/24.10.18-768x576.jpg 768w, https:\/\/wp.ufpel.edu.br\/brinquefae\/files\/2019\/04\/24.10.18-1024x768.jpg 1024w, https:\/\/wp.ufpel.edu.br\/brinquefae\/files\/2019\/04\/24.10.18-945x709.jpg 945w, https:\/\/wp.ufpel.edu.br\/brinquefae\/files\/2019\/04\/24.10.18-600x450.jpg 600w\" sizes=\"auto, (max-width: 400px) 100vw, 400px\" \/><\/a>\n\t\t\t<\/dt>\n\t\t\t\t<dd class='wp-caption-text gallery-caption' id='gallery-1-80'>\n\t\t\t\t24 de outubro de 2018\n\t\t\t\t<\/dd><\/dl><br style=\"clear: both\" \/><dl class='gallery-item'>\n\t\t\t<dt class='gallery-icon landscape'>\n\t\t\t\t<a href='https:\/\/wp.ufpel.edu.br\/brinquefae\/fotos\/26-11-18\/'><img loading=\"lazy\" decoding=\"async\" width=\"400\" height=\"300\" src=\"https:\/\/wp.ufpel.edu.br\/brinquefae\/files\/2019\/04\/26.11.18-400x300.jpg\" class=\"attachment-medium size-medium\" alt=\"\" aria-describedby=\"gallery-1-82\" srcset=\"https:\/\/wp.ufpel.edu.br\/brinquefae\/files\/2019\/04\/26.11.18-400x300.jpg 400w, https:\/\/wp.ufpel.edu.br\/brinquefae\/files\/2019\/04\/26.11.18-768x576.jpg 768w, https:\/\/wp.ufpel.edu.br\/brinquefae\/files\/2019\/04\/26.11.18-1024x768.jpg 1024w, https:\/\/wp.ufpel.edu.br\/brinquefae\/files\/2019\/04\/26.11.18-945x709.jpg 945w, https:\/\/wp.ufpel.edu.br\/brinquefae\/files\/2019\/04\/26.11.18-600x450.jpg 600w\" sizes=\"auto, (max-width: 400px) 100vw, 400px\" \/><\/a>\n\t\t\t<\/dt>\n\t\t\t\t<dd class='wp-caption-text gallery-caption' id='gallery-1-82'>\n\t\t\t\tVisita do projeto Novos Caminhos\n\t\t\t\t<\/dd><\/dl><dl class='gallery-item'>\n\t\t\t<dt class='gallery-icon landscape'>\n\t\t\t\t<a href='https:\/\/wp.ufpel.edu.br\/brinquefae\/fotos\/04-10-18\/'><img loading=\"lazy\" decoding=\"async\" width=\"400\" height=\"300\" src=\"https:\/\/wp.ufpel.edu.br\/brinquefae\/files\/2019\/04\/04.10.18-400x300.jpg\" class=\"attachment-medium size-medium\" alt=\"\" aria-describedby=\"gallery-1-74\" srcset=\"https:\/\/wp.ufpel.edu.br\/brinquefae\/files\/2019\/04\/04.10.18-400x300.jpg 400w, https:\/\/wp.ufpel.edu.br\/brinquefae\/files\/2019\/04\/04.10.18-768x576.jpg 768w, https:\/\/wp.ufpel.edu.br\/brinquefae\/files\/2019\/04\/04.10.18-945x709.jpg 945w, https:\/\/wp.ufpel.edu.br\/brinquefae\/files\/2019\/04\/04.10.18-600x450.jpg 600w, https:\/\/wp.ufpel.edu.br\/brinquefae\/files\/2019\/04\/04.10.18.jpg 1000w\" sizes=\"auto, (max-width: 400px) 100vw, 400px\" \/><\/a>\n\t\t\t<\/dt>\n\t\t\t\t<dd class='wp-caption-text gallery-caption' id='gallery-1-74'>\n\t\t\t\tInaugura\u00e7\u00e3o para as Crian\u00e7as &#8211; No dia 4 de outubro de 2018 foi a inaugura\u00e7\u00e3o para as crian\u00e7as. Neste dia tivemos o privil\u00e9gio de receber uma turma da EMEI Mal. Ign\u00e1cio de Freitas Rolim.\n\t\t\t\t<\/dd><\/dl><dl class='gallery-item'>\n\t\t\t<dt class='gallery-icon landscape'>\n\t\t\t\t<a href='https:\/\/wp.ufpel.edu.br\/brinquefae\/fotos\/17-10-18\/'><img loading=\"lazy\" decoding=\"async\" width=\"400\" height=\"396\" src=\"https:\/\/wp.ufpel.edu.br\/brinquefae\/files\/2019\/04\/17.10.18-e1555091761244-400x396.jpg\" class=\"attachment-medium size-medium\" alt=\"\" aria-describedby=\"gallery-1-75\" srcset=\"https:\/\/wp.ufpel.edu.br\/brinquefae\/files\/2019\/04\/17.10.18-e1555091761244-400x396.jpg 400w, https:\/\/wp.ufpel.edu.br\/brinquefae\/files\/2019\/04\/17.10.18-e1555091761244-768x761.jpg 768w, https:\/\/wp.ufpel.edu.br\/brinquefae\/files\/2019\/04\/17.10.18-e1555091761244-1024x1014.jpg 1024w, https:\/\/wp.ufpel.edu.br\/brinquefae\/files\/2019\/04\/17.10.18-e1555091761244-945x936.jpg 945w, https:\/\/wp.ufpel.edu.br\/brinquefae\/files\/2019\/04\/17.10.18-e1555091761244-600x594.jpg 600w\" sizes=\"auto, (max-width: 400px) 100vw, 400px\" \/><\/a>\n\t\t\t<\/dt>\n\t\t\t\t<dd class='wp-caption-text gallery-caption' id='gallery-1-75'>\n\t\t\t\tInaugura\u00e7\u00e3o para os adultos &#8211; Dia 17 de outubro de 2018 \u00e1s 10h foi inaugurada oficialmente a Brinque FaE &#8211; Brinquedoteca da Faculdade de Educa\u00e7\u00e3o. Estiveram presentes: O reitor da universidade; Di\u00e1rio Popular; Representante da secretaria de educa\u00e7\u00e3o; Diretor, professoras, professores e alunos da FaE\n\t\t\t\t<\/dd><\/dl><br style=\"clear: both\" \/>\n\t\t<\/div>\n\n","protected":false},"excerpt":{"rendered":"","protected":false},"author":913,"featured_media":0,"parent":0,"menu_order":0,"comment_status":"closed","ping_status":"closed","template":"","meta":{"footnotes":""},"class_list":["post-32","page","type-page","status-publish","hentry"],"_links":{"self":[{"href":"https:\/\/wp.ufpel.edu.br\/brinquefae\/wp-json\/wp\/v2\/pages\/32","targetHints":{"allow":["GET"]}}],"collection":[{"href":"https:\/\/wp.ufpel.edu.br\/brinquefae\/wp-json\/wp\/v2\/pages"}],"about":[{"href":"https:\/\/wp.ufpel.edu.br\/brinquefae\/wp-json\/wp\/v2\/types\/page"}],"author":[{"embeddable":true,"href":"https:\/\/wp.ufpel.edu.br\/brinquefae\/wp-json\/wp\/v2\/users\/913"}],"replies":[{"embeddable":true,"href":"https:\/\/wp.ufpel.edu.br\/brinquefae\/wp-json\/wp\/v2\/comments?post=32"}],"version-history":[{"count":3,"href":"https:\/\/wp.ufpel.edu.br\/brinquefae\/wp-json\/wp\/v2\/pages\/32\/revisions"}],"predecessor-version":[{"id":84,"href":"https:\/\/wp.ufpel.edu.br\/brinquefae\/wp-json\/wp\/v2\/pages\/32\/revisions\/84"}],"wp:attachment":[{"href":"https:\/\/wp.ufpel.edu.br\/brinquefae\/wp-json\/wp\/v2\/media?parent=32"}],"curies":[{"name":"wp","href":"https:\/\/api.w.org\/{rel}","templated":true}]}}