{"id":181,"date":"2020-09-04T00:43:23","date_gmt":"2020-09-04T03:43:23","guid":{"rendered":"https:\/\/wp.ufpel.edu.br\/brincando\/?page_id=181"},"modified":"2020-09-04T00:43:23","modified_gmt":"2020-09-04T03:43:23","slug":"representatividade-em-sala-de-aula-a-importancia-de-referencias-para-a-construcao-de-identidades-negras-cec","status":"publish","type":"page","link":"https:\/\/wp.ufpel.edu.br\/brincando\/textos-publicados\/2019-2\/representatividade-em-sala-de-aula-a-importancia-de-referencias-para-a-construcao-de-identidades-negras-cec\/","title":{"rendered":"Representatividade em sala de aula: a import\u00e2ncia de refer\u00eancias para a constru\u00e7\u00e3o de identidades negras &#8211; CEC"},"content":{"rendered":"<p><strong>Representatividade em sala de aula: a import\u00e2ncia de refer\u00eancias para a constru\u00e7\u00e3o de identidades negras<\/strong><\/p>\n<p>KAROLINA DA ROSA MENDES; MARINA DE OLIVEIRA.<\/p>\n<p>Dispon\u00edvel nos anais do evento do Congresso de Extens\u00e3o e Cultura da UFPel:<\/p>\n<p><a href=\"http:\/\/wp.ufpel.edu.br\/congressoextensao\/files\/2019\/11\/Educa%C3%A7%C3%A3o.pdf\">http:\/\/wp.ufpel.edu.br\/congressoextensao\/files\/2019\/11\/Educa%C3%A7%C3%A3o.pdf<\/a><\/p>\n<p>&nbsp;<\/p>\n","protected":false},"excerpt":{"rendered":"<p>Representatividade em sala de aula: a import\u00e2ncia de refer\u00eancias para a constru\u00e7\u00e3o de identidades negras KAROLINA DA ROSA MENDES; MARINA DE OLIVEIRA. Dispon\u00edvel nos anais do evento do Congresso de Extens\u00e3o e Cultura da UFPel: http:\/\/wp.ufpel.edu.br\/congressoextensao\/files\/2019\/11\/Educa%C3%A7%C3%A3o.pdf &nbsp;<\/p>\n","protected":false},"author":949,"featured_media":0,"parent":162,"menu_order":1,"comment_status":"closed","ping_status":"closed","template":"","meta":{"footnotes":""},"class_list":["post-181","page","type-page","status-publish","hentry"],"_links":{"self":[{"href":"https:\/\/wp.ufpel.edu.br\/brincando\/wp-json\/wp\/v2\/pages\/181","targetHints":{"allow":["GET"]}}],"collection":[{"href":"https:\/\/wp.ufpel.edu.br\/brincando\/wp-json\/wp\/v2\/pages"}],"about":[{"href":"https:\/\/wp.ufpel.edu.br\/brincando\/wp-json\/wp\/v2\/types\/page"}],"author":[{"embeddable":true,"href":"https:\/\/wp.ufpel.edu.br\/brincando\/wp-json\/wp\/v2\/users\/949"}],"replies":[{"embeddable":true,"href":"https:\/\/wp.ufpel.edu.br\/brincando\/wp-json\/wp\/v2\/comments?post=181"}],"version-history":[{"count":1,"href":"https:\/\/wp.ufpel.edu.br\/brincando\/wp-json\/wp\/v2\/pages\/181\/revisions"}],"predecessor-version":[{"id":183,"href":"https:\/\/wp.ufpel.edu.br\/brincando\/wp-json\/wp\/v2\/pages\/181\/revisions\/183"}],"up":[{"embeddable":true,"href":"https:\/\/wp.ufpel.edu.br\/brincando\/wp-json\/wp\/v2\/pages\/162"}],"wp:attachment":[{"href":"https:\/\/wp.ufpel.edu.br\/brincando\/wp-json\/wp\/v2\/media?parent=181"}],"curies":[{"name":"wp","href":"https:\/\/api.w.org\/{rel}","templated":true}]}}