{"id":177,"date":"2020-09-04T00:34:44","date_gmt":"2020-09-04T03:34:44","guid":{"rendered":"https:\/\/wp.ufpel.edu.br\/brincando\/?page_id=177"},"modified":"2020-09-04T00:45:00","modified_gmt":"2020-09-04T03:45:00","slug":"brincando-de-faz-de-conta-a-fabula-como-modelo-de-acao-na-encenacao-teatral-com-criancas-cec","status":"publish","type":"page","link":"https:\/\/wp.ufpel.edu.br\/brincando\/textos-publicados\/2018-2\/brincando-de-faz-de-conta-a-fabula-como-modelo-de-acao-na-encenacao-teatral-com-criancas-cec\/","title":{"rendered":"Brincando de faz-de-conta: a f\u00e1bula como modelo de a\u00e7\u00e3o na encena\u00e7\u00e3o teatral com crian\u00e7as &#8211; CEC"},"content":{"rendered":"<p><strong>Brincando de faz-de-conta: a f\u00e1bula como modelo de a\u00e7\u00e3o na encena\u00e7\u00e3o teatral com crian\u00e7as<\/strong><\/p>\n<p>WESLEY FR\u00d3IS ARAG\u00c3O; EDUARDA GARCIA BENTO; MAIARA SILVEIRA DE OLIVEIRA; MARINA DE OLIVEIRA.<\/p>\n<p>Dispon\u00edvel nos anais do evento do Congresso de Extens\u00e3o e Cultura da UFPel em: <a href=\"http:\/\/wp.ufpel.edu.br\/congressoextensao\/files\/2018\/12\/Educa%C3%A7%C3%A3o.pdf\">http:\/\/wp.ufpel.edu.br\/congressoextensao\/files\/2018\/12\/Educa%C3%A7%C3%A3o.pdf<\/a><\/p>\n<p>P\u00e1ginas 417 a 420.<\/p>\n","protected":false},"excerpt":{"rendered":"<p>Brincando de faz-de-conta: a f\u00e1bula como modelo de a\u00e7\u00e3o na encena\u00e7\u00e3o teatral com crian\u00e7as WESLEY FR\u00d3IS ARAG\u00c3O; EDUARDA GARCIA BENTO; MAIARA SILVEIRA DE OLIVEIRA; MARINA DE OLIVEIRA. Dispon\u00edvel nos anais do evento do Congresso de Extens\u00e3o e Cultura da UFPel em: http:\/\/wp.ufpel.edu.br\/congressoextensao\/files\/2018\/12\/Educa%C3%A7%C3%A3o.pdf P\u00e1ginas 417 a 420.<\/p>\n","protected":false},"author":949,"featured_media":0,"parent":159,"menu_order":2,"comment_status":"closed","ping_status":"closed","template":"","meta":{"footnotes":""},"class_list":["post-177","page","type-page","status-publish","hentry"],"_links":{"self":[{"href":"https:\/\/wp.ufpel.edu.br\/brincando\/wp-json\/wp\/v2\/pages\/177","targetHints":{"allow":["GET"]}}],"collection":[{"href":"https:\/\/wp.ufpel.edu.br\/brincando\/wp-json\/wp\/v2\/pages"}],"about":[{"href":"https:\/\/wp.ufpel.edu.br\/brincando\/wp-json\/wp\/v2\/types\/page"}],"author":[{"embeddable":true,"href":"https:\/\/wp.ufpel.edu.br\/brincando\/wp-json\/wp\/v2\/users\/949"}],"replies":[{"embeddable":true,"href":"https:\/\/wp.ufpel.edu.br\/brincando\/wp-json\/wp\/v2\/comments?post=177"}],"version-history":[{"count":2,"href":"https:\/\/wp.ufpel.edu.br\/brincando\/wp-json\/wp\/v2\/pages\/177\/revisions"}],"predecessor-version":[{"id":185,"href":"https:\/\/wp.ufpel.edu.br\/brincando\/wp-json\/wp\/v2\/pages\/177\/revisions\/185"}],"up":[{"embeddable":true,"href":"https:\/\/wp.ufpel.edu.br\/brincando\/wp-json\/wp\/v2\/pages\/159"}],"wp:attachment":[{"href":"https:\/\/wp.ufpel.edu.br\/brincando\/wp-json\/wp\/v2\/media?parent=177"}],"curies":[{"name":"wp","href":"https:\/\/api.w.org\/{rel}","templated":true}]}}