{"id":19,"date":"2024-02-29T15:49:40","date_gmt":"2024-02-29T18:49:40","guid":{"rendered":"https:\/\/wp.ufpel.edu.br\/bricsdocs\/?page_id=19"},"modified":"2024-06-14T15:14:45","modified_gmt":"2024-06-14T18:14:45","slug":"brics-docs","status":"publish","type":"page","link":"https:\/\/wp.ufpel.edu.br\/bricsdocs\/","title":{"rendered":"BRICS Docs"},"content":{"rendered":"<p style=\"text-align: justify;\">O BRICS Docs \u00e9 um reposit\u00f3rio digital dos documentos produzidos no \u00e2mbito do BRICS &#8211; sigla para Brasil, R\u00fassia, \u00cdndia, China e Africa do Sul. Esse agrupamento de pa\u00edses se re\u00fane regularmente desde 2008, e, a partir de 2009 adotou o formato de C\u00fapulas Anuais de Chefes de Estado e de Governo para suas reuni\u00f5es. Desde ent\u00e3o uma infinidade de documentos foram e s\u00e3o produzidos anualmente a partir da articula\u00e7\u00e3o de seus membros. Se o principal documento permanece sendo a Declara\u00e7\u00e3o de C\u00fapula, uma s\u00e9rie de outros documentos originados de reuni\u00f5es tem\u00e1ticas e paralelas contribuem para a documenta\u00e7\u00e3o do BRICS.<\/p>\n<p style=\"text-align: justify;\">O BRICS Docs foi criado em 2024 como produto do projeto de pesquisa \u201cBRICS e China: uma an\u00e1lise de Pol\u00edtica Internacional Contempor\u00e2nea\u201d desenvolvido pelo <a href=\"http:\/\/wp.ufpel.edu.br\/epdi\/\">Grupo de Pesquisa Economia, Pol\u00edtica e Desenvolvimento Internacional (EPDI)<\/a> ligado ao <a href=\"http:\/\/wp.ufpel.edu.br\/ri\/\">curso de Rela\u00e7\u00f5es Internacionais<\/a> e ao <a href=\"https:\/\/wp.ufpel.edu.br\/ppgcienciapolitica\/\">Programa de P\u00f3s-Gradua\u00e7\u00e3o em Ci\u00eancia Pol\u00edtica<\/a> da Universidade Federal de Pelotas (UFPel), sob lideran\u00e7a do professor Dr William Daldegan e com recursos do Edital ARD (10\/2021) da <a href=\"https:\/\/fapergs.rs.gov.br\/inicial\">Funda\u00e7\u00e3o de Amparo \u00e0 Pesquisa do Estado do Rio Grande do Sul (FAPERGS)<\/a> [22\/2551-0000605-1].<\/p>\n<p style=\"text-align: justify;\">O BRICS Docs tem como objetivo organizar e disponibilizar ao p\u00fablico em geral os documentos produzidos pelo BRICS a fim de facilitar o acesso aos mesmos. Os documentos, quando poss\u00edvel, estar\u00e3o dispon\u00edveis, em sua maioria, na vers\u00e3o em ingl\u00eas e\/ou portugu\u00eas. Todos os documentos podem ser acessados por meio do menu superior <a href=\"https:\/\/wp.ufpel.edu.br\/bricsdocs\/documentos-do-brics\/\">\u201cDocumentos<\/a><a href=\"https:\/\/wp.ufpel.edu.br\/bricsdocs\/documentos-do-brics\/\">&#8220;.<\/a><\/p>\n<p style=\"text-align: justify;\">A cria\u00e7\u00e3o do BRICS Docs justifica-se pelo fato de que n\u00e3o existe um reposit\u00f3rio oficial destes documentos e seu acesso ocorre em p\u00e1ginas dispersas pela rede mundial de computadores. \u00c9 padr\u00e3o para o BRICS a cria\u00e7\u00e3o de p\u00e1ginas espec\u00edficas para cada C\u00fapula e nela a disponibiliza\u00e7\u00e3o de documentos produzidos naquele ano e, salvo algumas exce\u00e7\u00f5es, documentos de C\u00fapulas anteriores.<span class=\"Apple-converted-space\">\u00a0<\/span><\/p>\n<p style=\"text-align: justify;\">Para a coleta, organiza\u00e7\u00e3o e disponibiliza\u00e7\u00e3o dos documentos foram pesquisados os s\u00edtios oficiais dos \u00f3rg\u00e3os diplom\u00e1ticos dos pa\u00edses membros do BRICS, os s\u00edtios oficiais criados para as C\u00fapulas Anuais e de outros grupos que tem como tema de pesquisa o BRICS.<\/p>\n<p>&nbsp;<\/p>\n<p style=\"text-align: justify;\">O BRICS Docs \u00e9 um mero reposit\u00f3rio digital de documentos e, portanto, n\u00e3o \u00e9 respons\u00e1vel pelo conte\u00fado dos documentos qualquer que seja o idioma. O acesso ao material \u00e9 livre e gratuito. Caso encontre algum erro ou tenha alguma sugest\u00e3o, por favor, nos envie uma mensagem utilizando o menu superior <a href=\"https:\/\/wp.ufpel.edu.br\/bricsdocs\/contato\/\">\u201cContato&#8221;<\/a>.<\/p>\n<p>&nbsp;<\/p>\n<p style=\"text-align: justify;\">Solicita-se, por fim, que o uso do reposit\u00f3rio seja referenciado nas pesquisas em que for utilizado como indicado abaixo:<span class=\"Apple-converted-space\">\u00a0<\/span><\/p>\n<p style=\"text-align: justify;\">BRICSDOCS. <b>BRICS Docs<\/b>, 2024. Dispon\u00edvel em: &lt; <a href=\"https:\/\/wp.ufpel.edu.br\/bricsdocs\/\">https:\/\/wp.ufpel.edu.br\/bricsdocs\/<\/a>&gt; Acesso em: 01 de jan. de 2024.<\/p>\n","protected":false},"excerpt":{"rendered":"<p>O BRICS Docs \u00e9 um reposit\u00f3rio digital dos documentos produzidos no \u00e2mbito do BRICS &#8211; sigla para Brasil, R\u00fassia, \u00cdndia, China e Africa do Sul. Esse agrupamento de pa\u00edses se re\u00fane regularmente desde 2008, e, a partir de 2009 adotou o formato de C\u00fapulas Anuais de Chefes de Estado e de Governo para suas reuni\u00f5es. &hellip; <\/p>\n<p><a class=\"more-link btn\" href=\"https:\/\/wp.ufpel.edu.br\/bricsdocs\/\">Continue lendo<\/a><\/p>\n","protected":false},"author":1351,"featured_media":0,"parent":0,"menu_order":0,"comment_status":"closed","ping_status":"closed","template":"","meta":{"footnotes":""},"class_list":["post-19","page","type-page","status-publish","hentry","nodate","item-wrap"],"jetpack_sharing_enabled":true,"_links":{"self":[{"href":"https:\/\/wp.ufpel.edu.br\/bricsdocs\/wp-json\/wp\/v2\/pages\/19","targetHints":{"allow":["GET"]}}],"collection":[{"href":"https:\/\/wp.ufpel.edu.br\/bricsdocs\/wp-json\/wp\/v2\/pages"}],"about":[{"href":"https:\/\/wp.ufpel.edu.br\/bricsdocs\/wp-json\/wp\/v2\/types\/page"}],"author":[{"embeddable":true,"href":"https:\/\/wp.ufpel.edu.br\/bricsdocs\/wp-json\/wp\/v2\/users\/1351"}],"replies":[{"embeddable":true,"href":"https:\/\/wp.ufpel.edu.br\/bricsdocs\/wp-json\/wp\/v2\/comments?post=19"}],"version-history":[{"count":10,"href":"https:\/\/wp.ufpel.edu.br\/bricsdocs\/wp-json\/wp\/v2\/pages\/19\/revisions"}],"predecessor-version":[{"id":378,"href":"https:\/\/wp.ufpel.edu.br\/bricsdocs\/wp-json\/wp\/v2\/pages\/19\/revisions\/378"}],"wp:attachment":[{"href":"https:\/\/wp.ufpel.edu.br\/bricsdocs\/wp-json\/wp\/v2\/media?parent=19"}],"curies":[{"name":"wp","href":"https:\/\/api.w.org\/{rel}","templated":true}]}}