{"id":2,"date":"2016-05-18T08:38:18","date_gmt":"2016-05-18T11:38:18","guid":{"rendered":"https:\/\/wp.ufpel.edu.br\/bocabocasaudavel\/?page_id=2"},"modified":"2016-09-03T15:40:58","modified_gmt":"2016-09-03T18:40:58","slug":"pagina-exemplo","status":"publish","type":"page","link":"https:\/\/wp.ufpel.edu.br\/bocabocasaudavel\/pagina-exemplo\/","title":{"rendered":"Apresenta\u00e7\u00e3o"},"content":{"rendered":"<p>O\u00a0projeto\u00a0<em>Boca\u00a0boca\u00a0saud\u00e1vel\u00a0<\/em>foi idealizado para contribuir com a melhoria da sa\u00fade bucal e qualidade de vida de crian\u00e7as de zero a cinco anos de idade, cadastradas em Unidades B\u00e1sicas de Sa\u00fade. O projeto vem sendo implementado em Pelotas, Rio Grande do Sul, em parceria com a Secretaria Municipal de Sa\u00fade do munic\u00edpio.<\/p>\n<p>As a\u00e7\u00f5es do projeto incluem:<\/p>\n<ul>\n<li>Capacita\u00e7\u00f5es de profissionais de sa\u00fade que atuam em Unidades B\u00e1sicas de Sa\u00fade, com objetivo de melhorar a aten\u00e7\u00e3o em sa\u00fade das crian\u00e7as;<\/li>\n<li>Visitas domiciliares com foco na educa\u00e7\u00e3o em sa\u00fade das fam\u00edlias das crian\u00e7as;<\/li>\n<li>Atividades coletivas educativas e preventivas para as crian\u00e7as e suas fam\u00edlias;<\/li>\n<li>Atendimento cl\u00ednico odontol\u00f3gico das crian\u00e7as em Unidades B\u00e1sicas de Sa\u00fade;<\/li>\n<li>Desenvolvimento de materiais educativos em sa\u00fade voltados para as crian\u00e7as e suas fam\u00edlias.<\/li>\n<\/ul>\n","protected":false},"excerpt":{"rendered":"<p>O\u00a0projeto\u00a0Boca\u00a0boca\u00a0saud\u00e1vel\u00a0foi idealizado para contribuir com a melhoria da sa\u00fade bucal e qualidade de vida de crian\u00e7as de zero a cinco anos de idade, cadastradas em Unidades B\u00e1sicas de Sa\u00fade. O projeto vem sendo implementado em Pelotas, Rio Grande do Sul, em parceria com a Secretaria Municipal de Sa\u00fade do munic\u00edpio. As a\u00e7\u00f5es do projeto incluem: &hellip; <\/p>\n<p><a class=\"more-link btn\" href=\"https:\/\/wp.ufpel.edu.br\/bocabocasaudavel\/pagina-exemplo\/\">Continue lendo<\/a><\/p>\n","protected":false},"author":649,"featured_media":0,"parent":0,"menu_order":0,"comment_status":"closed","ping_status":"closed","template":"","meta":{"footnotes":""},"class_list":["post-2","page","type-page","status-publish","hentry","nodate","item-wrap"],"_links":{"self":[{"href":"https:\/\/wp.ufpel.edu.br\/bocabocasaudavel\/wp-json\/wp\/v2\/pages\/2","targetHints":{"allow":["GET"]}}],"collection":[{"href":"https:\/\/wp.ufpel.edu.br\/bocabocasaudavel\/wp-json\/wp\/v2\/pages"}],"about":[{"href":"https:\/\/wp.ufpel.edu.br\/bocabocasaudavel\/wp-json\/wp\/v2\/types\/page"}],"author":[{"embeddable":true,"href":"https:\/\/wp.ufpel.edu.br\/bocabocasaudavel\/wp-json\/wp\/v2\/users\/649"}],"replies":[{"embeddable":true,"href":"https:\/\/wp.ufpel.edu.br\/bocabocasaudavel\/wp-json\/wp\/v2\/comments?post=2"}],"version-history":[{"count":3,"href":"https:\/\/wp.ufpel.edu.br\/bocabocasaudavel\/wp-json\/wp\/v2\/pages\/2\/revisions"}],"predecessor-version":[{"id":176,"href":"https:\/\/wp.ufpel.edu.br\/bocabocasaudavel\/wp-json\/wp\/v2\/pages\/2\/revisions\/176"}],"wp:attachment":[{"href":"https:\/\/wp.ufpel.edu.br\/bocabocasaudavel\/wp-json\/wp\/v2\/media?parent=2"}],"curies":[{"name":"wp","href":"https:\/\/api.w.org\/{rel}","templated":true}]}}