{"id":22,"date":"2018-10-09T20:35:11","date_gmt":"2018-10-09T23:35:11","guid":{"rendered":"https:\/\/wp.ufpel.edu.br\/bncc\/?page_id=22"},"modified":"2018-10-15T16:52:54","modified_gmt":"2018-10-15T19:52:54","slug":"programacao","status":"publish","type":"page","link":"https:\/\/wp.ufpel.edu.br\/bncc\/programacao\/","title":{"rendered":"Programa\u00e7\u00e3o"},"content":{"rendered":"<figure id=\"attachment_399\" aria-describedby=\"caption-attachment-399\" style=\"width: 2480px\" class=\"wp-caption aligncenter\"><a href=\"https:\/\/wp.ufpel.edu.br\/bncc\/files\/2018\/10\/cronograma_sem-cortes-2.png\"><img loading=\"lazy\" decoding=\"async\" class=\"wp-image-399 size-full\" src=\"https:\/\/wp.ufpel.edu.br\/bncc\/files\/2018\/10\/cronograma_sem-cortes-2.png\" alt=\"\" width=\"2480\" height=\"1687\" srcset=\"https:\/\/wp.ufpel.edu.br\/bncc\/files\/2018\/10\/cronograma_sem-cortes-2.png 2480w, https:\/\/wp.ufpel.edu.br\/bncc\/files\/2018\/10\/cronograma_sem-cortes-2-400x272.png 400w, https:\/\/wp.ufpel.edu.br\/bncc\/files\/2018\/10\/cronograma_sem-cortes-2-768x522.png 768w, https:\/\/wp.ufpel.edu.br\/bncc\/files\/2018\/10\/cronograma_sem-cortes-2-1024x697.png 1024w\" sizes=\"auto, (max-width: 706px) 89vw, (max-width: 767px) 82vw, 740px\" \/><\/a><figcaption id=\"caption-attachment-399\" class=\"wp-caption-text\">Clique para ampliar.<\/figcaption><\/figure>\n","protected":false},"excerpt":{"rendered":"","protected":false},"author":884,"featured_media":0,"parent":0,"menu_order":0,"comment_status":"closed","ping_status":"closed","template":"","meta":{"footnotes":""},"class_list":["post-22","page","type-page","status-publish","hentry"],"yoast_head":"<!-- This site is optimized with the Yoast SEO plugin v26.7 - https:\/\/yoast.com\/wordpress\/plugins\/seo\/ -->\n<title>Programa\u00e7\u00e3o &#8226; BNCC e a Educa\u00e7\u00e3o B\u00e1sica<\/title>\n<meta name=\"robots\" content=\"index, follow, max-snippet:-1, max-image-preview:large, max-video-preview:-1\" \/>\n<link rel=\"canonical\" href=\"https:\/\/wp.ufpel.edu.br\/bncc\/programacao\/\" \/>\n<meta property=\"og:locale\" content=\"pt_BR\" \/>\n<meta property=\"og:type\" content=\"article\" \/>\n<meta property=\"og:title\" content=\"Programa\u00e7\u00e3o &#8226; BNCC e a Educa\u00e7\u00e3o B\u00e1sica\" \/>\n<meta property=\"og:url\" content=\"https:\/\/wp.ufpel.edu.br\/bncc\/programacao\/\" \/>\n<meta property=\"og:site_name\" content=\"BNCC e a Educa\u00e7\u00e3o B\u00e1sica\" \/>\n<meta property=\"article:modified_time\" content=\"2018-10-15T19:52:54+00:00\" \/>\n<meta property=\"og:image\" content=\"https:\/\/wp.ufpel.edu.br\/bncc\/files\/2018\/10\/cronograma_sem-cortes-2.png\" \/>\n<meta name=\"twitter:card\" content=\"summary_large_image\" \/>\n<script type=\"application\/ld+json\" class=\"yoast-schema-graph\">{\"@context\":\"https:\/\/schema.org\",\"@graph\":[{\"@type\":\"WebPage\",\"@id\":\"https:\/\/wp.ufpel.edu.br\/bncc\/programacao\/\",\"url\":\"https:\/\/wp.ufpel.edu.br\/bncc\/programacao\/\",\"name\":\"Programa\u00e7\u00e3o &#8226; BNCC e a Educa\u00e7\u00e3o B\u00e1sica\",\"isPartOf\":{\"@id\":\"https:\/\/wp.ufpel.edu.br\/bncc\/#website\"},\"primaryImageOfPage\":{\"@id\":\"https:\/\/wp.ufpel.edu.br\/bncc\/programacao\/#primaryimage\"},\"image\":{\"@id\":\"https:\/\/wp.ufpel.edu.br\/bncc\/programacao\/#primaryimage\"},\"thumbnailUrl\":\"https:\/\/wp.ufpel.edu.br\/bncc\/files\/2018\/10\/cronograma_sem-cortes-2.png\",\"datePublished\":\"2018-10-09T23:35:11+00:00\",\"dateModified\":\"2018-10-15T19:52:54+00:00\",\"breadcrumb\":{\"@id\":\"https:\/\/wp.ufpel.edu.br\/bncc\/programacao\/#breadcrumb\"},\"inLanguage\":\"pt-BR\",\"potentialAction\":[{\"@type\":\"ReadAction\",\"target\":[\"https:\/\/wp.ufpel.edu.br\/bncc\/programacao\/\"]}]},{\"@type\":\"ImageObject\",\"inLanguage\":\"pt-BR\",\"@id\":\"https:\/\/wp.ufpel.edu.br\/bncc\/programacao\/#primaryimage\",\"url\":\"https:\/\/wp.ufpel.edu.br\/bncc\/files\/2018\/10\/cronograma_sem-cortes-2.png\",\"contentUrl\":\"https:\/\/wp.ufpel.edu.br\/bncc\/files\/2018\/10\/cronograma_sem-cortes-2.png\"},{\"@type\":\"BreadcrumbList\",\"@id\":\"https:\/\/wp.ufpel.edu.br\/bncc\/programacao\/#breadcrumb\",\"itemListElement\":[{\"@type\":\"ListItem\",\"position\":1,\"name\":\"In\u00edcio\",\"item\":\"https:\/\/wp.ufpel.edu.br\/bncc\/\"},{\"@type\":\"ListItem\",\"position\":2,\"name\":\"Programa\u00e7\u00e3o\"}]},{\"@type\":\"WebSite\",\"@id\":\"https:\/\/wp.ufpel.edu.br\/bncc\/#website\",\"url\":\"https:\/\/wp.ufpel.edu.br\/bncc\/\",\"name\":\"Evento BNCC\",\"description\":\"\",\"publisher\":{\"@id\":\"https:\/\/wp.ufpel.edu.br\/bncc\/#organization\"},\"potentialAction\":[{\"@type\":\"SearchAction\",\"target\":{\"@type\":\"EntryPoint\",\"urlTemplate\":\"https:\/\/wp.ufpel.edu.br\/bncc\/?s={search_term_string}\"},\"query-input\":{\"@type\":\"PropertyValueSpecification\",\"valueRequired\":true,\"valueName\":\"search_term_string\"}}],\"inLanguage\":\"pt-BR\"},{\"@type\":\"Organization\",\"@id\":\"https:\/\/wp.ufpel.edu.br\/bncc\/#organization\",\"name\":\"BNCC\",\"url\":\"https:\/\/wp.ufpel.edu.br\/bncc\/\",\"logo\":{\"@type\":\"ImageObject\",\"inLanguage\":\"pt-BR\",\"@id\":\"https:\/\/wp.ufpel.edu.br\/bncc\/#\/schema\/logo\/image\/\",\"url\":\"https:\/\/wp.ufpel.edu.br\/bncc\/files\/2018\/10\/header1-1024x614.png\",\"contentUrl\":\"https:\/\/wp.ufpel.edu.br\/bncc\/files\/2018\/10\/header1-1024x614.png\",\"width\":1024,\"height\":614,\"caption\":\"BNCC\"},\"image\":{\"@id\":\"https:\/\/wp.ufpel.edu.br\/bncc\/#\/schema\/logo\/image\/\"}}]}<\/script>\n<!-- \/ Yoast SEO plugin. -->","yoast_head_json":{"title":"Programa\u00e7\u00e3o &#8226; BNCC e a Educa\u00e7\u00e3o B\u00e1sica","robots":{"index":"index","follow":"follow","max-snippet":"max-snippet:-1","max-image-preview":"max-image-preview:large","max-video-preview":"max-video-preview:-1"},"canonical":"https:\/\/wp.ufpel.edu.br\/bncc\/programacao\/","og_locale":"pt_BR","og_type":"article","og_title":"Programa\u00e7\u00e3o &#8226; BNCC e a Educa\u00e7\u00e3o B\u00e1sica","og_url":"https:\/\/wp.ufpel.edu.br\/bncc\/programacao\/","og_site_name":"BNCC e a Educa\u00e7\u00e3o B\u00e1sica","article_modified_time":"2018-10-15T19:52:54+00:00","og_image":[{"url":"https:\/\/wp.ufpel.edu.br\/bncc\/files\/2018\/10\/cronograma_sem-cortes-2.png","type":"","width":"","height":""}],"twitter_card":"summary_large_image","schema":{"@context":"https:\/\/schema.org","@graph":[{"@type":"WebPage","@id":"https:\/\/wp.ufpel.edu.br\/bncc\/programacao\/","url":"https:\/\/wp.ufpel.edu.br\/bncc\/programacao\/","name":"Programa\u00e7\u00e3o &#8226; BNCC e a Educa\u00e7\u00e3o B\u00e1sica","isPartOf":{"@id":"https:\/\/wp.ufpel.edu.br\/bncc\/#website"},"primaryImageOfPage":{"@id":"https:\/\/wp.ufpel.edu.br\/bncc\/programacao\/#primaryimage"},"image":{"@id":"https:\/\/wp.ufpel.edu.br\/bncc\/programacao\/#primaryimage"},"thumbnailUrl":"https:\/\/wp.ufpel.edu.br\/bncc\/files\/2018\/10\/cronograma_sem-cortes-2.png","datePublished":"2018-10-09T23:35:11+00:00","dateModified":"2018-10-15T19:52:54+00:00","breadcrumb":{"@id":"https:\/\/wp.ufpel.edu.br\/bncc\/programacao\/#breadcrumb"},"inLanguage":"pt-BR","potentialAction":[{"@type":"ReadAction","target":["https:\/\/wp.ufpel.edu.br\/bncc\/programacao\/"]}]},{"@type":"ImageObject","inLanguage":"pt-BR","@id":"https:\/\/wp.ufpel.edu.br\/bncc\/programacao\/#primaryimage","url":"https:\/\/wp.ufpel.edu.br\/bncc\/files\/2018\/10\/cronograma_sem-cortes-2.png","contentUrl":"https:\/\/wp.ufpel.edu.br\/bncc\/files\/2018\/10\/cronograma_sem-cortes-2.png"},{"@type":"BreadcrumbList","@id":"https:\/\/wp.ufpel.edu.br\/bncc\/programacao\/#breadcrumb","itemListElement":[{"@type":"ListItem","position":1,"name":"In\u00edcio","item":"https:\/\/wp.ufpel.edu.br\/bncc\/"},{"@type":"ListItem","position":2,"name":"Programa\u00e7\u00e3o"}]},{"@type":"WebSite","@id":"https:\/\/wp.ufpel.edu.br\/bncc\/#website","url":"https:\/\/wp.ufpel.edu.br\/bncc\/","name":"Evento BNCC","description":"","publisher":{"@id":"https:\/\/wp.ufpel.edu.br\/bncc\/#organization"},"potentialAction":[{"@type":"SearchAction","target":{"@type":"EntryPoint","urlTemplate":"https:\/\/wp.ufpel.edu.br\/bncc\/?s={search_term_string}"},"query-input":{"@type":"PropertyValueSpecification","valueRequired":true,"valueName":"search_term_string"}}],"inLanguage":"pt-BR"},{"@type":"Organization","@id":"https:\/\/wp.ufpel.edu.br\/bncc\/#organization","name":"BNCC","url":"https:\/\/wp.ufpel.edu.br\/bncc\/","logo":{"@type":"ImageObject","inLanguage":"pt-BR","@id":"https:\/\/wp.ufpel.edu.br\/bncc\/#\/schema\/logo\/image\/","url":"https:\/\/wp.ufpel.edu.br\/bncc\/files\/2018\/10\/header1-1024x614.png","contentUrl":"https:\/\/wp.ufpel.edu.br\/bncc\/files\/2018\/10\/header1-1024x614.png","width":1024,"height":614,"caption":"BNCC"},"image":{"@id":"https:\/\/wp.ufpel.edu.br\/bncc\/#\/schema\/logo\/image\/"}}]}},"jetpack_sharing_enabled":true,"_links":{"self":[{"href":"https:\/\/wp.ufpel.edu.br\/bncc\/wp-json\/wp\/v2\/pages\/22","targetHints":{"allow":["GET"]}}],"collection":[{"href":"https:\/\/wp.ufpel.edu.br\/bncc\/wp-json\/wp\/v2\/pages"}],"about":[{"href":"https:\/\/wp.ufpel.edu.br\/bncc\/wp-json\/wp\/v2\/types\/page"}],"author":[{"embeddable":true,"href":"https:\/\/wp.ufpel.edu.br\/bncc\/wp-json\/wp\/v2\/users\/884"}],"replies":[{"embeddable":true,"href":"https:\/\/wp.ufpel.edu.br\/bncc\/wp-json\/wp\/v2\/comments?post=22"}],"version-history":[{"count":15,"href":"https:\/\/wp.ufpel.edu.br\/bncc\/wp-json\/wp\/v2\/pages\/22\/revisions"}],"predecessor-version":[{"id":400,"href":"https:\/\/wp.ufpel.edu.br\/bncc\/wp-json\/wp\/v2\/pages\/22\/revisions\/400"}],"wp:attachment":[{"href":"https:\/\/wp.ufpel.edu.br\/bncc\/wp-json\/wp\/v2\/media?parent=22"}],"curies":[{"name":"wp","href":"https:\/\/api.w.org\/{rel}","templated":true}]}}