{"id":179,"date":"2014-11-17T18:55:24","date_gmt":"2014-11-17T20:55:24","guid":{"rendered":"https:\/\/wp.ufpel.edu.br\/biossistemas\/?page_id=179"},"modified":"2014-11-17T18:55:24","modified_gmt":"2014-11-17T20:55:24","slug":"curso-de-engenharia-de-biossistemas-a-distancia","status":"publish","type":"page","link":"https:\/\/wp.ufpel.edu.br\/biossistemas\/curso-de-engenharia-de-biossistemas-a-distancia\/","title":{"rendered":"Curso de Engenharia de Biossistemas \u00e0 Dist\u00e2ncia"},"content":{"rendered":"<p><span style=\"font-family: 'times new roman', times;font-size: 14pt\">Informa\u00e7\u00f5es sobre o curso:<\/span><\/p>\n<p><span style=\"font-family: 'times new roman', times;font-size: 14pt\">A Engenharia de Biossistemas \u00e9 uma forma moderna de estudo dentro da Engenharia que engloba todos os aspectos biol\u00f3gicos e as estruturas relacionadas ao beneficiamento, processamento ou tratamento dos produtos agr\u00edcolas. Portanto, nesta grande \u00e1rea est\u00e3o inclu\u00eddos os estudos de gr\u00e3os, sementes, outros produtos de origem biol\u00f3gica e aspectos correlatos \u00e0 Engenharia de Processamento de Produtos Agr\u00edcolas. Para que este sistema biol\u00f3gico seja estudado \u00e9 necess\u00e1rio, muitas vezes, um suporte em outras \u00e1reas da Engenharia como energia, estruturas, eletricidade, automa\u00e7\u00e3o e agricultura de precis\u00e3o, dentre outras.<\/span><\/p>\n<p><span style=\"font-family: 'times new roman', times;font-size: 14pt\">O Curso de Especializa\u00e7\u00e3o em Engenharia de Biossistemas \u2013 modalidade Educa\u00e7\u00e3o \u00e0 Dist\u00e2ncia, constitui-se de 9 m\u00f3dulos\u00a0\u00a0de estudos (disciplinas) que apresentam conte\u00fados atualizados em Engenharia de Processamento de Produtos Agroindustriais, com foco em gr\u00e3os e sementes e seus assuntos correlatos. Todos os m\u00f3dulos, elaborados por profissionais especializados da \u00e1rea, cont\u00eam texto t\u00e9cnico-cient\u00edfico com a respectiva bibliografia. Cada m\u00f3dulo contempla a carga hor\u00e1ria necess\u00e1ria para o seu aprendizado. O t\u00e9rmino do curso efetiva-se atrav\u00e9s de um encontro presencial onde ocorrer\u00e1 a apresenta\u00e7\u00e3o de um trabalho de conclus\u00e3o e uma prova, cuja data ser\u00e1 estabelecida pela comiss\u00e3o coordenadora.<\/span><\/p>\n<p><span style=\"font-family: 'times new roman', times;font-size: 14pt\">Dura\u00e7\u00e3o do curso: 1 ano<\/span><\/p>\n<p><span style=\"font-family: 'times new roman', times;font-size: 14pt\">Aulas: in\u00edcio em 28 de abril de 2015 (veja Edital <a href=\"https:\/\/wp.ufpel.edu.br\/biossistemas\/files\/2014\/11\/Edital_2014_Biossistemas.doc\">aqui<\/a>)\u00a0<\/span><\/p>\n<p><span style=\"font-family: 'times new roman', times;font-size: 14pt\">N\u00famero de vagas: 15 vagas<\/span><\/p>\n<p><span style=\"font-family: 'times new roman', times;font-size: 14pt\">Funcionamento: curso desenvolvido via internet (Ava institucional) e um encontro presencial<\/span><\/p>\n<p><span style=\"font-family: 'times new roman', times;font-size: 14pt\">N\u00famero de m\u00f3dulos: 9<\/span><\/p>\n<p><span style=\"font-family: 'times new roman', times;font-size: 14pt\">Local: Centro de Engenharias \u2013 UFPel<\/span><\/p>\n<p><span style=\"font-family: 'times new roman', times;font-size: 14pt\">Requisitos para a conclus\u00e3o:<\/span><\/p>\n<p><span style=\"font-family: 'times new roman', times;font-size: 14pt\">\u2022 Cursar os nove m\u00f3dulos propostos<\/span><\/p>\n<p><span style=\"font-family: 'times new roman', times;font-size: 14pt\">\u2022 Enviar os pr\u00e9-testes at\u00e9 as datas indicadas nos m\u00f3dulos<\/span><\/p>\n<p><span style=\"font-family: 'times new roman', times;font-size: 14pt\">\u2022 Participar do encontro presencial<\/span><\/p>\n<p><span style=\"font-family: 'times new roman', times;font-size: 14pt\">\u2022 Realizar e apresentar um trabalho de conclus\u00e3o de curso sob orienta\u00e7\u00e3o de um professor do curso<\/span><\/p>\n","protected":false},"excerpt":{"rendered":"<p>Informa\u00e7\u00f5es sobre o curso: A Engenharia de Biossistemas \u00e9 uma forma moderna de estudo dentro da Engenharia que engloba todos os aspectos biol\u00f3gicos e as estruturas relacionadas ao beneficiamento, processamento ou tratamento dos produtos agr\u00edcolas. Portanto, nesta grande \u00e1rea est\u00e3o inclu\u00eddos os estudos de gr\u00e3os, sementes, outros produtos de origem biol\u00f3gica e aspectos correlatos \u00e0 [&hellip;]<\/p>\n","protected":false},"author":321,"featured_media":0,"parent":0,"menu_order":0,"comment_status":"closed","ping_status":"closed","template":"","meta":{"footnotes":""},"class_list":["post-179","page","type-page","status-publish","hentry"],"_links":{"self":[{"href":"https:\/\/wp.ufpel.edu.br\/biossistemas\/wp-json\/wp\/v2\/pages\/179","targetHints":{"allow":["GET"]}}],"collection":[{"href":"https:\/\/wp.ufpel.edu.br\/biossistemas\/wp-json\/wp\/v2\/pages"}],"about":[{"href":"https:\/\/wp.ufpel.edu.br\/biossistemas\/wp-json\/wp\/v2\/types\/page"}],"author":[{"embeddable":true,"href":"https:\/\/wp.ufpel.edu.br\/biossistemas\/wp-json\/wp\/v2\/users\/321"}],"replies":[{"embeddable":true,"href":"https:\/\/wp.ufpel.edu.br\/biossistemas\/wp-json\/wp\/v2\/comments?post=179"}],"version-history":[{"count":1,"href":"https:\/\/wp.ufpel.edu.br\/biossistemas\/wp-json\/wp\/v2\/pages\/179\/revisions"}],"predecessor-version":[{"id":180,"href":"https:\/\/wp.ufpel.edu.br\/biossistemas\/wp-json\/wp\/v2\/pages\/179\/revisions\/180"}],"wp:attachment":[{"href":"https:\/\/wp.ufpel.edu.br\/biossistemas\/wp-json\/wp\/v2\/media?parent=179"}],"curies":[{"name":"wp","href":"https:\/\/api.w.org\/{rel}","templated":true}]}}