{"id":132,"date":"2024-04-23T18:00:06","date_gmt":"2024-04-23T21:00:06","guid":{"rendered":"https:\/\/wp.ufpel.edu.br\/bioprolab\/?page_id=132"},"modified":"2024-04-23T18:00:06","modified_gmt":"2024-04-23T21:00:06","slug":"regras-de-utilizacao-dos-equipamentos","status":"publish","type":"page","link":"https:\/\/wp.ufpel.edu.br\/bioprolab\/regras-de-utilizacao-dos-equipamentos\/","title":{"rendered":"Regras de utiliza\u00e7\u00e3o dos equipamentos"},"content":{"rendered":"<p>COMO UTILIZAR OS EQUIPAMENTOS DOS LABS?<\/p>\n<p>Os equipamentos podem ser utilizados durante dias \u00fateis da semana e e sua utiliza\u00e7\u00e3o ser\u00e1 no m\u00e1ximo de 3 horas. O agendamento \u00e9 ideal para quem quer garantia de utiliza\u00e7\u00e3o com data e hora espec\u00edficos. O agendamento est\u00e1 sujeito \u00e0 disponibilidade de hor\u00e1rio do laborat\u00f3rio, em meio a todas as outras atividades que s\u00e3o realizadas dentro dele, como cursos, visitas, etc.<br \/>\n<span class=\"bold\">IMPORTANTE:<\/span> Caso o usu\u00e1rio se atrase por 45 minutos ou mais em rela\u00e7\u00e3o ao hor\u00e1rio marcado, o agendamento \u00e9 dado como\u00a0<span class=\"bold\">cancelado<\/span>. Vale lembrar que, ao agendar o uso de equipamentos e n\u00e3o comparecer, o usu\u00e1rio prejudica outras pessoas &#8211; que poderiam estar utilizando o equipamento naquela ocasi\u00e3o &#8211; e a pr\u00f3pria equipe t\u00e9cnica, que poderia estar utilizando aquele tempo para se dedicar a outras tarefas do laborat\u00f3rio ou atender outras pessoas.<\/p>\n","protected":false},"excerpt":{"rendered":"<p>COMO UTILIZAR OS EQUIPAMENTOS DOS LABS? Os equipamentos podem ser utilizados durante dias \u00fateis da semana e e sua utiliza\u00e7\u00e3o ser\u00e1 no m\u00e1ximo de 3 horas. O agendamento \u00e9 ideal para quem quer garantia de utiliza\u00e7\u00e3o com data e hora espec\u00edficos. O agendamento est\u00e1 sujeito \u00e0 disponibilidade de hor\u00e1rio do laborat\u00f3rio, em meio a todas&hellip;<\/p>\n","protected":false},"author":638,"featured_media":0,"parent":0,"menu_order":0,"comment_status":"closed","ping_status":"closed","template":"","meta":{"footnotes":""},"class_list":["post-132","page","type-page","status-publish","hentry"],"_links":{"self":[{"href":"https:\/\/wp.ufpel.edu.br\/bioprolab\/wp-json\/wp\/v2\/pages\/132","targetHints":{"allow":["GET"]}}],"collection":[{"href":"https:\/\/wp.ufpel.edu.br\/bioprolab\/wp-json\/wp\/v2\/pages"}],"about":[{"href":"https:\/\/wp.ufpel.edu.br\/bioprolab\/wp-json\/wp\/v2\/types\/page"}],"author":[{"embeddable":true,"href":"https:\/\/wp.ufpel.edu.br\/bioprolab\/wp-json\/wp\/v2\/users\/638"}],"replies":[{"embeddable":true,"href":"https:\/\/wp.ufpel.edu.br\/bioprolab\/wp-json\/wp\/v2\/comments?post=132"}],"version-history":[{"count":2,"href":"https:\/\/wp.ufpel.edu.br\/bioprolab\/wp-json\/wp\/v2\/pages\/132\/revisions"}],"predecessor-version":[{"id":135,"href":"https:\/\/wp.ufpel.edu.br\/bioprolab\/wp-json\/wp\/v2\/pages\/132\/revisions\/135"}],"wp:attachment":[{"href":"https:\/\/wp.ufpel.edu.br\/bioprolab\/wp-json\/wp\/v2\/media?parent=132"}],"curies":[{"name":"wp","href":"https:\/\/api.w.org\/{rel}","templated":true}]}}

Regras de utilização dos equipamentos

<p>COMO UTILIZAR OS EQUIPAMENTOS DOS LABS?</p>
<p>Os equipamentos podem ser utilizados durante dias úteis da semana e e sua utilização será no máximo de 3 horas. O agendamento é ideal para quem quer garantia de utilização com data e hora específicos. O agendamento está sujeito à disponibilidade de horário do laboratório, em meio a todas as outras atividades que são realizadas dentro dele, como cursos, visitas, etc.<br />
<span class="bold">IMPORTANTE:</span> Caso o usuário se atrase por 45 minutos ou mais em relação ao horário marcado, o agendamento é dado como <span class="bold">cancelado</span>. Vale lembrar que, ao agendar o uso de equipamentos e não comparecer, o usuário prejudica outras pessoas &#8211; que poderiam estar utilizando o equipamento naquela ocasião &#8211; e a própria equipe técnica, que poderia estar utilizando aquele tempo para se dedicar a outras tarefas do laboratório ou atender outras pessoas.</p>

<p>COMO UTILIZAR OS EQUIPAMENTOS DOS LABS? Os equipamentos podem ser utilizados durante dias úteis da semana e e sua utilização será no máximo de 3 horas. O agendamento é ideal para quem quer garantia de utilização com data e hora específicos. O agendamento está sujeito à disponibilidade de horário do laboratório, em meio a todas&hellip;</p>
