{"id":792,"date":"2024-11-07T07:30:50","date_gmt":"2024-11-07T10:30:50","guid":{"rendered":"https:\/\/wp.ufpel.edu.br\/bionano\/?page_id=792"},"modified":"2025-09-10T13:17:41","modified_gmt":"2025-09-10T16:17:41","slug":"aline-souza-lutz","status":"publish","type":"page","link":"https:\/\/wp.ufpel.edu.br\/bionano\/grupo-de-pesquisa\/iniciacao-cientifica\/aline-souza-lutz\/","title":{"rendered":"Aline Souza Lutz"},"content":{"rendered":"<p>Aline Souza Lutz \u00e9 estudante do curso de Agronomia na Universidade Federal de Pelotas. O link de acesso ao curr\u00edculo lattes \u00e9 o seguinte:<\/p>\n<p><a href=\"http:\/\/lattes.cnpq.br\/6448988254459387\">Aline Souza Lutz<\/a><\/p>\n<p><img loading=\"lazy\" decoding=\"async\" class=\"alignright size-full wp-image-954\" src=\"https:\/\/wp.ufpel.edu.br\/bionano\/files\/2025\/09\/thumbnail_20210821_112945.jpg\" alt=\"\" width=\"1440\" height=\"1920\" srcset=\"https:\/\/wp.ufpel.edu.br\/bionano\/files\/2025\/09\/thumbnail_20210821_112945.jpg 1440w, https:\/\/wp.ufpel.edu.br\/bionano\/files\/2025\/09\/thumbnail_20210821_112945-300x400.jpg 300w, https:\/\/wp.ufpel.edu.br\/bionano\/files\/2025\/09\/thumbnail_20210821_112945-768x1024.jpg 768w, https:\/\/wp.ufpel.edu.br\/bionano\/files\/2025\/09\/thumbnail_20210821_112945-1152x1536.jpg 1152w, https:\/\/wp.ufpel.edu.br\/bionano\/files\/2025\/09\/thumbnail_20210821_112945-630x840.jpg 630w, https:\/\/wp.ufpel.edu.br\/bionano\/files\/2025\/09\/thumbnail_20210821_112945-960x1280.jpg 960w, https:\/\/wp.ufpel.edu.br\/bionano\/files\/2025\/09\/thumbnail_20210821_112945-225x300.jpg 225w\" sizes=\"auto, (max-width: 1440px) 100vw, 1440px\" \/><\/p>\n<p>&nbsp;<\/p>\n","protected":false},"excerpt":{"rendered":"<p>Aline Souza Lutz \u00e9 estudante do curso de Agronomia na Universidade Federal de Pelotas. O link de acesso ao curr\u00edculo lattes \u00e9 o seguinte: Aline Souza Lutz &nbsp;<\/p>\n","protected":false},"author":1158,"featured_media":0,"parent":57,"menu_order":2,"comment_status":"closed","ping_status":"closed","template":"","meta":{"footnotes":""},"class_list":["post-792","page","type-page","status-publish","hentry"],"publishpress_future_action":{"enabled":false,"date":"2026-04-25 02:06:26","action":"change-status","newStatus":"draft","terms":[],"taxonomy":"","extraData":[]},"publishpress_future_workflow_manual_trigger":{"enabledWorkflows":[]},"_links":{"self":[{"href":"https:\/\/wp.ufpel.edu.br\/bionano\/wp-json\/wp\/v2\/pages\/792","targetHints":{"allow":["GET"]}}],"collection":[{"href":"https:\/\/wp.ufpel.edu.br\/bionano\/wp-json\/wp\/v2\/pages"}],"about":[{"href":"https:\/\/wp.ufpel.edu.br\/bionano\/wp-json\/wp\/v2\/types\/page"}],"author":[{"embeddable":true,"href":"https:\/\/wp.ufpel.edu.br\/bionano\/wp-json\/wp\/v2\/users\/1158"}],"replies":[{"embeddable":true,"href":"https:\/\/wp.ufpel.edu.br\/bionano\/wp-json\/wp\/v2\/comments?post=792"}],"version-history":[{"count":2,"href":"https:\/\/wp.ufpel.edu.br\/bionano\/wp-json\/wp\/v2\/pages\/792\/revisions"}],"predecessor-version":[{"id":955,"href":"https:\/\/wp.ufpel.edu.br\/bionano\/wp-json\/wp\/v2\/pages\/792\/revisions\/955"}],"up":[{"embeddable":true,"href":"https:\/\/wp.ufpel.edu.br\/bionano\/wp-json\/wp\/v2\/pages\/57"}],"wp:attachment":[{"href":"https:\/\/wp.ufpel.edu.br\/bionano\/wp-json\/wp\/v2\/media?parent=792"}],"curies":[{"name":"wp","href":"https:\/\/api.w.org\/{rel}","templated":true}]}}