{"id":15,"date":"2022-11-21T07:38:06","date_gmt":"2022-11-21T10:38:06","guid":{"rendered":"https:\/\/wp.ufpel.edu.br\/biomapampa\/?page_id=15"},"modified":"2022-11-21T08:48:26","modified_gmt":"2022-11-21T11:48:26","slug":"contato","status":"publish","type":"page","link":"https:\/\/wp.ufpel.edu.br\/biomapampa\/contato\/","title":{"rendered":"Contato"},"content":{"rendered":"<p><strong>Coordenador:<\/strong><\/p>\n<p><em><a href=\"mailto:althent@gmail.com\">Althen Teixeira Filho<\/a> \u00a0<\/em><\/p>\n<p><strong>Manuten\u00e7\u00e3o desta p\u00e1gina:<\/strong><\/p>\n<p><a href=\"mailto:gerson.cavalheiro@inf.ufpel.edu.br\"><i>Gerson Geraldo H. Cavalheiro<\/i><\/a><\/p>\n<p>&nbsp;<\/p>\n<p>Queres divulgar seu evento ou atividade? <a href=\"mailto:gerson.cavalheiro@inf.ufpel.edu.br\">Entre em contato conosco, enviando os dados relevantes<\/a>.<\/p>\n<p>&nbsp;<\/p>\n","protected":false},"excerpt":{"rendered":"<p>Coordenador: Althen Teixeira Filho \u00a0 Manuten\u00e7\u00e3o desta p\u00e1gina: Gerson Geraldo H. Cavalheiro &nbsp; Queres divulgar seu evento ou atividade? Entre em contato conosco, enviando os dados relevantes. &nbsp;<\/p>\n","protected":false},"author":476,"featured_media":0,"parent":0,"menu_order":3,"comment_status":"closed","ping_status":"closed","template":"","meta":{"footnotes":""},"class_list":["post-15","page","type-page","status-publish","hentry"],"_links":{"self":[{"href":"https:\/\/wp.ufpel.edu.br\/biomapampa\/wp-json\/wp\/v2\/pages\/15","targetHints":{"allow":["GET"]}}],"collection":[{"href":"https:\/\/wp.ufpel.edu.br\/biomapampa\/wp-json\/wp\/v2\/pages"}],"about":[{"href":"https:\/\/wp.ufpel.edu.br\/biomapampa\/wp-json\/wp\/v2\/types\/page"}],"author":[{"embeddable":true,"href":"https:\/\/wp.ufpel.edu.br\/biomapampa\/wp-json\/wp\/v2\/users\/476"}],"replies":[{"embeddable":true,"href":"https:\/\/wp.ufpel.edu.br\/biomapampa\/wp-json\/wp\/v2\/comments?post=15"}],"version-history":[{"count":1,"href":"https:\/\/wp.ufpel.edu.br\/biomapampa\/wp-json\/wp\/v2\/pages\/15\/revisions"}],"predecessor-version":[{"id":17,"href":"https:\/\/wp.ufpel.edu.br\/biomapampa\/wp-json\/wp\/v2\/pages\/15\/revisions\/17"}],"wp:attachment":[{"href":"https:\/\/wp.ufpel.edu.br\/biomapampa\/wp-json\/wp\/v2\/media?parent=15"}],"curies":[{"name":"wp","href":"https:\/\/api.w.org\/{rel}","templated":true}]}}