{"id":14,"date":"2015-11-10T08:23:31","date_gmt":"2015-11-10T10:23:31","guid":{"rendered":"https:\/\/wp.ufpel.edu.br\/bienalufpel\/?page_id=14"},"modified":"2015-11-12T12:36:40","modified_gmt":"2015-11-12T14:36:40","slug":"programacao","status":"publish","type":"page","link":"https:\/\/wp.ufpel.edu.br\/bienalufpel\/programacao\/","title":{"rendered":"O Que Propomos?"},"content":{"rendered":"<p style=\"text-align: justify\"><strong>&#8211; Fomentar a circula\u00e7\u00e3o e frui\u00e7\u00e3o de express\u00f5es art\u00edsticas que privilegiem a diversidade de linguagens art\u00edsticas e culturais.<\/strong><br \/>\n<strong>&#8211; Realizar eventos acad\u00eamicos que articulam o ensino a pesquisa e a extens\u00e3o, visando \u00e0 qualifica\u00e7\u00e3o da forma\u00e7\u00e3o acad\u00eamica de profissionais da \u00e1rea cultural;<\/strong><br \/>\n<strong>&#8211; Instigar uma forma de gest\u00e3o integrada dos projetos de educa\u00e7\u00e3o em artes mediante a realiza\u00e7\u00e3o de a\u00e7\u00f5es institucionais conjuntas e interdisciplinares, pela implementa\u00e7\u00e3o do Plano de Cultura da UFPEL;<\/strong><br \/>\n<strong>&#8211; Promover a dignifica\u00e7\u00e3o pessoal, a intera\u00e7\u00e3o social e inser\u00e7\u00e3o comunit\u00e1ria atrav\u00e9s da forma\u00e7\u00e3o inclusiva e da a\u00e7\u00e3o extensionista em artes, oportunizando o acesso aos conhecimentos e saberes.<\/strong><\/p>\n<p style=\"text-align: justify\"><a href=\"https:\/\/wp.ufpel.edu.br\/bienalufpel\/files\/2015\/11\/rodap\u00e9.png\"><img loading=\"lazy\" decoding=\"async\" class=\"alignnone wp-image-99 size-full\" src=\"https:\/\/wp.ufpel.edu.br\/bienalufpel\/files\/2015\/11\/rodap\u00e9.png\" alt=\"\" width=\"11546\" height=\"3774\" srcset=\"https:\/\/wp.ufpel.edu.br\/bienalufpel\/files\/2015\/11\/rodap\u00e9.png 11546w, https:\/\/wp.ufpel.edu.br\/bienalufpel\/files\/2015\/11\/rodap\u00e9-212x69.png 212w, https:\/\/wp.ufpel.edu.br\/bienalufpel\/files\/2015\/11\/rodap\u00e9-424x139.png 424w, https:\/\/wp.ufpel.edu.br\/bienalufpel\/files\/2015\/11\/rodap\u00e9-500x163.png 500w\" sizes=\"auto, (max-width: 11546px) 100vw, 11546px\" \/><\/a><\/p>\n","protected":false},"excerpt":{"rendered":"<p>&#8211; Fomentar a circula\u00e7\u00e3o e frui\u00e7\u00e3o de express\u00f5es art\u00edsticas que privilegiem a diversidade de linguagens art\u00edsticas e culturais. &#8211; Realizar eventos acad\u00eamicos que articulam o ensino a pesquisa e a extens\u00e3o, visando \u00e0 qualifica\u00e7\u00e3o da forma\u00e7\u00e3o acad\u00eamica de profissionais da &hellip; <a href=\"https:\/\/wp.ufpel.edu.br\/bienalufpel\/programacao\/\">Continue lendo <span class=\"meta-nav\">&rarr;<\/span><\/a><\/p>\n","protected":false},"author":585,"featured_media":0,"parent":0,"menu_order":0,"comment_status":"closed","ping_status":"closed","template":"","meta":{"footnotes":""},"class_list":["post-14","page","type-page","status-publish","hentry"],"_links":{"self":[{"href":"https:\/\/wp.ufpel.edu.br\/bienalufpel\/wp-json\/wp\/v2\/pages\/14","targetHints":{"allow":["GET"]}}],"collection":[{"href":"https:\/\/wp.ufpel.edu.br\/bienalufpel\/wp-json\/wp\/v2\/pages"}],"about":[{"href":"https:\/\/wp.ufpel.edu.br\/bienalufpel\/wp-json\/wp\/v2\/types\/page"}],"author":[{"embeddable":true,"href":"https:\/\/wp.ufpel.edu.br\/bienalufpel\/wp-json\/wp\/v2\/users\/585"}],"replies":[{"embeddable":true,"href":"https:\/\/wp.ufpel.edu.br\/bienalufpel\/wp-json\/wp\/v2\/comments?post=14"}],"version-history":[{"count":9,"href":"https:\/\/wp.ufpel.edu.br\/bienalufpel\/wp-json\/wp\/v2\/pages\/14\/revisions"}],"predecessor-version":[{"id":21,"href":"https:\/\/wp.ufpel.edu.br\/bienalufpel\/wp-json\/wp\/v2\/pages\/14\/revisions\/21"}],"wp:attachment":[{"href":"https:\/\/wp.ufpel.edu.br\/bienalufpel\/wp-json\/wp\/v2\/media?parent=14"}],"curies":[{"name":"wp","href":"https:\/\/api.w.org\/{rel}","templated":true}]}}