{"id":91,"date":"2013-12-18T19:44:46","date_gmt":"2013-12-18T21:44:46","guid":{"rendered":"https:\/\/wp.ufpel.edu.br\/bibesef\/?page_id=91"},"modified":"2014-01-06T10:13:02","modified_gmt":"2014-01-06T12:13:02","slug":"comite-de-automacao-do-pergamum","status":"publish","type":"page","link":"https:\/\/wp.ufpel.edu.br\/bibesef\/coordenacao-3\/equipe\/comite-de-automacao-do-pergamum\/","title":{"rendered":"Comit\u00ea de Automa\u00e7\u00e3o do Pergamum"},"content":{"rendered":"<p><b>Coordena\u00e7\u00e3o de Bibliotecas-CBib<\/b> A Coordena\u00e7\u00e3o de Bibliotecas (CBib) \u00e9 constitu\u00edda de nove bibliotecas da institui\u00e7\u00e3o, ligada diretamente ao Gabinete do Vice-Reitor. As bibliotecas utilizam o sistema PERGAMUM de gerenciamento do acervo, o qual possibilita que o usu\u00e1rio consulte o cat\u00e1logo online; fa\u00e7a a reserva de materiais; login para renovar materiais; consultar pend\u00eancias; d\u00e9bitos; hist\u00f3rico de empr\u00e9stimo e de pesquisas; salvar pesquisas; exportar refer\u00eancias e enviar pesquisas por e-mail. Daiane de Almeida Schramm &#8211; Bibliotec\u00e1ria &#8211; Documentalista<\/p>\n<div>e-mail: daiane.schramm@gmail.com<\/div>\n<p>Tel.: +55 (53) 3921-1282<\/p>\n<div id=\"aquisicao\"><\/div>\n<p><b>Setor de Aquisi\u00e7\u00e3o<\/b> Leda Cristina Peres Lopes &#8211; Bibliotec\u00e1ria &#8211; Documentalista<\/p>\n<div>e-mail: aquisicaoufpel@gmail.com<\/div>\n<div>e-mail: leda.lopes@ufpel.edu.br<\/div>\n<div>e-mail: proequip.aquisicao@gmail.com<\/div>\n<p>Tel.: +55 (53) 3921-1390<\/p>\n<div id=\"secretaria\"><\/div>\n<p><b>Secretaria<\/b> Marcelo Karam Nogueira Raquel Silveira<\/p>\n<div>e-mail: nucleodebibliotecas@gmail.com<\/div>\n<div id=\"pergamum\"><\/div>\n<p><b>Comit\u00ea de Automa\u00e7\u00e3o do Pergamum<\/b> Portaria 1053 de 16 de julho de 2012 Elionara Giovana Rech &#8211; Bibliotec\u00e1ria &#8211; Documentalista<\/p>\n<div>e-mail: elionara_rech@ufpel.edu.br<\/div>\n<p>Carmen L\u00facia Lobo Giusti &#8211; Bibliotec\u00e1ria &#8211; Documentalista<\/p>\n<div>e-mail: billy@ufpel.edu.br<\/div>\n<p>Ubirajara Buddin Cruz &#8211; Bibliotec\u00e1rio &#8211; Documentalista<\/p>\n<div>e-mail: bira@ufpel.edu.br<\/div>\n<p>Aline Herbstrith Batista &#8211; Bibliotec\u00e1ria &#8211; Documentalista<\/p>\n<div>e-mail: aline.batista@ufpel.edu.br<\/div>\n<div id=\"helpdesk\"><\/div>\n<p><b>Help Desk Portal de Peri\u00f3dicos CAPES<\/b> Of\u00edcio n.197\/2012 &#8211; CGPP\/DPB\/CAPES Brasilia 15 de junho de 2012 Patr\u00edcia de Borba Pereira &#8211; Bibliotec\u00e1ria &#8211; Documentalista<\/p>\n<div>e-mail: ppborba@ufpel.edu.br<\/div>\n<div id=\"guaiaca\"><\/div>\n<p><b>Guaiaca &#8211; Reposit\u00f3rio Institucional<\/b> Portaria n. 1053 de julho de 2012 <a target=\"_blank\">repositorio.ufpel.edu.br<\/a> Aline Batista &#8211; Bibliotec\u00e1ria &#8211; Documentalista<\/p>\n<div>E-mail: aline.batista@ufpel.edu.br<\/div>\n<p>Tel.: +55 (53) 3921-1406 Catarina Quevedo Prestes &#8211; Bibliotec\u00e1ria &#8211; Documentalista<\/p>\n<div>E-mail: catarinaprestes@yahoo.com.br<\/div>\n<p>Tel.: +55 (53) 3222-3933 Fabiano Domingues Malheiro &#8211; Bibliotec\u00e1rio &#8211; Documentalista<\/p>\n<div>E-mail: fabiano.malheiro@ufpel.edu.br<\/div>\n<p>Tel.: +55 (53) 3222-2766<\/p>\n<div id=\"periodicos\"><\/div>\n<p><b>Peri\u00f3dicos Eletr\u00f4nicos UFPel<\/b> <a href=\"http:\/\/periodicos.ufpel.edu.br\/\" target=\"_blank\">periodicos.ufpel.edu.br<\/a> Patr\u00edcia de Borba Pereira &#8211; Bibliotec\u00e1ria &#8211; Documentalista &#8211; Coordenadora Alex Machado Borges &#8211; Bolsista<\/p>\n<div>E-mail seer@ufpel.edu.br<\/div>\n<p>Tel.: +55 (53) 3921-1390<\/p>\n","protected":false},"excerpt":{"rendered":"<p>Coordena\u00e7\u00e3o de Bibliotecas-CBib A Coordena\u00e7\u00e3o de Bibliotecas (CBib) \u00e9 constitu\u00edda de nove bibliotecas da institui\u00e7\u00e3o, ligada diretamente ao Gabinete do Vice-Reitor. As bibliotecas utilizam o sistema PERGAMUM de gerenciamento do acervo, o qual possibilita que o usu\u00e1rio consulte o cat\u00e1logo online; fa\u00e7a a reserva de materiais; login para renovar materiais; consultar pend\u00eancias; d\u00e9bitos; hist\u00f3rico de [&hellip;]<\/p>\n","protected":false},"author":168,"featured_media":0,"parent":81,"menu_order":2,"comment_status":"closed","ping_status":"closed","template":"","meta":{"footnotes":""},"class_list":["post-91","page","type-page","status-publish","hentry"],"_links":{"self":[{"href":"https:\/\/wp.ufpel.edu.br\/bibesef\/wp-json\/wp\/v2\/pages\/91","targetHints":{"allow":["GET"]}}],"collection":[{"href":"https:\/\/wp.ufpel.edu.br\/bibesef\/wp-json\/wp\/v2\/pages"}],"about":[{"href":"https:\/\/wp.ufpel.edu.br\/bibesef\/wp-json\/wp\/v2\/types\/page"}],"author":[{"embeddable":true,"href":"https:\/\/wp.ufpel.edu.br\/bibesef\/wp-json\/wp\/v2\/users\/168"}],"replies":[{"embeddable":true,"href":"https:\/\/wp.ufpel.edu.br\/bibesef\/wp-json\/wp\/v2\/comments?post=91"}],"version-history":[{"count":4,"href":"https:\/\/wp.ufpel.edu.br\/bibesef\/wp-json\/wp\/v2\/pages\/91\/revisions"}],"predecessor-version":[{"id":217,"href":"https:\/\/wp.ufpel.edu.br\/bibesef\/wp-json\/wp\/v2\/pages\/91\/revisions\/217"}],"up":[{"embeddable":true,"href":"https:\/\/wp.ufpel.edu.br\/bibesef\/wp-json\/wp\/v2\/pages\/81"}],"wp:attachment":[{"href":"https:\/\/wp.ufpel.edu.br\/bibesef\/wp-json\/wp\/v2\/media?parent=91"}],"curies":[{"name":"wp","href":"https:\/\/api.w.org\/{rel}","templated":true}]}}