{"id":87,"date":"2013-12-18T19:40:36","date_gmt":"2013-12-18T21:40:36","guid":{"rendered":"https:\/\/wp.ufpel.edu.br\/bibesef\/?page_id=87"},"modified":"2014-01-06T10:24:13","modified_gmt":"2014-01-06T12:24:13","slug":"sobre-as-multas","status":"publish","type":"page","link":"https:\/\/wp.ufpel.edu.br\/bibesef\/coordenacao-3\/sobre-as-multas\/","title":{"rendered":"Sobre as Multas"},"content":{"rendered":"<h1><\/h1>\n<section id=\"main\">\n<div>\n<div align=\"justify\">\n<p>Aten\u00e7\u00e3o alunos, os <span style=\"color: red\">D\u00c9BITOS<\/span> nas bibliotecas dever\u00e3o ser pagos apenas atrav\u00e9s de dep\u00f3sito identificado:<\/p>\n<p><strong>BANCO DO BRASIL<\/strong><\/p>\n<p>Ag\u00eancia: 1607-1<\/p>\n<p>Conta: 170500-8<\/p>\n<p>Identificador 1: 1.540.471.526.428.848-9<\/p>\n<p>Identificador 2: seu CPF<\/p>\n<p>Verifique o total de seus d\u00e9bitos em qualquer biblioteca. Evite transtornos e n\u00e3o atrase o material retirado. <span style=\"color: red\">OBS: N\u00e3o ser\u00e3o aceitos como forma de pagamento: transfer\u00eancias on-lines ou canhoto de dep\u00f3sito por envelope<\/span>.<\/p>\n<\/div>\n<\/div>\n<\/section>\n","protected":false},"excerpt":{"rendered":"<p>Aten\u00e7\u00e3o alunos, os D\u00c9BITOS nas bibliotecas dever\u00e3o ser pagos apenas atrav\u00e9s de dep\u00f3sito identificado: BANCO DO BRASIL Ag\u00eancia: 1607-1 Conta: 170500-8 Identificador 1: 1.540.471.526.428.848-9 Identificador 2: seu CPF Verifique o total de seus d\u00e9bitos em qualquer biblioteca. Evite transtornos e n\u00e3o atrase o material retirado. OBS: N\u00e3o ser\u00e3o aceitos como forma de pagamento: transfer\u00eancias on-lines [&hellip;]<\/p>\n","protected":false},"author":168,"featured_media":0,"parent":76,"menu_order":5,"comment_status":"closed","ping_status":"closed","template":"","meta":{"footnotes":""},"class_list":["post-87","page","type-page","status-publish","hentry"],"_links":{"self":[{"href":"https:\/\/wp.ufpel.edu.br\/bibesef\/wp-json\/wp\/v2\/pages\/87","targetHints":{"allow":["GET"]}}],"collection":[{"href":"https:\/\/wp.ufpel.edu.br\/bibesef\/wp-json\/wp\/v2\/pages"}],"about":[{"href":"https:\/\/wp.ufpel.edu.br\/bibesef\/wp-json\/wp\/v2\/types\/page"}],"author":[{"embeddable":true,"href":"https:\/\/wp.ufpel.edu.br\/bibesef\/wp-json\/wp\/v2\/users\/168"}],"replies":[{"embeddable":true,"href":"https:\/\/wp.ufpel.edu.br\/bibesef\/wp-json\/wp\/v2\/comments?post=87"}],"version-history":[{"count":5,"href":"https:\/\/wp.ufpel.edu.br\/bibesef\/wp-json\/wp\/v2\/pages\/87\/revisions"}],"predecessor-version":[{"id":225,"href":"https:\/\/wp.ufpel.edu.br\/bibesef\/wp-json\/wp\/v2\/pages\/87\/revisions\/225"}],"up":[{"embeddable":true,"href":"https:\/\/wp.ufpel.edu.br\/bibesef\/wp-json\/wp\/v2\/pages\/76"}],"wp:attachment":[{"href":"https:\/\/wp.ufpel.edu.br\/bibesef\/wp-json\/wp\/v2\/media?parent=87"}],"curies":[{"name":"wp","href":"https:\/\/api.w.org\/{rel}","templated":true}]}}